000
CXUS55 KBOI 301002
CF6MYL
PRELIMINARY LOCAL CLIMATOLOGICAL DATA (WS FORM: F-6)

                                          STATION:   MCCALL ID
                                          MONTH:     MARCH
                                          YEAR:      2015
                                          LATITUDE:   44 52 N
                                          LONGITUDE: 116  6 W

  TEMPERATURE IN F:       :PCPN:    SNOW:  WIND      :SUNSHINE: SKY     :PK WND
================================================================================
1   2   3   4   5  6A  6B    7    8   9   10  11  12  13   14  15   16   17  18
                                     12Z  AVG MX 2MIN
DY MAX MIN AVG DEP HDD CDD  WTR  SNW DPTH SPD SPD DIR MIN PSBL S-S WX    SPD DR
================================================================================

 1  40  13  27   2  38   0 0.00    M    M  3.4 13 360   M    M   0 8      18  20
 2  40  15  28   3  37   0 0.01    M    M  4.0 14  10   M    M   4 1      17  10
 3  32  17  25  -1  40   0    T    M    M  7.2 16 360   M    M   4 1      22 320
 4  39   9  24  -2  41   0 0.00    M    M  3.5 12 250   M    M   0        17 290
 5  48  14  31   5  34   0 0.00    M    M  2.1  9 290   M    M   0        14 260
 6  57  19  38  12  27   0 0.00    M    M  2.2  9 280   M    M   0        13 260
 7  55  23  39  12  26   0 0.00    M    M  2.7 12 270   M    M   0        14 260
 8  55  22  39  12  26   0 0.00    M    M  4.5 14 300   M    M   0        18 310
 9  57  21  39  12  26   0 0.00    M    M  1.8 10 310   M    M   0        13 310
10  60  23  42  14  23   0 0.00    M    M  2.3 15 160   M    M   0        20 160
11  48  32  40  12  25   0 0.04    M    M  2.9 13 250   M    M   7 1      17 230
12  55  32  44  16  21   0    T    M    M  2.2 10 360   M    M   6 1      12 320
13  60  23  42  14  23   0 0.00    M    M  3.8 14 170   M    M   0 18     19 130
14  53  33  43  14  22   0 0.30    M    M  7.2 25 190   M    M   7 1      34 200
15  58  41  50  21  15   0 0.23    M    M  7.1 28 210   M    M   9 1      36 180
16  51  35  43  14  22   0 0.16    M    M  4.0 15 170   M    M   5 1      18 180
17  45  36  41  12  24   0 0.21    M    M  2.5 14  10   M    M  10 1      18  10
18  50  28  39   9  26   0 0.00    M    M  4.0 13 270   M    M   5 1      16 270
19  54  23  39   9  26   0 0.00    M    M  2.3 10 170   M    M   0        15 190
20  58  26  42  12  23   0 0.00    M    M  2.7 15 180   M    M   1        19 190
21  54  30  42  12  23   0 0.01    M    M  7.3 22 180   M    M   5        27 190
22  55  23  39   8  26   0 0.08    M    M  5.3 24 180   M    M   5 1      31 170
23  40  27  34   3  31   0 0.49    M    M  6.6 24 180   M    M   8 1      28 170
24  40  25  33   2  32   0 0.12    M    M  7.3 20 250   M    M   7 1      28 260
25  39  21  30  -1  35   0 0.02    M    M  1.8  7 340   M    M   7 12      9 160
26  59  29  44  12  21   0 0.00    M    M  1.5  9 320   M    M   4 12     12  10
27  66  29  48  16  17   0    T    M    M  3.6 17 170   M    M   1        21 170
28  52  29  41   9  24   0 0.11    M    M  7.9 26 260   M    M   3        38 250
29  57  26  42  10  23   0 0.00    M    M  2.9 13 280   M    M   0        18 280
================================================================================
SM 1477  724       777   0  1.78    M    116.6          M       98
================================================================================
AV 50.9 25.0                               4.0 FASTST   M    M   3    MAX(MPH)
                                 MISC ---->  # 28 210               # 38  250
================================================================================
NOTES:
# LAST OF SEVERAL OCCURRENCES

COLUMN 17 PEAK WIND IN M.P.H.

PRELIMINARY LOCAL CLIMATOLOGICAL DATA (WS FORM: F-6) , PAGE 2

                                          STATION:  MCCALL ID
                                          MONTH:    MARCH
                                          YEAR:     2015
                                          LATITUDE:   44 52 N
                                          LONGITUDE: 116  6 W

[TEMPERATURE DATA]      [PRECIPITATION DATA]       SYMBOLS USED IN COLUMN 16

AVERAGE MONTHLY: 37.9   TOTAL FOR MONTH:   1.78    1 = FOG OR MIST
DPTR FM NORMAL:   9.2   DPTR FM NORMAL:   -0.25    2 = FOG REDUCING VISIBILITY
HIGHEST:    66 ON 27    GRTST 24HR  0.49 ON 23-23      TO 1/4 MILE OR LESS
LOWEST:      9 ON  4                               3 = THUNDER
                        SNOW, ICE PELLETS, HAIL    4 = ICE PELLETS
                        TOTAL MONTH:    M          5 = HAIL
                        GRTST 24HR    M  ON   M    6 = FREEZING RAIN OR DRIZZLE
                        GRTST DEPTH:  M  ON   M    7 = DUSTSTORM OR SANDSTORM:
                                                       VSBY 1/2 MILE OR LESS
                                                   8 = SMOKE OR HAZE
[NO. OF DAYS WITH]      [WEATHER - DAYS WITH]      9 = BLOWING SNOW
                                                   X = TORNADO
MAX 32 OR BELOW:   1    0.01 INCH OR MORE:  12
MAX 90 OR ABOVE:   0    0.10 INCH OR MORE:   7
MIN 32 OR BELOW:  25    0.50 INCH OR MORE:   0
MIN  0 OR BELOW:   0    1.00 INCH OR MORE:   0

[HDD (BASE 65) ]
TOTAL THIS MO.   777    CLEAR  (SCALE 0-3)  13
DPTR FM NORMAL  -273    PTCLDY (SCALE 4-7)  14
TOTAL FM JUL 1  6148    CLOUDY (SCALE 8-10)  2
DPTR FM NORMAL -1577

[CDD (BASE 65) ]
TOTAL THIS MO.     0
DPTR FM NORMAL     0    [PRESSURE DATA]
TOTAL FM JAN 1     0    HIGHEST SLP M ON M
DPTR FM NORMAL     0    LOWEST  SLP 29.74 ON  2

[REMARKS]
