000
CXUS55 KBOI 281002
CF6MYL
PRELIMINARY LOCAL CLIMATOLOGICAL DATA (WS FORM: F-6)

                                          STATION:   MCCALL ID
                                          MONTH:     JULY
                                          YEAR:      2016
                                          LATITUDE:   44 52 N
                                          LONGITUDE: 116  6 W

  TEMPERATURE IN F:       :PCPN:    SNOW:  WIND      :SUNSHINE: SKY     :PK WND
================================================================================
1   2   3   4   5  6A  6B    7    8   9   10  11  12  13   14  15   16   17  18
                                     12Z  AVG MX 2MIN
DY MAX MIN AVG DEP HDD CDD  WTR  SNW DPTH SPD SPD DIR MIN PSBL S-S WX    SPD DR
================================================================================

 1  85  51  68  11   0   3 0.00    M    M  3.0 14 230   M    M   0        19 230
 2  81  49  65   7   0   0 0.00    M    M  3.9 16 260   M    M   1        22 300
 3  82  49  66   8   0   1 0.00    M    M  5.9 18 230   M    M   0        25 230
 4  74  43  59   1   6   0 0.00    M    M  6.0 20 280   M    M   0        26 270
 5  72  40  56  -2   9   0 0.00    M    M  5.3 16 160   M    M   1        26 140
 6  69  42  56  -3   9   0 0.00    M    M  5.5 15 280   M    M   2        21 270
 7  76  38  57  -2   8   0 0.00    M    M  3.8 20 180   M    M   1        23 170
 8  76  49  63   4   2   0    T    M    M  5.9 23 180   M    M   4        27 180
 9  66  52  59  -1   6   0 0.04    M    M  6.0 16 130   M    M   7 13     21 130
10  56  42  49 -11  16   0 1.32    M    M  4.6 23 230   M    M   8 13     30 280
11  61  43  52  -8  13   0 0.03    M    M  2.6  8  20   M    M   7        12 180
12  68  39  54  -6  11   0 0.01    M    M  3.4 21 260   M    M   3 3      28 270
13  73  38  56  -5   9   0 0.00    M    M  2.9 12 250   M    M   0        16 250
14  79  41  60  -1   5   0 0.00    M    M  2.8 12 240   M    M   0        14 200
15  79  46  63   2   2   0 0.00    M    M  5.4 20 250   M    M   1        27 250
16  73  44  59  -2   6   0 0.00    M    M  5.0 14 340   M    M   0        19 270
17  80  44  62   1   3   0 0.00    M    M  4.6 15 180   M    M   0        20 170
18  81  49  65   3   0   0 0.00    M    M  6.4 22 210   M    M   0        29 180
19  80  46  63   1   2   0 0.00    M    M  6.3 22 180   M    M   0        29 170
20  81  50  66   4   0   1 0.00    M    M  6.8 18 180   M    M   1        23 170
21  88  47  68   6   0   3 0.00    M    M  4.6 21 190   M    M   0        27 160
22  78  46  62   0   3   0 0.00    M    M  6.6 21 170   M    M   1        25 160
23  76  48  62   0   3   0 0.00    M    M  6.0 13 310   M    M   0        18 260
24  83  45  64   2   1   0 0.00    M    M  3.4 12 120   M    M   0        20  90
25  87  47  67   5   0   2 0.00    M    M  3.2 13 170   M    M   1        16 170
26  88  54  71   9   0   6 0.00    M    M  5.1 18 170   M    M   0        23 170
27  88  50  69   7   0   4 0.00    M    M  4.1 15 250   M    M   1        21 200
================================================================================
SM 2080 1232       114  20  1.40    M    129.1          M       39
================================================================================
AV 77.0 45.6                               4.8 FASTST   M    M   1    MAX(MPH)
                                 MISC ---->  # 23 180               # 30  280
================================================================================
NOTES:
# LAST OF SEVERAL OCCURRENCES

COLUMN 17 PEAK WIND IN M.P.H.

PRELIMINARY LOCAL CLIMATOLOGICAL DATA (WS FORM: F-6) , PAGE 2

                                          STATION:  MCCALL ID
                                          MONTH:    JULY
                                          YEAR:     2016
                                          LATITUDE:   44 52 N
                                          LONGITUDE: 116  6 W

[TEMPERATURE DATA]      [PRECIPITATION DATA]       SYMBOLS USED IN COLUMN 16

AVERAGE MONTHLY: 61.3   TOTAL FOR MONTH:   1.40    1 = FOG OR MIST
DPTR FM NORMAL:   0.9   DPTR FM NORMAL:    0.75    2 = FOG REDUCING VISIBILITY
HIGHEST:    88 ON 27,26 GRTST 24HR  1.32 ON 10-10      TO 1/4 MILE OR LESS
LOWEST:     38 ON 13, 7                            3 = THUNDER
                        SNOW, ICE PELLETS, HAIL    4 = ICE PELLETS
                        TOTAL MONTH:    M          5 = HAIL
                        GRTST 24HR    M  ON   M    6 = FREEZING RAIN OR DRIZZLE
                        GRTST DEPTH:  M  ON   M    7 = DUSTSTORM OR SANDSTORM:
                                                       VSBY 1/2 MILE OR LESS
                                                   8 = SMOKE OR HAZE
[NO. OF DAYS WITH]      [WEATHER - DAYS WITH]      9 = BLOWING SNOW
                                                   X = TORNADO
MAX 32 OR BELOW:   0    0.01 INCH OR MORE:   4
MAX 90 OR ABOVE:   0    0.10 INCH OR MORE:   1
MIN 32 OR BELOW:   0    0.50 INCH OR MORE:   1
MIN  0 OR BELOW:   0    1.00 INCH OR MORE:   1

[HDD (BASE 65) ]
TOTAL THIS MO.   114    CLEAR  (SCALE 0-3)  22
DPTR FM NORMAL   -24    PTCLDY (SCALE 4-7)   5
TOTAL FM JUL 1   114    CLOUDY (SCALE 8-10)  0
DPTR FM NORMAL   -24

[CDD (BASE 65) ]
TOTAL THIS MO.    20
DPTR FM NORMAL     8    [PRESSURE DATA]
TOTAL FM JAN 1    55    HIGHEST SLP M ON M
DPTR FM NORMAL    42    LOWEST  SLP 29.66 ON 17

[REMARKS]
