000
CXUS53 KBIS 220741
CF6N60
PRELIMINARY LOCAL CLIMATOLOGICAL DATA (WS FORM: F-6)

                                          STATION:   GARRISON (AMOS) ND
                                          MONTH:     JULY
                                          YEAR:      2017
                                          LATITUDE:   47 39 N
                                          LONGITUDE: 101 23 W

  TEMPERATURE IN F:       :PCPN:    SNOW:  WIND      :SUNSHINE: SKY     :PK WND
================================================================================
1   2   3   4   5  6A  6B    7    8   9   10  11  12  13   14  15   16   17  18
                                     12Z  AVG MX 2MIN
DY MAX MIN AVG DEP HDD CDD  WTR  SNW DPTH SPD SPD DIR MIN PSBL S-S WX    SPD DR
================================================================================

 1  80  57  69   M   0   4 0.01    M    M  6.3 15  30   M    M   0        22  30
 2  80  47  64   M   1   0 0.00    M    M  8.3 17 140   M    M   0        22 130
 3  92  59  76   M   0  11 0.01    M    M 12.6 31 180   M    M   0        40 190
 4  97  62  80   M   0  15 0.01    M    M  8.1 20 220   M    M   0        27 230
 5  96  64  80   M   0  15 0.00    M    M  9.1 15 100   M    M   0        20 180
 6  84  58  71   M   0   6 0.00    M    M  9.7 21 340   M    M   0        32 340
 7  86  52  69   M   0   4 0.00    M    M  4.6 12 150   M    M   0        16 190
 8  92  53  73   M   0   8 0.01    M    M  6.3 26  20   M    M   0        46  30
 9  86  63  75   M   0  10 0.00    M    M 10.0 20 140   M    M   0        26  30
10  90  54  72   M   0   7 0.00    M    M 10.1 25 220   M    M   0        32 200
11  91  65  78   M   0  13 0.00    M    M 12.8 29 310   M    M   0        41 320
12  72  53  63   M   2   0 0.00    M    M  9.9 17  30   M    M   0        23 350
13  78  50  64   M   1   0 0.00    M    M  8.2 15 100   M    M   0        19  90
14 101  59  80   M   0  15 0.05    M    M 11.4 26 320   M    M   0        39 320
15  83  54  69   M   0   4 0.00    M    M  7.9 14 110   M    M   0        17  40
16  97  59  78   M   0  13 0.05    M    M 14.8 44 330   M    M   0        58 320
17  83  57  70   M   0   5 0.01    M    M  9.2 21 160   M    M   M        27 330
18  84  50  67   M   0   2 0.00    M    M  6.9 16  80   M    M   M        20  70
19  89  63  76   M   0  11 0.03    M    M 12.2 32 170   M    M   M        39 170
20  96  60  78   M   0  13 0.01    M    M  9.8 23 160   M    M   0        32 120
21  88  60  74   M   0   9 0.02    M    M  7.5 16 200   M    M   0        23 200
================================================================================
SM 1845 1199         4 165  0.21    M    195.7          M        0
================================================================================
AV 87.9 57.1                               9.3 FASTST   M    M   0    MAX(MPH)
                                 MISC ---->  # 44 330               # 58  320
================================================================================
NOTES:
# LAST OF SEVERAL OCCURRENCES

COLUMN 17 PEAK WIND IN M.P.H.

PRELIMINARY LOCAL CLIMATOLOGICAL DATA (WS FORM: F-6) , PAGE 2

                                          STATION:  GARRISON (AMOS) ND
                                          MONTH:    JULY
                                          YEAR:     2017
                                          LATITUDE:   47 39 N
                                          LONGITUDE: 101 23 W

[TEMPERATURE DATA]      [PRECIPITATION DATA]       SYMBOLS USED IN COLUMN 16

AVERAGE MONTHLY: 72.5   TOTAL FOR MONTH:   0.21    1 = FOG OR MIST
DPTR FM NORMAL:     M   DPTR FM NORMAL:       M    2 = FOG REDUCING VISIBILITY
HIGHEST:   101 ON 14    GRTST 24HR  0.05 ON 16-16      TO 1/4 MILE OR LESS
LOWEST:     47 ON  2                               3 = THUNDER
                        SNOW, ICE PELLETS, HAIL    4 = ICE PELLETS
                        TOTAL MONTH:    M          5 = HAIL
                        GRTST 24HR    M  ON   M    6 = FREEZING RAIN OR DRIZZLE
                        GRTST DEPTH:  M  ON   M    7 = DUSTSTORM OR SANDSTORM:
                                                       VSBY 1/2 MILE OR LESS
                                                   8 = SMOKE OR HAZE
[NO. OF DAYS WITH]      [WEATHER - DAYS WITH]      9 = BLOWING SNOW
                                                   X = TORNADO
MAX 32 OR BELOW:   0    0.01 INCH OR MORE:  10
MAX 90 OR ABOVE:   9    0.10 INCH OR MORE:   0
MIN 32 OR BELOW:   0    0.50 INCH OR MORE:   0
MIN  0 OR BELOW:   0    1.00 INCH OR MORE:   0

[HDD (BASE 65) ]
TOTAL THIS MO.     4    CLEAR  (SCALE 0-3)  18
DPTR FM NORMAL     M    PTCLDY (SCALE 4-7)   0
TOTAL FM JUL 1     4    CLOUDY (SCALE 8-10)  0
DPTR FM NORMAL     M

[CDD (BASE 65) ]
TOTAL THIS MO.   165
DPTR FM NORMAL     M    [PRESSURE DATA]
TOTAL FM JAN 1   221    HIGHEST SLP  0.00 ON 20
DPTR FM NORMAL     M    LOWEST  SLP 29.64 ON 11

[REMARKS]
