000
CXUS56 KMTR 291000
CF6OAK
PRELIMINARY LOCAL CLIMATOLOGICAL DATA (WS FORM: F-6)

                                          STATION:   OAKLAND AIRPORT
                                          MONTH:     MARCH
                                          YEAR:      2015
                                          LATITUDE:   37 43 N
                                          LONGITUDE: 122 13 W

  TEMPERATURE IN F:       :PCPN:    SNOW:  WIND      :SUNSHINE: SKY     :PK WND
================================================================================
1   2   3   4   5  6A  6B    7    8   9   10  11  12  13   14  15   16   17  18
                                     12Z  AVG MX 2MIN
DY MAX MIN AVG DEP HDD CDD  WTR  SNW DPTH SPD SPD DIR MIN PSBL S-S WX    SPD DR
================================================================================

 1  63  44  54   1  11   0 0.00  0.0    0  6.6 17 290   M    M   2        21 290
 2  59  45  52  -1  13   0    T  0.0    0  5.3 15 170   M    M   6        23 190
 3  64  42  53   0  12   0 0.00  0.0    0  4.8 16 280   M    M   2        18 280
 4  67  41  54   1  11   0 0.00  0.0    0  3.5  7 310   M    M   1         M  M
 5  70  42  56   2   9   0 0.00  0.0    0  4.2 13 300   M    M   0         M  M
 6  71  42  57   3   8   0 0.00  0.0    0  4.3 10 300   M    M   1         M  M
 7  71  45  58   4   7   0 0.00  0.0    0  5.5 13 290   M    M   1        30 330
 8  65  44  55   1  10   0 0.00  0.0    0  6.7 18 290   M    M   4 18     21 280
 9  65  48  57   3   8   0 0.00  0.0    0  6.0 15 300   M    M   7 18     17 300
10  63  48  56   2   9   0 0.00  0.0    0  5.4 25 290   M    M  10 18     29 290
11  65  51  58   4   7   0 0.02  0.0    0  5.4 15 290   M    M   7        17 280
12  73  46  60   6   5   0 0.00  0.0    0  4.9 14 280   M    M   4        15 260
13  74  48  61   7   4   0 0.00  0.0    0  3.8 15 290   M    M   6 18     20 300
14  80  52  66  12   0   1 0.00  0.0    0  4.7 13 310   M    M   7        15 310
15  69  54  62   8   3   0 0.00  0.0    0  5.3 20 270   M    M   8        23 250
16  68  53  61   7   4   0 0.00  0.0    0  4.7 13 290   M    M   9        14 300
17  66  51  59   5   6   0 0.00  0.0    0  9.2 23 280   M    M   6        29 260
18  68  48  58   4   7   0 0.00  0.0    0  6.3 17 270   M    M   1        21 270
19  73  47  60   6   5   0 0.00  0.0    0  6.1 18 290   M    M   3        21 290
20  66  48  57   2   8   0 0.00  0.0    0  6.3 18 280   M    M   6        22 280
21  71  54  63   8   2   0 0.00  0.0    0  6.2 18 280   M    M   9        20 280
22  66  54  60   5   5   0 0.02  0.0    0  9.0 18 290   M    M   8 1      29 310
23  64  53  59   4   6   0 0.05  0.0    0 10.3 21 290   M    M   7 1      29 280
24  65  53  59   4   6   0    T  0.0    0  7.3 21 280   M    M   7        23 270
25  72  48  60   5   5   0 0.00  0.0    0  5.6 16 260   M    M   2        22 260
26  80  50  65  10   0   0 0.00  0.0    0  5.1 14 300   M    M   1        15 300
27  64  52  58   3   7   0 0.00  0.0    0  9.0 21 270   M    M   3 1      23 270
28  74  48  61   6   4   0 0.00  0.0    0  5.8 24 280   M    M   3        26 280
================================================================================
SM 1916 1351       182   1  0.09     0.0 167.3          M      131
================================================================================
AV 68.4 48.2                               6.0 FASTST   M    M   5    MAX(MPH)
                                 MISC ---->  # 25 290               # 30  330
================================================================================
NOTES:
# LAST OF SEVERAL OCCURRENCES

COLUMN 17 PEAK WIND IN M.P.H.

PRELIMINARY LOCAL CLIMATOLOGICAL DATA (WS FORM: F-6) , PAGE 2

                                          STATION:  OAKLAND AIRPORT
                                          MONTH:    MARCH
                                          YEAR:     2015
                                          LATITUDE:   37 43 N
                                          LONGITUDE: 122 13 W

[TEMPERATURE DATA]      [PRECIPITATION DATA]       SYMBOLS USED IN COLUMN 16

AVERAGE MONTHLY: 58.3   TOTAL FOR MONTH:   0.09    1 = FOG OR MIST
DPTR FM NORMAL:   4.2   DPTR FM NORMAL:   -2.75    2 = FOG REDUCING VISIBILITY
HIGHEST:    80 ON 26,14 GRTST 24HR  0.05 ON 23-23      TO 1/4 MILE OR LESS
LOWEST:     41 ON  4                               3 = THUNDER
                        SNOW, ICE PELLETS, HAIL    4 = ICE PELLETS
                        TOTAL MONTH:   0.0 INCH    5 = HAIL
                        GRTST 24HR     0.0         6 = FREEZING RAIN OR DRIZZLE
                        GRTST DEPTH:   0           7 = DUSTSTORM OR SANDSTORM:
                                                       VSBY 1/2 MILE OR LESS
                                                   8 = SMOKE OR HAZE
[NO. OF DAYS WITH]      [WEATHER - DAYS WITH]      9 = BLOWING SNOW
                                                   X = TORNADO
MAX 32 OR BELOW:   0    0.01 INCH OR MORE:   3
MAX 90 OR ABOVE:   0    0.10 INCH OR MORE:   0
MIN 32 OR BELOW:   0    0.50 INCH OR MORE:   0
MIN  0 OR BELOW:   0    1.00 INCH OR MORE:   0

[HDD (BASE 65) ]
TOTAL THIS MO.   182    CLEAR  (SCALE 0-3)  10
DPTR FM NORMAL  -122    PTCLDY (SCALE 4-7)  15
TOTAL FM JUL 1  1491    CLOUDY (SCALE 8-10)  3
DPTR FM NORMAL  -835

[CDD (BASE 65) ]
TOTAL THIS MO.     1
DPTR FM NORMAL     1    [PRESSURE DATA]
TOTAL FM JAN 1     1    HIGHEST SLP M ON M
DPTR FM NORMAL     1    LOWEST  SLP 29.80 ON  2

[REMARKS]
