742
CXUS56 KMTR 271000
CF6OAK
PRELIMINARY LOCAL CLIMATOLOGICAL DATA (WS FORM: F-6)

                                          STATION:   OAKLAND AIRPORT
                                          MONTH:     MAY
                                          YEAR:      2017
                                          LATITUDE:   37 43 N
                                          LONGITUDE: 122 13 W

  TEMPERATURE IN F:       :PCPN:    SNOW:  WIND      :SUNSHINE: SKY     :PK WND
================================================================================
1   2   3   4   5  6A  6B    7    8   9   10  11  12  13   14  15   16   17  18
                                     12Z  AVG MX 2MIN
DY MAX MIN AVG DEP HDD CDD  WTR  SNW DPTH SPD SPD DIR MIN PSBL S-S WX    SPD DR
================================================================================

 1  87  54  71  12   0   6 0.00  0.0    0  7.1 20 270   M    M   1        23 260
 2  85  57  71  12   0   6 0.00  0.0    0  7.0 18 280   M    M   2        21 280
 3  90  58  74  15   0   9 0.00  0.0    0  6.6 15 300   M    M   1        18 300
 4  68  56  62   3   3   0 0.00  0.0    0 12.5 24 290   M    M   5        28 290
 5  69  54  62   3   3   0 0.00  0.0    0 16.5 29 280   M    M   7        35 260
 6  66  52  59   0   6   0 0.00  0.0    0 11.0 22 290   M    M   6        26 290
 7  73  54  64   5   1   0 0.00  0.0    0  9.2 21 260   M    M   3 8      24 250
 8  73  51  62   3   3   0 0.00  0.0    0  7.1 18 290   M    M   2 18     22 290
 9  77  52  65   6   0   0 0.00  0.0    0  7.6 22 290   M    M   2 18     25 290
10  66  54  60   1   5   0 0.00  0.0    0 14.2 20 290   M    M   6        25 270
11  68  54  61   2   4   0 0.00  0.0    0 12.4 20 270   M    M   7        26 260
12  67  54  61   2   4   0 0.00  0.0    0 18.3 31 280   M    M   2        37 280
13  67  51  59   0   6   0 0.00  0.0    0 13.1 25 280   M    M   2        28 280
14  65  47  56  -3   9   0 0.00  0.0    0  8.4 18 260   M    M   3        22 270
15  66  53  60   1   5   0 0.00  0.0    0 12.4 24 260   M    M   4        27 260
16  65  53  59   0   6   0    T  0.0    0 17.8 26 270   M    M   9 1      31 270
17  69  52  61   2   4   0 0.00  0.0    0 11.0 25 280   M    M   2        27 270
18  76  50  63   4   2   0 0.00  0.0    0  6.7 23 280   M    M   2        28 280
19  83  53  68   8   0   3 0.00  0.0    0  6.3 16 290   M    M   0        19 290
20  85  56  71  11   0   6 0.00  0.0    0  6.9 17 310   M    M   1        21 310
21  82  56  69   9   0   4 0.00  0.0    0  9.4 20 290   M    M   2        22 290
22  73  54  64   4   1   0 0.00  0.0    0  9.2 17 300   M    M   3 18     21 290
23  70  55  63   3   2   0 0.00  0.0    0 10.9 22 290   M    M   4        26 290
24  68  55  62   2   3   0 0.00  0.0    0 10.7 21 220   M    M   8        25 220
25  66  57  62   2   3   0 0.00  0.0    0 17.7 28 220   M    M   6        33 220
26  66  56  61   1   4   0 0.00  0.0    0 12.4 20 230   M    M   8        25 220
================================================================================
SM 1890 1398        74  34    T      0.0 282.4          M       98
================================================================================
AV 72.7 53.8                              10.9 FASTST   M    M   4    MAX(MPH)
                                 MISC ---->  # 31 280               # 37  280
================================================================================
NOTES:
# LAST OF SEVERAL OCCURRENCES

COLUMN 17 PEAK WIND IN M.P.H.

PRELIMINARY LOCAL CLIMATOLOGICAL DATA (WS FORM: F-6) , PAGE 2

                                          STATION:  OAKLAND AIRPORT
                                          MONTH:    MAY
                                          YEAR:     2017
                                          LATITUDE:   37 43 N
                                          LONGITUDE: 122 13 W

[TEMPERATURE DATA]      [PRECIPITATION DATA]       SYMBOLS USED IN COLUMN 16

AVERAGE MONTHLY: 63.2   TOTAL FOR MONTH:      T    1 = FOG OR MIST
DPTR FM NORMAL:   3.9   DPTR FM NORMAL:   -0.61    2 = FOG REDUCING VISIBILITY
HIGHEST:    90 ON  3    GRTST 24HR    T  ON 16-16      TO 1/4 MILE OR LESS
LOWEST:     47 ON 14                               3 = THUNDER
                        SNOW, ICE PELLETS, HAIL    4 = ICE PELLETS
                        TOTAL MONTH:   0.0 INCH    5 = HAIL
                        GRTST 24HR     0.0         6 = FREEZING RAIN OR DRIZZLE
                        GRTST DEPTH:   0           7 = DUSTSTORM OR SANDSTORM:
                                                       VSBY 1/2 MILE OR LESS
                                                   8 = SMOKE OR HAZE
[NO. OF DAYS WITH]      [WEATHER - DAYS WITH]      9 = BLOWING SNOW
                                                   X = TORNADO
MAX 32 OR BELOW:   0    0.01 INCH OR MORE:   0
MAX 90 OR ABOVE:   1    0.10 INCH OR MORE:   0
MIN 32 OR BELOW:   0    0.50 INCH OR MORE:   0
MIN  0 OR BELOW:   0    1.00 INCH OR MORE:   0

[HDD (BASE 65) ]
TOTAL THIS MO.    74    CLEAR  (SCALE 0-3)  12
DPTR FM NORMAL   -83    PTCLDY (SCALE 4-7)  13
TOTAL FM JUL 1  1968    CLOUDY (SCALE 8-10)  1
DPTR FM NORMAL  -775

[CDD (BASE 65) ]
TOTAL THIS MO.    34
DPTR FM NORMAL    34    [PRESSURE DATA]
TOTAL FM JAN 1    36    HIGHEST SLP M ON M
DPTR FM NORMAL    30    LOWEST  SLP 29.71 ON  7

[REMARKS]
