000
CXUS53 KOAX 281000
CF6OFK
PRELIMINARY LOCAL CLIMATOLOGICAL DATA (WS FORM: F-6)

                                          STATION:   NORFOLK, NEBRASKA
                                          MONTH:     AUGUST
                                          YEAR:      2015
                                          LATITUDE:   41 58 N
                                          LONGITUDE:  97 26 W

  TEMPERATURE IN F:       :PCPN:    SNOW:  WIND      :SUNSHINE: SKY     :PK WND
================================================================================
1   2   3   4   5  6A  6B    7    8   9   10  11  12  13   14  15   16   17  18
                                     12Z  AVG MX 2MIN
DY MAX MIN AVG DEP HDD CDD  WTR  SNW DPTH SPD SPD DIR MIN PSBL S-S WX    SPD DR
================================================================================

 1  89  59  74  -1   0   9 0.01  0.0    0  7.5 33 210   M    M   2        40 220
 2  93  63  78   3   0  13 0.00  0.0    0  6.2 16  10   M    M   1 3      24 360
 3  82  61  72  -2   0   7 0.01  0.0    0  4.4 12 120   M    M   2 8      14 100
 4  78  65  72  -2   0   7 0.30  0.0    0  7.2 20 150   M    M   4 13     26 150
 5  80  67  74   0   0   9 0.00  0.0    0  6.3 13 130   M    M   7 1      16 120
 6  83  68  76   2   0  11 0.10  0.0    0 10.2 23 170   M    M   1 1      30 170
 7  90  60  75   1   0  10    T  0.0    0  4.5 12 170   M    M   2 12     15 160
 8  80  67  74   0   0   9 0.20  0.0    0  6.1 21 150   M    M   3        27 140
 9  89  66  78   4   0  13 0.01  0.0    0  4.6 18 210   M    M   6 123    24 220
10  83  59  71  -3   0   6 0.00  0.0    0  8.5 18  10   M    M   1        22 360
11  85  57  71  -3   0   6 0.00  0.0    0  3.3  9 190   M    M   2        12 190
12  85  59  72  -2   0   7 0.00  0.0    0  9.1 20 190   M    M   1 1      23 190
13  88  65  77   3   0  12    T  0.0    0 11.4 21 210   M    M   0        27 210
14  88  63  76   3   0  11 0.00  0.0    0  7.6 16 160   M    M   0        20 170
15  89  68  79   6   0  14 0.00  0.0    0 14.4 23 170   M    M   0        30 170
16  83  71  77   4   0  12 0.28  0.0    0  9.4 22 200   M    M   3 13     31 200
17  71  62  67  -6   0   2 0.46  0.0    0  7.1 16 360   M    M  10 13     20  10
18  70  53  62 -11   3   0 0.42  0.0    0 13.8 28 310   M    M   9 123    38 270
19  73  51  62 -11   3   0    T  0.0    0 14.5 29 320   M    M   5        37 320
20  82  48  65  -7   0   0 0.00  0.0    0  8.8 23 190   M    M   2        31 190
21  83  63  73   1   0   8 0.00  0.0    0 16.8 25 190   M    M   1        33 160
22  83  55  69  -3   0   4    T  0.0    0 16.8 25 190   M    M   4 8      35 190
23  72  49  61 -11   4   0 0.00  0.0    0 11.9 22 280   M    M   0        30 270
24  78  40  59 -13   6   0 0.00  0.0    0  3.1 12 330   M    M   0 8      16 330
25  78  44  61 -11   4   0 0.00  0.0    0  3.7 10 140   M    M   0        16  80
26  83  54  69  -2   0   4 0.00  0.0    0  9.9 17 130   M    M   0        22 120
27  82  66  74   3   0   9 0.90  0.0    0 13.3 30 110   M    M   3 13     37 130
================================================================================
SM 2220 1603        20 183  2.69     0.0 240.4          M       69
================================================================================
AV 82.2 59.4                               8.9 FASTST   M    M   3    MAX(MPH)
                                 MISC ---->  # 33 210               # 40  220
================================================================================
NOTES:
# LAST OF SEVERAL OCCURRENCES

COLUMN 17 PEAK WIND IN M.P.H.

PRELIMINARY LOCAL CLIMATOLOGICAL DATA (WS FORM: F-6) , PAGE 2

                                          STATION:  NORFOLK, NEBRASKA
                                          MONTH:    AUGUST
                                          YEAR:     2015
                                          LATITUDE:   41 58 N
                                          LONGITUDE:  97 26 W

[TEMPERATURE DATA]      [PRECIPITATION DATA]       SYMBOLS USED IN COLUMN 16

AVERAGE MONTHLY: 70.8   TOTAL FOR MONTH:   2.69    1 = FOG OR MIST
DPTR FM NORMAL:  -2.4   DPTR FM NORMAL:   -0.18    2 = FOG REDUCING VISIBILITY
HIGHEST:    93 ON  2    GRTST 24HR  0.90 ON 27-27      TO 1/4 MILE OR LESS
LOWEST:     40 ON 24                               3 = THUNDER
                        SNOW, ICE PELLETS, HAIL    4 = ICE PELLETS
                        TOTAL MONTH:   0.0 INCH    5 = HAIL
                        GRTST 24HR     0.0         6 = FREEZING RAIN OR DRIZZLE
                        GRTST DEPTH:   0           7 = DUSTSTORM OR SANDSTORM:
                                                       VSBY 1/2 MILE OR LESS
                                                   8 = SMOKE OR HAZE
[NO. OF DAYS WITH]      [WEATHER - DAYS WITH]      9 = BLOWING SNOW
                                                   X = TORNADO
MAX 32 OR BELOW:   0    0.01 INCH OR MORE:  10
MAX 90 OR ABOVE:   2    0.10 INCH OR MORE:   7
MIN 32 OR BELOW:   0    0.50 INCH OR MORE:   1
MIN  0 OR BELOW:   0    1.00 INCH OR MORE:   0

[HDD (BASE 65) ]
TOTAL THIS MO.    20    CLEAR  (SCALE 0-3)  20
DPTR FM NORMAL    16    PTCLDY (SCALE 4-7)   5
TOTAL FM JUL 1    24    CLOUDY (SCALE 8-10)  2
DPTR FM NORMAL    16

[CDD (BASE 65) ]
TOTAL THIS MO.   183
DPTR FM NORMAL   -48    [PRESSURE DATA]
TOTAL FM JAN 1   706    HIGHEST SLP M ON M
DPTR FM NORMAL   -86    LOWEST  SLP 29.69 ON 18

[REMARKS]
