000
CXUS53 KOAX 231000
CF6OFK
PRELIMINARY LOCAL CLIMATOLOGICAL DATA (WS FORM: F-6)

                                          STATION:   NORFOLK, NEBRASKA
                                          MONTH:     OCTOBER
                                          YEAR:      2017
                                          LATITUDE:   41 58 N
                                          LONGITUDE:  97 26 W

  TEMPERATURE IN F:       :PCPN:    SNOW:  WIND      :SUNSHINE: SKY     :PK WND
================================================================================
1   2   3   4   5  6A  6B    7    8   9   10  11  12  13   14  15   16   17  18
                                     12Z  AVG MX 2MIN
DY MAX MIN AVG DEP HDD CDD  WTR  SNW DPTH SPD SPD DIR MIN PSBL S-S WX    SPD DR
================================================================================

 1  77  58  68  11   0   3 0.84  0.0    0 16.3 26 240   M    M   8 13     37 240
 2  61  57  59   2   6   0 0.29  0.0    0  5.9 18 280   M    M   9 13     21 280
 3  66  46  56   0   9   0 0.40  0.0    0  9.5 21 320   M    M   5 13     27 320
 4  66  42  54  -2  11   0 0.00  0.0    0  5.8 13 120   M    M   4        16 360
 5  63  56  60   5   5   0 0.59  0.0    0  5.2 10  30   M    M  10 1      14 140
 6  59  54  57   2   8   0 1.07  0.0    0 10.1 23 360   M    M  10 13     27 360
 7  74  52  63   8   2   0 0.09  0.0    0 12.0 20 310   M    M   3        25 310
 8  72  52  62   8   3   0 0.00  0.0    0 14.0 21 350   M    M   0        28 360
 9  53  39  46  -8  19   0 0.15  0.0    0 14.0 26 350   M    M  10 3      35 340
10  53  30  42 -11  23   0 0.05  0.0    0  6.0 15 350   M    M   5        18 360
11  63  25  44  -9  21   0 0.00  0.0    0  7.0 17 150   M    M   0 1      21 150
12  71  41  56   3   9   0 0.00  0.0    0 11.4 21 160   M    M   1        28 150
13  65  46  56   4   9   0    T  0.0    0  9.4 20  10   M    M   3        25  10
14  54  44  49  -3  16   0 0.04  0.0    0 11.9 31 320   M    M  10 12     43 330
15  62  34  48  -4  17   0 0.00  0.0    0  9.1 23 320   M    M   0        31 330
16  76  31  54   3  11   0 0.00  0.0    0 10.6 24 210   M    M   0        31 190
17  79  34  57   6   8   0 0.00  0.0    0  5.8 16 170   M    M   0        19 170
18  74  41  58   8   7   0 0.00  0.0    0  8.3 21  10   M    M   0        26  20
19  79  35  57   7   8   0 0.00  0.0    0  8.9 18 160   M    M   0        27 160
20  77  56  67  17   0   2 0.00  0.0    0 21.7 36 170   M    M   0        44 160
21  70  37  54   5  11   0    T  0.0    0 14.0 29 320   M    M   6        38 310
22  69  31  50   1  15   0 0.00  0.0    0  8.9 23 210   M    M   0        28 210
================================================================================
SM 1483  941       218   5  3.52     0.0 225.8          M       84
================================================================================
AV 67.4 42.8                              10.3 FASTST   M    M   4    MAX(MPH)
                                 MISC ---->  # 36 170               # 44  160
================================================================================
NOTES:
# LAST OF SEVERAL OCCURRENCES

COLUMN 17 PEAK WIND IN M.P.H.

PRELIMINARY LOCAL CLIMATOLOGICAL DATA (WS FORM: F-6) , PAGE 2

                                          STATION:  NORFOLK, NEBRASKA
                                          MONTH:    OCTOBER
                                          YEAR:     2017
                                          LATITUDE:   41 58 N
                                          LONGITUDE:  97 26 W

[TEMPERATURE DATA]      [PRECIPITATION DATA]       SYMBOLS USED IN COLUMN 16

AVERAGE MONTHLY: 55.1   TOTAL FOR MONTH:   3.52    1 = FOG OR MIST
DPTR FM NORMAL:   2.2   DPTR FM NORMAL:    1.91    2 = FOG REDUCING VISIBILITY
HIGHEST:    79 ON 19,17 GRTST 24HR  1.07 ON  6- 6      TO 1/4 MILE OR LESS
LOWEST:     25 ON 11                               3 = THUNDER
                        SNOW, ICE PELLETS, HAIL    4 = ICE PELLETS
                        TOTAL MONTH:   0.0 INCH    5 = HAIL
                        GRTST 24HR     0.0         6 = FREEZING RAIN OR DRIZZLE
                        GRTST DEPTH:   0           7 = DUSTSTORM OR SANDSTORM:
                                                       VSBY 1/2 MILE OR LESS
                                                   8 = SMOKE OR HAZE
[NO. OF DAYS WITH]      [WEATHER - DAYS WITH]      9 = BLOWING SNOW
                                                   X = TORNADO
MAX 32 OR BELOW:   0    0.01 INCH OR MORE:   9
MAX 90 OR ABOVE:   0    0.10 INCH OR MORE:   6
MIN 32 OR BELOW:   4    0.50 INCH OR MORE:   3
MIN  0 OR BELOW:   0    1.00 INCH OR MORE:   1

[HDD (BASE 65) ]
TOTAL THIS MO.   218    CLEAR  (SCALE 0-3)  11
DPTR FM NORMAL   -58    PTCLDY (SCALE 4-7)   5
TOTAL FM JUL 1   311    CLOUDY (SCALE 8-10)  6
DPTR FM NORMAL  -107

[CDD (BASE 65) ]
TOTAL THIS MO.     5
DPTR FM NORMAL    -3    [PRESSURE DATA]
TOTAL FM JAN 1   879    HIGHEST SLP M ON M
DPTR FM NORMAL   -35    LOWEST  SLP 29.48 ON  7

[REMARKS]
