000
CXUS55 KCAE 301400
CF6OGB
PRELIMINARY LOCAL CLIMATOLOGICAL DATA (WS FORM: F-6)

                                          STATION:   ORANGEBURG AIRPORT SC
                                          MONTH:     APRIL
                                          YEAR:      2017
                                          LATITUDE:   33 27 N
                                          LONGITUDE:  80 51 W

  TEMPERATURE IN F:       :PCPN:    SNOW:  WIND      :SUNSHINE: SKY     :PK WND
================================================================================
1   2   3   4   5  6A  6B    7    8   9   10  11  12  13   14  15   16   17  18
                                     12Z  AVG MX 2MIN
DY MAX MIN AVG DEP HDD CDD  WTR  SNW DPTH SPD SPD DIR MIN PSBL S-S WX    SPD DR
================================================================================

 1  82  54  68   8   0   3 0.00    M    M  3.8 12 270   M    M   0        18 270
 2  80  54  67   6   0   2 0.00    M    M  7.0 15  70   M    M   1        19  80
 3  77  61  69   8   0   4 0.66    M    M  7.0 32 280   M    M   6 13     46 270
 4  84  60  72  11   0   7 0.00    M    M  8.0 20 220   M    M   1        24 250
 5  78  61  70   9   0   5 1.12    M    M  6.9 22 130   M    M   5 13     33 320
 6  67  51  59  -2   6   0 0.04    M    M 18.2 31 270   M    M   5 13     43 260
 7  66  46  56  -6   9   0 0.00    M    M 11.8 24 270   M    M   0        33 270
 8  68  37  53  -9  12   0 0.00    M    M  3.6 12 250   M    M   0        16 270
 9  75  40  58  -4   7   0 0.00    M    M  3.0 13 170   M    M   0        16 160
10  79  47  63   1   2   0 0.00    M    M  3.9 16 210   M    M   0        19 210
11  81  50  66   4   0   1 0.00    M    M  3.7 13 170   M    M   0        16 180
12  81  52  67   4   0   2 0.00    M    M  2.2 12 240   M    M   1        14 250
13  80  55  68   5   0   3 0.00  0.0    0  2.8 10  50   M    M   2 12     16 310
14  82  54  68   5   0   3 0.00    M    M  2.9 10 140   M    M   0 1      14 140
15  82  55  69   6   0   4 0.00    M    M  4.6 14 200   M    M   1 1      18 200
16  82  57  70   6   0   5 0.00    M    M  6.2 14 200   M    M   1 12     18 240
17  85  55  70   6   0   5 0.00    M    M  5.8 16 160   M    M   1 12     21 180
18  81  59  70   6   0   5    T    M    M  4.3 13 100   M    M   5 3      18 110
19  81   M   M   M   M   M 0.00    M    M  4.2 10  40   M    M   6        13  10
20  84  60  72   8   0   7 0.00    M    M  3.2 13 230   M    M   3 12     25 230
21  88  60  74   9   0   9 0.00    M    M  8.0 17 190   M    M   0        22 240
22  87  62  75  10   0  10 0.00    M    M  8.9 18 240   M    M   2        24 210
23  87  63  75  10   0  10 0.39    M    M  5.4 22 260   M    M   5 13     26 260
24  69  58  64  -2   1   0 3.22    M    M  8.2 29  50   M    M   8 13     40  40
25  74  56  65  -1   0   0 0.07    M    M  5.8 16 300   M    M   7 1      23 320
26  84  58  71   5   0   6 0.00    M    M  5.5 14 220   M    M   2 1      22 230
27  83  59  71   5   0   6 0.00    M    M  7.3 17 200   M    M   3 1      23 180
28  90  67  79  13   0  14 0.00    M    M  6.8 15 190   M    M   2 1      20 200
29  87  71  79  12   0  14 0.00    M    M  8.0 16 190   M    M   4 1      20 180
================================================================================
SM 2324 1562        37 125  5.50     0.0 177.0          M       71
================================================================================
AV 80.1 55.8                               6.1 FASTST   M    M   2    MAX(MPH)
                                 MISC ---->  # 32 280               # 46  270
================================================================================
NOTES:
# LAST OF SEVERAL OCCURRENCES

COLUMN 17 PEAK WIND IN M.P.H.

PRELIMINARY LOCAL CLIMATOLOGICAL DATA (WS FORM: F-6) , PAGE 2

                                          STATION:  ORANGEBURG AIRPORT SC
                                          MONTH:    APRIL
                                          YEAR:     2017
                                          LATITUDE:   33 27 N
                                          LONGITUDE:  80 51 W

[TEMPERATURE DATA]      [PRECIPITATION DATA]       SYMBOLS USED IN COLUMN 16

AVERAGE MONTHLY: 68.0   TOTAL FOR MONTH:   5.50    1 = FOG OR MIST
DPTR FM NORMAL:   4.5   DPTR FM NORMAL:    2.71    2 = FOG REDUCING VISIBILITY
HIGHEST:    90 ON 28    GRTST 24HR  3.22 ON 24-24      TO 1/4 MILE OR LESS
LOWEST:     37 ON  8                               3 = THUNDER
                        SNOW, ICE PELLETS, HAIL    4 = ICE PELLETS
                        TOTAL MONTH:   0.0 INCH    5 = HAIL
                        GRTST 24HR     0.0         6 = FREEZING RAIN OR DRIZZLE
                        GRTST DEPTH:   0           7 = DUSTSTORM OR SANDSTORM:
                                                       VSBY 1/2 MILE OR LESS
                                                   8 = SMOKE OR HAZE
[NO. OF DAYS WITH]      [WEATHER - DAYS WITH]      9 = BLOWING SNOW
                                                   X = TORNADO
MAX 32 OR BELOW:   0    0.01 INCH OR MORE:   6
MAX 90 OR ABOVE:   1    0.10 INCH OR MORE:   4
MIN 32 OR BELOW:   0    0.50 INCH OR MORE:   3
MIN  0 OR BELOW:   0    1.00 INCH OR MORE:   2

[HDD (BASE 65) ]
TOTAL THIS MO.    37    CLEAR  (SCALE 0-3)  20
DPTR FM NORMAL   -71    PTCLDY (SCALE 4-7)   9
TOTAL FM JUL 1  1618    CLOUDY (SCALE 8-10)  0
DPTR FM NORMAL  -699

[CDD (BASE 65) ]
TOTAL THIS MO.   125
DPTR FM NORMAL    65    [PRESSURE DATA]
TOTAL FM JAN 1   197    HIGHEST SLP M ON M
DPTR FM NORMAL   117    LOWEST  SLP 29.59 ON  6

[REMARKS]
