000
CXUS55 KSEW 210930
CF6OLM
PRELIMINARY LOCAL CLIMATOLOGICAL DATA (WS FORM: F-6)

                                          STATION:   OLYMPIA WA AIRPORT
                                          MONTH:     JANUARY
                                          YEAR:      2018
                                          LATITUDE:   46 58 N
                                          LONGITUDE: 122 54 W

  TEMPERATURE IN F:       :PCPN:    SNOW:  WIND      :SUNSHINE: SKY     :PK WND
================================================================================
1   2   3   4   5  6A  6B    7    8   9   10  11  12  13   14  15   16   17  18
                                     12Z  AVG MX 2MIN
DY MAX MIN AVG DEP HDD CDD  WTR  SNW DPTH SPD SPD DIR MIN PSBL S-S WX    SPD DR
================================================================================

 1  43  25  34  -5  31   0 0.00  0.0    0  1.5  9  30   M    M   5 12     12  20
 2  40  24  32  -7  33   0    T  0.0    0  0.5  6  80   M    M   3 1       7  80
 3  43  27  35  -4  30   0 0.00  0.0    0  1.0  5  70   M    M   5 12      7  70
 4  45  33  39   0  26   0 0.32  0.0    0  1.2  6 130   M    M   7 1       6  60
 5  50  41  46   7  19   0 0.40  0.0    0  5.4 18 190   M    M  10 1      25 170
 6  48  38  43   4  22   0 0.03  0.0    0  6.9 16 210   M    M   7 1      21 220
 7  45  38  42   3  23   0 0.52  0.0    0  2.8 12 210   M    M  10 1      15 220
 8  47  39  43   4  22   0 0.11  0.0    0  1.2  6 180   M    M   9 1       8 210
 9  48  37  43   4  22   0 0.07  0.0    0  7.4 17 220   M    M   7 1      17 220
10  45  37  41   1  24   0 0.31  0.0    0  3.9 12 180   M    M   9 1      13 180
11  52  42  47   7  18   0 1.89  0.0    0  8.0 16 210   M    M   8 1      24 220
12  51  48  50  10  15   0 0.13  0.0    0  9.0 16 190   M    M   9 1      22 200
13  55  47  51  11  14   0 0.09  0.0    0  5.7 13  20   M    M   8 1      17 360
14  53  38  46   6  19   0 0.00  0.0    0  2.7 13  30   M    M   7 12     14  40
15  53  34  44   4  21   0 0.03  0.0    0  2.4  9  40   M    M   8 12     16  30
16  55  37  46   6  19   0 0.03  0.0    0  5.4 20 180   M    M   5 1      23 170
17  51  37  44   4  21   0 0.28  0.0    0  4.2 17 180   M    M   8 1      22 160
18  51  39  45   5  20   0 0.42  0.0    0 10.1 22 210   M    M   7 1      29 210
19  46  41  44   4  21   0 0.10  0.0    0 14.0 23 180   M    M   8 1      30 180
20  47  36  42   2  23   0 0.14  0.0    0 11.5 28 180   M    M  10 1      36 170
================================================================================
SM  968  738       443   0  4.87     0.0 104.8          M      150
================================================================================
AV 48.4 36.9                               5.2 FASTST   M    M   8    MAX(MPH)
                                 MISC ---->  # 28 180               # 36  170
================================================================================
NOTES:
# LAST OF SEVERAL OCCURRENCES

COLUMN 17 PEAK WIND IN M.P.H.

PRELIMINARY LOCAL CLIMATOLOGICAL DATA (WS FORM: F-6) , PAGE 2

                                          STATION:  OLYMPIA WA AIRPORT
                                          MONTH:    JANUARY
                                          YEAR:     2018
                                          LATITUDE:   46 58 N
                                          LONGITUDE: 122 54 W

[TEMPERATURE DATA]      [PRECIPITATION DATA]       SYMBOLS USED IN COLUMN 16

AVERAGE MONTHLY: 42.7   TOTAL FOR MONTH:   4.87    1 = FOG OR MIST
DPTR FM NORMAL:   3.1   DPTR FM NORMAL:   -0.36    2 = FOG REDUCING VISIBILITY
HIGHEST:    55 ON 16,13 GRTST 24HR  1.89 ON 11-11      TO 1/4 MILE OR LESS
LOWEST:     24 ON  2                               3 = THUNDER
                        SNOW, ICE PELLETS, HAIL    4 = ICE PELLETS
                        TOTAL MONTH:   0.0 INCH    5 = HAIL
                        GRTST 24HR     0.0         6 = FREEZING RAIN OR DRIZZLE
                        GRTST DEPTH:   0           7 = DUSTSTORM OR SANDSTORM:
                                                       VSBY 1/2 MILE OR LESS
                                                   8 = SMOKE OR HAZE
[NO. OF DAYS WITH]      [WEATHER - DAYS WITH]      9 = BLOWING SNOW
                                                   X = TORNADO
MAX 32 OR BELOW:   0    0.01 INCH OR MORE:  16
MAX 90 OR ABOVE:   0    0.10 INCH OR MORE:  11
MIN 32 OR BELOW:   3    0.50 INCH OR MORE:   2
MIN  0 OR BELOW:   0    1.00 INCH OR MORE:   1

[HDD (BASE 65) ]
TOTAL THIS MO.   443    CLEAR  (SCALE 0-3)   1
DPTR FM NORMAL   -67    PTCLDY (SCALE 4-7)  12
TOTAL FM JUL 1  2605    CLOUDY (SCALE 8-10)  7
DPTR FM NORMAL  -175

[CDD (BASE 65) ]
TOTAL THIS MO.     0
DPTR FM NORMAL     0    [PRESSURE DATA]
TOTAL FM JAN 1     0    HIGHEST SLP M ON M
DPTR FM NORMAL     0    LOWEST  SLP 29.62 ON  8

[REMARKS]
