000
CXUS55 KSEW 210930
CF6OLM
PRELIMINARY LOCAL CLIMATOLOGICAL DATA (WS FORM: F-6)

                                          STATION:   OLYMPIA WA AIRPORT
                                          MONTH:     FEBRUARY
                                          YEAR:      2017
                                          LATITUDE:   46 58 N
                                          LONGITUDE: 122 54 W

  TEMPERATURE IN F:       :PCPN:    SNOW:  WIND      :SUNSHINE: SKY     :PK WND
================================================================================
1   2   3   4   5  6A  6B    7    8   9   10  11  12  13   14  15   16   17  18
                                     12Z  AVG MX 2MIN
DY MAX MIN AVG DEP HDD CDD  WTR  SNW DPTH SPD SPD DIR MIN PSBL S-S WX    SPD DR
================================================================================

 1  43  26  35  -5  30   0 0.00  0.0    0 12.0 20  30   M    M   1        25  40
 2  46  31  39  -1  26   0 0.02    M    M  9.7 16  20   M    M   3        20  30
 3  43  32  38  -2  27   0 0.46  0.0    0  3.2 17 190   M    M   9 1      22 180
 4  48  41  45   5  20   0 1.04  0.0    0  7.4 18 260   M    M  10 1      26 280
 5  42  32  37  -3  28   0 1.02    M    0  4.5 20 230   M    M  10 12     28 230
 6  37  27  32  -9  33   0 0.22    M    M  7.9 13 190   M    M   8 12     20 210
 7  39  22  31 -10  34   0 0.00  0.0    0  3.0 12  10   M    M  10 12     14  10
 8  36  33  35  -6  30   0 1.09  0.0    0  3.8 12  10   M    M  10 1      14 360
 9  57  34  46   5  19   0 1.51  0.0    0 11.4 25 220   M    M  10 1      38 220
10  45  34  40  -1  25   0 0.33  0.0    0 10.9 24 190   M    M   7 1      29 190
11  49  30  40  -1  25   0 0.01  0.0    0  4.6 12 270   M    M   3 12     15 220
12  50  28  39  -2  26   0 0.00  0.0    0  1.9  8  10   M    M   5 12      9 360
13  55  27  41   0  24   0 0.00  0.0    0  2.0  8 360   M    M   4 12     13  40
14  55  25  40  -1  25   0 0.40  0.0    0  1.4  9 220   M    M   4 1      11 210
15  56  44  50   9  15   0 1.16  0.0    0  9.8 24 190   M    M  10 1      34 210
16  54  44  49   8  16   0 0.15  0.0    0  6.7 16 190   M    M   9 1      21 190
17  55  37  46   5  19   0 0.02  0.0    0  3.7 13  20   M    M   5 12     16  30
18  46  38  42   1  23   0 0.28  0.0    0  2.5  9 210   M    M   9 1      18 210
19  46  38  42   1  23   0 0.23  0.0    0  8.3 25 190   M    M   9 1      34 190
20  47  37  42   1  23   0 0.31    M    0  4.3 10 180   M    M   9 1      14 190
================================================================================
SM  949  660       491   0  8.25     0.0 119.0          M      145
================================================================================
AV 47.5 33.0                               6.0 FASTST   M    M   7    MAX(MPH)
                                 MISC ---->  # 25 220               # 38  220
================================================================================
NOTES:
# LAST OF SEVERAL OCCURRENCES

COLUMN 17 PEAK WIND IN M.P.H.

PRELIMINARY LOCAL CLIMATOLOGICAL DATA (WS FORM: F-6) , PAGE 2

                                          STATION:  OLYMPIA WA AIRPORT
                                          MONTH:    FEBRUARY
                                          YEAR:     2017
                                          LATITUDE:   46 58 N
                                          LONGITUDE: 122 54 W

[TEMPERATURE DATA]      [PRECIPITATION DATA]       SYMBOLS USED IN COLUMN 16

AVERAGE MONTHLY: 40.2   TOTAL FOR MONTH:   8.25    1 = FOG OR MIST
DPTR FM NORMAL:  -0.5   DPTR FM NORMAL:    4.40    2 = FOG REDUCING VISIBILITY
HIGHEST:    57 ON  9    GRTST 24HR  2.22 ON  8- 9      TO 1/4 MILE OR LESS
LOWEST:     22 ON  7                               3 = THUNDER
                        SNOW, ICE PELLETS, HAIL    4 = ICE PELLETS
                        TOTAL MONTH:   0.0 INCH    5 = HAIL
                        GRTST 24HR     0.0         6 = FREEZING RAIN OR DRIZZLE
                        GRTST DEPTH:   0           7 = DUSTSTORM OR SANDSTORM:
                                                       VSBY 1/2 MILE OR LESS
                                                   8 = SMOKE OR HAZE
[NO. OF DAYS WITH]      [WEATHER - DAYS WITH]      9 = BLOWING SNOW
                                                   X = TORNADO
MAX 32 OR BELOW:   0    0.01 INCH OR MORE:  16
MAX 90 OR ABOVE:   0    0.10 INCH OR MORE:  13
MIN 32 OR BELOW:  10    0.50 INCH OR MORE:   5
MIN  0 OR BELOW:   0    1.00 INCH OR MORE:   5

[HDD (BASE 65) ]
TOTAL THIS MO.   491    CLEAR  (SCALE 0-3)   3
DPTR FM NORMAL    10    PTCLDY (SCALE 4-7)   5
TOTAL FM JUL 1  3516    CLOUDY (SCALE 8-10) 12
DPTR FM NORMAL   -16

[CDD (BASE 65) ]
TOTAL THIS MO.     0
DPTR FM NORMAL     0    [PRESSURE DATA]
TOTAL FM JAN 1     0    HIGHEST SLP M ON M
DPTR FM NORMAL     0    LOWEST  SLP 29.23 ON  9

[REMARKS]
