000
CXUS55 KTWC 300855
CF6OLS
PRELIMINARY LOCAL CLIMATOLOGICAL DATA (WS FORM: F-6)

                                          STATION:   NOGALES AZ AIRPORT
                                          MONTH:     JULY
                                          YEAR:      2015
                                          LATITUDE:   31 25 N
                                          LONGITUDE: 110 51 W

  TEMPERATURE IN F:       :PCPN:    SNOW:  WIND      :SUNSHINE: SKY     :PK WND
================================================================================
1   2   3   4   5  6A  6B    7    8   9   10  11  12  13   14  15   16   17  18
                                     12Z  AVG MX 2MIN
DY MAX MIN AVG DEP HDD CDD  WTR  SNW DPTH SPD SPD DIR MIN PSBL S-S WX    SPD DR
================================================================================

 1  90  67  79  -2   0  14 0.30  0.0    0  3.5 30  30   M    M   2 13     42  30
 2  93  64  79  -2   0  14 0.00  0.0    0  3.3 13 270   M    M   0        18 320
 3  95  73  84   3   0  19 0.00  0.0    0  5.7 22 160   M    M   1        28 160
 4  87  71  79  -2   0  14    T  0.0    0  6.2 21 150   M    M   4        29 150
 5  89  69  79  -2   0  14    T  0.0    0  4.6 15 280   M    M   6        19 270
 6  93  66  80  -1   0  15 0.20  0.0    0  4.4 23 250   M    M   1 3      32 240
 7  95  66  81   0   0  16 0.00  0.0    0  4.5 17 250   M    M   2        26 260
 8  95  66  81   0   0  16 0.00  0.0    0  8.8 23 220   M    M   2        28 230
 9  89  67  78  -3   0  13 0.13  0.0    0  8.2 21 200   M    M   3 13     28 270
10  87  67  77  -4   0  12 0.00  0.0    0  9.2 22 210   M    M   5        30 170
11  95  65  80  -1   0  15 0.00  0.0    0  6.8 20 210   M    M   1        27 200
12  97  67  82   1   0  17 0.09  0.0    0  4.3 22 100   M    M   3 3      27 100
13  95  67  81   1   0  16    T  0.0    0  5.0 24 150   M    M   0 3      33 140
14  96  65  81   1   0  16 0.27  0.0    0  7.0 25  80   M    M   0 3      35  80
15  91  66  79  -1   0  14    T  0.0    0  4.6 22 150   M    M   1 3      29 150
16  92  66  79  -1   0  14 0.18  0.0    0  5.2 22 100   M    M   2 3      30 110
17  85  68  77  -3   0  12    T  0.0    0  5.2 15 160   M    M   2        21 160
18  82  66  74  -6   0   9 0.57  0.0    0  2.0 15 240   M    M   5 123    21 230
19  87  65  76  -4   0  11 0.00  0.0    0  3.6 15 240   M    M   3        19 240
20  92  65  79  -1   0  14 0.00  0.0    0  4.3 14 300   M    M   0 3      18 300
21  94  65  80   1   0  15 0.00  0.0    0  5.5 16 230   M    M   2        23 260
22  91  66  79   0   0  14 0.47  0.0    0  5.6 23  20   M    M   2 13     32  80
23  83  69  76  -3   0  11 0.16  0.0    0  2.3 10 120   M    M   7 1      14 120
24  87  66  77  -2   0  12    T  0.0    0  3.2 12 220   M    M   1 3      14 280
25  94  69  82   3   0  17 0.00  0.0    0  3.1 10 340   M    M   0        14 290
26  91  67  79   0   0  14 0.00  0.0    0  5.0 15 270   M    M   2        22 250
27  93  70  82   4   0  17 0.00  0.0    0  5.2 15 200   M    M   2        18 210
28  96  66  81   3   0  16 0.66    M    0  4.6 31 160   M    M   4 138    36 160
29  88  68  78   0   0  13 0.25  0.0    0  3.9 22 180   M    M   3 3      26 180
================================================================================
SM 2642 1942         0 414  3.28     0.0 144.8          M       66
================================================================================
AV 91.1 67.0                               5.0 FASTST   M    M   2    MAX(MPH)
                                 MISC ---->  # 31 160               # 42   30
================================================================================
NOTES:
# LAST OF SEVERAL OCCURRENCES

COLUMN 17 PEAK WIND IN M.P.H.

PRELIMINARY LOCAL CLIMATOLOGICAL DATA (WS FORM: F-6) , PAGE 2

                                          STATION:  NOGALES AZ AIRPORT
                                          MONTH:    JULY
                                          YEAR:     2015
                                          LATITUDE:   31 25 N
                                          LONGITUDE: 110 51 W

[TEMPERATURE DATA]      [PRECIPITATION DATA]       SYMBOLS USED IN COLUMN 16

AVERAGE MONTHLY: 79.0   TOTAL FOR MONTH:   3.28    1 = FOG OR MIST
DPTR FM NORMAL:  -1.0   DPTR FM NORMAL:   -0.40    2 = FOG REDUCING VISIBILITY
HIGHEST:    97 ON 12    GRTST 24HR  0.68 ON 28-29      TO 1/4 MILE OR LESS
LOWEST:     64 ON  2                               3 = THUNDER
                        SNOW, ICE PELLETS, HAIL    4 = ICE PELLETS
                        TOTAL MONTH:   0.0 INCH    5 = HAIL
                        GRTST 24HR     0.0         6 = FREEZING RAIN OR DRIZZLE
                        GRTST DEPTH:   0           7 = DUSTSTORM OR SANDSTORM:
                                                       VSBY 1/2 MILE OR LESS
                                                   8 = SMOKE OR HAZE
[NO. OF DAYS WITH]      [WEATHER - DAYS WITH]      9 = BLOWING SNOW
                                                   X = TORNADO
MAX 32 OR BELOW:   0    0.01 INCH OR MORE:  11
MAX 90 OR ABOVE:  19    0.10 INCH OR MORE:  10
MIN 32 OR BELOW:   0    0.50 INCH OR MORE:   2
MIN  0 OR BELOW:   0    1.00 INCH OR MORE:   0

[HDD (BASE 65) ]
TOTAL THIS MO.     0    CLEAR  (SCALE 0-3)  21
DPTR FM NORMAL     0    PTCLDY (SCALE 4-7)   8
TOTAL FM JUL 1     0    CLOUDY (SCALE 8-10)  0
DPTR FM NORMAL     0

[CDD (BASE 65) ]
TOTAL THIS MO.   414
DPTR FM NORMAL   -22    [PRESSURE DATA]
TOTAL FM JAN 1  1015    HIGHEST SLP M ON M
DPTR FM NORMAL   -36    LOWEST  SLP 29.65 ON  3

[REMARKS]
