000
CXUS53 KOAX 171000
CF6OMA
PRELIMINARY LOCAL CLIMATOLOGICAL DATA (WS FORM: F-6)

                                          STATION:   OMAHA NE
                                          MONTH:     DECEMBER
                                          YEAR:      2017
                                          LATITUDE:   41 17 N
                                          LONGITUDE:  95 54 W

  TEMPERATURE IN F:       :PCPN:    SNOW:  WIND      :SUNSHINE: SKY     :PK WND
================================================================================
1   2   3   4   5  6A  6B    7    8   9   10  11  12  13   14  15   16   17  18
                                     12Z  AVG MX 2MIN
DY MAX MIN AVG DEP HDD CDD  WTR  SNW DPTH SPD SPD DIR MIN PSBL S-S WX    SPD DR
================================================================================

 1  58  29  44  13  21   0 0.00  0.0    0  9.7 21 180   M    M   2        25 170
 2  59  25  42  12  23   0 0.00  0.0    0  4.3  9 360   M    M   4        10  10
 3  60  32  46  16  19   0 0.00  0.0    0 10.6 20 170   M    M   6        24 160
 4  63  29  46  17  19   0    T    T    0 18.0 39 300   M    M   8        48 290
 5  44  26  35   6  30   0 0.00  0.0    0 15.7 31 300   M    M   4        39 310
 6  45  18  32   4  33   0 0.01  0.1    0 16.1 30 320   M    M   6        38 330
 7  28  11  20  -8  45   0 0.00  0.0    0 10.5 23 330   M    M   0        29 320
 8  37  17  27  -1  38   0 0.00  0.0    0  9.0 21 330   M    M   7        25 330
 9  37  24  31   4  34   0 0.00  0.0    0 12.6 23 350   M    M   3        31 320
10  54  25  40  13  25   0 0.00  0.0    0  9.9 22 340   M    M   3        26 340
11  49  25  37  10  28   0 0.00  0.0    0 19.7 38 320   M    M   5        48 320
12  41  14  28   2  37   0 0.00  0.0    0  7.4 21 350   M    M   2        24 350
13  52  28  40  14  25   0 0.00  0.0    0 18.7 38 330   M    M   5        48 330
14  42  33  38  12  27   0 0.00  0.0    0  7.0 17 320   M    M  10 8      22 330
15  49  31  40  14  25   0 0.00  0.0    0 10.2 22 330   M    M   7        28 330
16  53  29  41  16  24   0 0.00  0.0    0  7.4 17 360   M    M   4        20 360
================================================================================
SM  771  396       453   0  0.01     0.1 186.8          M       76
================================================================================
AV 48.2 24.8                              11.7 FASTST   M    M   5    MAX(MPH)
                                 MISC ---->  # 39 300               # 48  290
================================================================================
NOTES:
# LAST OF SEVERAL OCCURRENCES

COLUMN 17 PEAK WIND IN M.P.H.

PRELIMINARY LOCAL CLIMATOLOGICAL DATA (WS FORM: F-6) , PAGE 2

                                          STATION:  OMAHA NE
                                          MONTH:    DECEMBER
                                          YEAR:     2017
                                          LATITUDE:   41 17 N
                                          LONGITUDE:  95 54 W

[TEMPERATURE DATA]      [PRECIPITATION DATA]       SYMBOLS USED IN COLUMN 16

AVERAGE MONTHLY: 36.5   TOTAL FOR MONTH:   0.01    1 = FOG OR MIST
DPTR FM NORMAL:   8.8   DPTR FM NORMAL:   -0.60    2 = FOG REDUCING VISIBILITY
HIGHEST:    63 ON  4    GRTST 24HR  0.01 ON  6- 6      TO 1/4 MILE OR LESS
LOWEST:     11 ON  7                               3 = THUNDER
                        SNOW, ICE PELLETS, HAIL    4 = ICE PELLETS
                        TOTAL MONTH:   0.1 INCH    5 = HAIL
                        GRTST 24HR   0.1 ON  6- 6  6 = FREEZING RAIN OR DRIZZLE
                        GRTST DEPTH:   0           7 = DUSTSTORM OR SANDSTORM:
                                                       VSBY 1/2 MILE OR LESS
                                                   8 = SMOKE OR HAZE
[NO. OF DAYS WITH]      [WEATHER - DAYS WITH]      9 = BLOWING SNOW
                                                   X = TORNADO
MAX 32 OR BELOW:   1    0.01 INCH OR MORE:   1
MAX 90 OR ABOVE:   0    0.10 INCH OR MORE:   0
MIN 32 OR BELOW:  15    0.50 INCH OR MORE:   0
MIN  0 OR BELOW:   0    1.00 INCH OR MORE:   0

[HDD (BASE 65) ]
TOTAL THIS MO.   453    CLEAR  (SCALE 0-3)   5
DPTR FM NORMAL  -144    PTCLDY (SCALE 4-7)  10
TOTAL FM JUL 1  1513    CLOUDY (SCALE 8-10)  1
DPTR FM NORMAL  -354

[CDD (BASE 65) ]
TOTAL THIS MO.     0
DPTR FM NORMAL     0    [PRESSURE DATA]
TOTAL FM JAN 1  1349    HIGHEST SLP M ON M
DPTR FM NORMAL   236    LOWEST  SLP 29.37 ON  4

[REMARKS]
