409
CXAK56 PAFG 231210
CF6OME
PRELIMINARY LOCAL CLIMATOLOGICAL DATA (WS FORM: F-6)

                                          STATION:   NOME AK
                                          MONTH:     JUNE
                                          YEAR:      2017
                                          LATITUDE:   64 30 N
                                          LONGITUDE: 165 26 W

  TEMPERATURE IN F:       :PCPN:    SNOW:  WIND      :SUNSHINE: SKY     :PK WND
================================================================================
1   2   3   4   5  6A  6B    7    8   9   10  11  12  13   14  15   16   17  18
                                     12Z  AVG MX 2MIN
DY MAX MIN AVG DEP HDD CDD  WTR  SNW DPTH SPD SPD DIR MIN PSBL S-S WX    SPD DR
================================================================================

 1  59  37  48   5  17   0 0.00  0.0    0  8.5 18 260   M    M   0        22 250
 2  62  36  49   5  16   0 0.00  0.0    0  8.1 21  30   M    M   0        25  30
 3  66  45  56  12   9   0 0.00  0.0    0  9.8 18 350   M    M   3        21 350
 4  72  48  60  16   5   0 0.00  0.0    0  8.5 20 270   M    M   2        22 270
 5  76  55  66  21   0   1 0.00  0.0    0 14.3 24  30   M    M   4 8      28  20
 6  72  48  60  15   5   0 0.00  0.0    0  9.9 18  10   M    M   0        24  40
 7  74  54  64  19   1   0 0.00  0.0    0  9.1 20  20   M    M   3        24  30
 8  76  59  68  22   0   3 0.00  0.0    0 14.8 29  20   M    M   5        36  20
 9  63  51  57  11   8   0 0.29  0.0    0  8.5 16  40   M    M   9 1      19  40
10  63  54  59  13   6   0    T  0.0    0  6.9 14 150   M    M   8 18     17 140
11  57  51  54   7  11   0 0.20  0.0    0  6.8 16 130   M    M  10 18     18 130
12  51  46  49   2  16   0 0.00  0.0    0 11.0 18 250   M    M  10 1      22 250
13  57  50  54   7  11   0 0.00  0.0    0  4.6 10 150   M    M   6 1      13 150
14  65  47  56   8   9   0 0.00  0.0    0  5.5 14 260   M    M   5        16 260
15  66  47  57   9   8   0 0.00  0.0    0 10.9 24 260   M    M   4        29 260
16  65  48  57   9   8   0 0.00  0.0    0 12.6 23 250   M    M   2        29 270
17  52  41  47  -2  18   0 0.00  0.0    0 16.8 28 280   M    M   3        32 260
18  45  36  41  -8  24   0 0.25  0.0    0  7.8 23 280   M    M   5 1      27 270
19  47  42  45  -4  20   0 0.00  0.0    0  7.1 14 240   M    M   9 128    17 220
20  46  44  45  -4  20   0    T  0.0    0  7.6 13 210   M    M  10 1      15 210
21  46  43  45  -5  20   0 0.01  0.0    0  9.2 14 240   M    M  10 1      16 230
22  50  44  47  -3  18   0    T  0.0    0  9.5 14 210   M    M  10        19 210
================================================================================
SM 1330 1026       250   4  0.75     0.0 207.8          M      118
================================================================================
AV 60.5 46.6                               9.4 FASTST   M    M   5    MAX(MPH)
                                 MISC ---->  # 29  20               # 36   20
================================================================================
NOTES:
# LAST OF SEVERAL OCCURRENCES

COLUMN 17 PEAK WIND IN M.P.H.

PRELIMINARY LOCAL CLIMATOLOGICAL DATA (WS FORM: F-6) , PAGE 2

                                          STATION:  NOME AK
                                          MONTH:    JUNE
                                          YEAR:     2017
                                          LATITUDE:   64 30 N
                                          LONGITUDE: 165 26 W

[TEMPERATURE DATA]      [PRECIPITATION DATA]       SYMBOLS USED IN COLUMN 16

AVERAGE MONTHLY: 53.6   TOTAL FOR MONTH:   0.75    1 = FOG OR MIST
DPTR FM NORMAL:   6.8   DPTR FM NORMAL:    0.08    2 = FOG REDUCING VISIBILITY
HIGHEST:    76 ON  8, 5 GRTST 24HR  0.29 ON  9- 9      TO 1/4 MILE OR LESS
LOWEST:     36 ON 18, 2                            3 = THUNDER
                        SNOW, ICE PELLETS, HAIL    4 = ICE PELLETS
                        TOTAL MONTH:   0.0 INCH    5 = HAIL
                        GRTST 24HR     0.0         6 = FREEZING RAIN OR DRIZZLE
                        GRTST DEPTH:   0           7 = DUSTSTORM OR SANDSTORM:
                                                       VSBY 1/2 MILE OR LESS
                                                   8 = SMOKE OR HAZE
[NO. OF DAYS WITH]      [WEATHER - DAYS WITH]      9 = BLOWING SNOW
                                                   X = TORNADO
MAX 32 OR BELOW:   0    0.01 INCH OR MORE:   4
MAX 90 OR ABOVE:   0    0.10 INCH OR MORE:   3
MIN 32 OR BELOW:   0    0.50 INCH OR MORE:   0
MIN  0 OR BELOW:   0    1.00 INCH OR MORE:   0

[HDD (BASE 65) ]
TOTAL THIS MO.   250    CLEAR  (SCALE 0-3)   7
DPTR FM NORMAL  -152    PTCLDY (SCALE 4-7)   8
TOTAL FM JUL 1 12868    CLOUDY (SCALE 8-10)  7
DPTR FM NORMAL  -718

[CDD (BASE 65) ]
TOTAL THIS MO.     4
DPTR FM NORMAL     4    [PRESSURE DATA]
TOTAL FM JAN 1     4    HIGHEST SLP M ON M
DPTR FM NORMAL     4    LOWEST  SLP 29.65 ON 16

[REMARKS]
