318
CXAK56 PAOM 281228
CF6OME

PRELIMINARY LOCAL CLIMATOLOGICAL DATA (WS FORM: F-6)

                                          STATION:   NOME
                                          MONTH:     08
                                          YEAR:      2016
                                          LATITUDE:   64 31 N
                                          LONGITUDE: 165 27 W

  TEMPERATURE IN F:       :PCPN:    SNOW:  WIND      :SUNSHINE: SKY     :PK WND
================================================================================
1   2   3   4   5  6A  6B    7     8   9   10  11  12  13   14  15   16  17  18
                                      12Z  AVG MX 2MIN
DY MAX MIN AVG DEP HDD CDD  WTR   SNW DPTH SPD SPD DIR MIN PSBL S-S WX   SPD DR
================================================================================

 1  53  38  46  -6  19   0  0.00  0.0   0  6.5 17  230   M    M   M       20 230
 2  51  48  50  -1  15   0  0.73  0.0   0  3.1  9   40   M    M   M 1     12  50
 3  57  41  49  -2  16   0  0.00  0.0   0  6.4 12  170   M    M   M       14 160
 4  65  45  55   4  10   0  0.00  0.0   0  8.3 20   90   M    M   M       25  60
 5  60  53  57   6   8   0  0.02  0.0   0 11.5 21  120   M    M   M 1     24 110
 6  60  53  57   6   8   0  0.26  0.0   0 10.9 18  110   M    M   M 1     23 110
 7  63  48  56   5   9   0  0.15  0.0   0  5.6 12  360   M    M   M 1     13 230
 8  64  52  58   7   7   0  0.09  0.0   0  6.8 10  290   M    M   M 1     12 190
 9  60  53  57   6   8   0  0.24  0.0   0  3.2  9  260   M    M   M 1     14 240
10  61  53  57   6   8   0  0.01  0.0   0  3.7  9  100   M    M   M       12 160
11  58  53  56   5   9   0     T  0.0   0  7.4 14  150   M    M   M 1     17 160
12  65  53  59   8   6   0     T  0.0   0  8.2 15  350   M    M   M       18 340
13  69  53  61  10   4   0  0.02  0.0   0 10.5 24   30   M    M   M       28  30
14  69  50  60  10   5   0  0.00  0.0   0 11.1 25  350   M    M   M       30 350
15  59  47  53   3  12   0  0.00  0.0   0  0.0 23  360   M    M   M       28 360
16  59  39  49  -1  16   0  0.00  0.0   0  5.7 13  230   M    M   M       17  10
17  58  44  51   1  14   0  0.00  0.0   0  3.6  9  210   M    M   M 1     12 210
18  56  45  51   1  14   0     T  0.0   0  7.8 18  230   M    M   M       22 230
19  53  51  52   2  13   0  0.69  0.0   0 19.5 28  200   M    M   M 1     32 200
20  56  51  54   4  11   0  0.40  0.0   0 11.2 24  210   M    M   M 1     28 210
21  60  51  56   6   9   0  0.34  0.0   0  6.9 23   10   M    M   M 1     28 350
22  57  46  52   2  13   0  0.00  0.0   0 16.9 28  350   M    M   M       34 350
23  56  44  50   0  15   0  0.00  0.0   0  9.2 15  360   M    M   M       18 360
24  55  40  48  -1  17   0  0.00  0.0   0  4.2 14  240   M    M   M       16 230
25  53  35  44  -5  21   0     T  0.0   0  4.3 13  170   M    M   M 2     16 190
26  54  49  52   3  13   0  0.07  0.0   0  8.7 16  220   M    M   M 1     19 220
27  52  48  50   1  15   0     T  0.0   0  8.9 16  220   M    M   M 1     18 220
================================================================================
SM 1583 1283       315   0  3.02 0.0    210.1           M        M
================================================================================
AV 58.6 47.5                              7.8 FASTST  PSBL  %   M    MAX(MPH)
                                 MISC ---->  #  28  350                 34 350
================================================================================
NOTES:
# LAST OF SEVERAL OCCURRENCES

COLUMN 17 PEAK WIND IN M.P.H.

PRELIMINARY LOCAL CLIMATOLOGICAL DATA (WS FORM: F-6) , PAGE 2

                                          STATION:   NOME
                                          MONTH:     08
                                          YEAR:      2016
                                          LATITUDE:  64 31 N
                                          LONGITUDE: 165 27 W

[TEMPERATURE DATA]      [PRECIPITATION DATA]       SYMBOLS USED IN COLUMN 16

AVERAGE MONTHLY:53.1   TOTAL FOR MONTH: 3.02       1 = FOG
DPTR FM NORMAL:  2.7   DPTR FM NORMAL: 0.17       2 = FOG REDUCING VISIBILITY
HIGHEST:    69 ON 14    GRTST 24HR   0.73 ON  2        TO 1/4 MILE OR LESS
LOWEST:     35 ON 25                               3 = THUNDER
                        SNOW, ICE PELLETS, HAIL    4 = ICE PELLETS
                        TOTAL MONTH: 0.0         5 = HAIL
                        GRTST 24HR   0.0           6 = GLAZE OR RIME
                        GRTST DEPTH:    0          7 = BLOWING DUST OR SAND:
                                                       VSBY 1/2 MILE OR LESS
                                                   8 = SMOKE OR HAZE
[NO. OF DAYS WITH]      [WEATHER - DAYS WITH]      9 = BLOWING SNOW
                                                   X = TORNADO
MAX 32 OR BELOW:   0    0.01 INCH OR MORE:  12
MAX 70 OR ABOVE:   0    0.10 INCH OR MORE:   7
MIN 32 OR BELOW:   0    0.50 INCH OR MORE:   2
MIN  0 OR BELOW:   0    1.00 INCH OR MORE:   0

[HDD (BASE 65) ]
TOTAL THIS MO.   315    CLEAR  (SCALE 0-3)   M
DPTR FM NORMAL   -83    PTCLDY (SCALE 4-7)   M
SEASONAL TOTAL   718    CLOUDY (SCALE 8-10)  M
DPTR FM NORMAL   -80

[CDD (BASE 65) ]
TOTAL THIS MO.     0
DPTR FM NORMAL     0    [PRESSURE DATA]
SEASONAL TOTAL     0    HIGHEST SLP     M
DPTR FM NORMAL     0    LOWEST  SLP     M

[REMARKS]
