921
CXUS51 KAKQ 251010
CF6ORF
PRELIMINARY LOCAL CLIMATOLOGICAL DATA (WS FORM: F-6)

                                          STATION:   NORFOLK VA
                                          MONTH:     NOVEMBER
                                          YEAR:      2017
                                          LATITUDE:   36 54 N
                                          LONGITUDE:  76 12 W

  TEMPERATURE IN F:       :PCPN:    SNOW:  WIND      :SUNSHINE: SKY     :PK WND
================================================================================
1   2   3   4   5  6A  6B    7    8   9   10  11  12  13   14  15   16   17  18
                                     12Z  AVG MX 2MIN
DY MAX MIN AVG DEP HDD CDD  WTR  SNW DPTH SPD SPD DIR MIN PSBL S-S WX    SPD DR
================================================================================

 1  76  49  63   6   2   0 0.00  0.0    0  4.1 13 220   M    M   0        16 210
 2  77  59  68  11   0   3 0.00  0.0    0  2.3 10  70   M    M   0 12     17 140
 3  81  56  69  13   0   4 0.00  0.0    0  3.5 12 220   M    M   1 128    15 230
 4  68  60  64   8   1   0 0.00  0.0    0 12.4 25  30   M    M  10        30  30
 5  71  60  66  10   0   1 0.00  0.0    0  4.3  9  30   M    M   7 1      14 120
 6  80  58  69  13   0   4 0.00  0.0    0  8.1 18 220   M    M   5 12     23 220
 7  68  52  60   5   5   0 0.08  0.0    0 11.8 22  10   M    M  10 1      30  20
 8  56  51  54  -1  11   0 0.34  0.0    0 16.0 22  30   M    M  10 1      28  10
 9  62  55  59   4   6   0 0.24  0.0    0  9.2 18  30   M    M  10 1      23  90
10  59  39  49  -5  16   0 0.00  0.0    0 16.0 30  30   M    M   5 1      41  30
11  43  34  39 -15  26   0 0.00  0.0    0 10.3 25  30   M    M   1        35  40
12  53  35  44 -10  21   0 0.00  0.0    0  4.5  9 360   M    M   5        13  10
13  55  47  51  -3  14   0 0.49  0.0    0  8.8 21  20   M    M  10 1      27  30
14  53  48  51  -2  14   0 0.00  0.0    0 15.2 20  30   M    M   7        26  30
15  56  48  52  -1  13   0 0.00  0.0    0  8.8 17  10   M    M   9        24 360
16  66  47  57   4   8   0 0.00  0.0    0  6.5 21 360   M    M   3        30  10
17  55  36  46  -6  19   0 0.00  0.0    0  7.0 20 350   M    M   0        29 360
18  67  33  50  -2  15   0 0.00  0.0    0 14.4 26 200   M    M   0        34 210
19  67  46  57   5   8   0 0.01  0.0    0 11.5 29 200   M    M   2        41 220
20  54  37  46  -6  19   0 0.00  0.0    0  4.6 12 250   M    M   0        16 250
21  66  35  51   0  14   0 0.00  0.0    0  7.6 17 210   M    M   2        20 200
22  61  45  53   2  12   0 0.01  0.0    0  9.5 21 350   M    M   4 1      27 350
23  47  35  41 -10  24   0 0.00  0.0    0  5.8 17 350   M    M   3        22  10
24  52  29  41  -9  24   0 0.00  0.0    0  3.1 12  30   M    M   0 1      17  90
================================================================================
SM 1493 1094       272  12  1.17     0.0 205.3          M      104
================================================================================
AV 62.2 45.6                               8.6 FASTST   M    M   4    MAX(MPH)
                                 MISC ---->  # 30  30               # 41   30
================================================================================
NOTES:
# LAST OF SEVERAL OCCURRENCES

COLUMN 17 PEAK WIND IN M.P.H.

PRELIMINARY LOCAL CLIMATOLOGICAL DATA (WS FORM: F-6) , PAGE 2

                                          STATION:  NORFOLK VA
                                          MONTH:    NOVEMBER
                                          YEAR:     2017
                                          LATITUDE:   36 54 N
                                          LONGITUDE:  76 12 W

[TEMPERATURE DATA]      [PRECIPITATION DATA]       SYMBOLS USED IN COLUMN 16

AVERAGE MONTHLY: 53.9   TOTAL FOR MONTH:   1.17    1 = FOG OR MIST
DPTR FM NORMAL:   0.2   DPTR FM NORMAL:   -1.35    2 = FOG REDUCING VISIBILITY
HIGHEST:    81 ON  3    GRTST 24HR  0.49 ON 13-13      TO 1/4 MILE OR LESS
LOWEST:     29 ON 24                               3 = THUNDER
                        SNOW, ICE PELLETS, HAIL    4 = ICE PELLETS
                        TOTAL MONTH:   0.0 INCH    5 = HAIL
                        GRTST 24HR     0.0         6 = FREEZING RAIN OR DRIZZLE
                        GRTST DEPTH:   0           7 = DUSTSTORM OR SANDSTORM:
                                                       VSBY 1/2 MILE OR LESS
                                                   8 = SMOKE OR HAZE
[NO. OF DAYS WITH]      [WEATHER - DAYS WITH]      9 = BLOWING SNOW
                                                   X = TORNADO
MAX 32 OR BELOW:   0    0.01 INCH OR MORE:   6
MAX 90 OR ABOVE:   0    0.10 INCH OR MORE:   3
MIN 32 OR BELOW:   1    0.50 INCH OR MORE:   0
MIN  0 OR BELOW:   0    1.00 INCH OR MORE:   0

[HDD (BASE 65) ]
TOTAL THIS MO.   272    CLEAR  (SCALE 0-3)  12
DPTR FM NORMAL    -4    PTCLDY (SCALE 4-7)   6
TOTAL FM JUL 1   346    CLOUDY (SCALE 8-10)  6
DPTR FM NORMAL   -87

[CDD (BASE 65) ]
TOTAL THIS MO.    12
DPTR FM NORMAL    11    [PRESSURE DATA]
TOTAL FM JAN 1  2107    HIGHEST SLP M ON M
DPTR FM NORMAL   486    LOWEST  SLP 29.45 ON 19

[REMARKS]
