000
CXUS51 KBOX 311200
CF6ORH
PRELIMINARY LOCAL CLIMATOLOGICAL DATA (WS FORM: F-6)

                                          STATION:   WORCESTER MA
                                          MONTH:     OCTOBER
                                          YEAR:      2014
                                          LATITUDE:   42 16 N
                                          LONGITUDE:  71 52 W

  TEMPERATURE IN F:       :PCPN:    SNOW:  WIND      :SUNSHINE: SKY     :PK WND
================================================================================
1   2   3   4   5  6A  6B    7    8   9   10  11  12  13   14  15   16   17  18
                                     12Z  AVG MX 2MIN
DY MAX MIN AVG DEP HDD CDD  WTR  SNW DPTH SPD SPD DIR MIN PSBL S-S WX    SPD DR
================================================================================

 1  55  53  54  -1  11   0 0.53  0.0    M 10.1 15  40   M    M  10 12     23  30
 2  55  49  52  -3  13   0 0.23  0.0    M  8.5 15  50   M    M   8 12     22  50
 3  61  47  54  -1  11   0 0.00  0.0    M  6.9 13  30   M    M   2 12     18  30
 4  61  50  56   2   9   0 0.37  0.0    M  8.7 18 150   M    M  10 12     25 140
 5  56  41  49  -5  16   0 0.00  0.0    M  9.7 18 290   M    M   1        24 280
 6  62  40  51  -2  14   0 0.00  0.0    M  9.0 20 190   M    M   0        24 200
 7  69  49  59   6   6   0    T  0.0    M 12.7 26 170   M    M   5        38 180
 8  67  52  60   7   5   0 0.01  0.0    M 13.5 24 240   M    M   7        36 190
 9  61  40  51  -1  14   0 0.00  0.0    M 10.4 25 280   M    M   1        33 240
10  57  44  51  -1  14   0 0.00  0.0    M  9.7 17 250   M    M   0        23 280
11  50  43  47  -5  18   0 0.15  0.0    M  4.6 12 290   M    M   4 1      14 290
12  58  40  49  -2  16   0 0.00  0.0    M  7.5 13 340   M    M   0        17 320
13  58  41  50  -1  15   0 0.00  0.0    M  9.0 16 220   M    M   7        21 210
14  72  56  64  13   1   0    T  0.0    M 12.2 20 190   M    M   7 18     27 210
15  74  62  68  18   0   3    T  0.0    M 10.8 20 180   M    M  10 1      25 190
16  68  57  63  13   2   0 2.69  0.0    M 11.2 20 210   M    M  10 12     26 220
17  67  55  61  11   4   0 0.00  0.0    M 10.9 21 240   M    M   5 1      26 220
18  65  50  58   9   7   0 0.21  0.0    M 10.9 18 270   M    M   8 12     25 280
19  50  34  42  -7  23   0    T  0.0    M 12.4 21 330   M    M   9        33 310
20  53  29  41  -8  24   0 0.00  0.0    M  8.9 18 230   M    M   2        25 260
21  62  44  53   5  12   0 0.00  0.0    M  6.0 14  20   M    M   7 12     20  40
22  49  45  47  -1  18   0 0.77  0.0    M 16.0 28  30   M    M  10 123    46  30
23  50  45  48   0  17   0 1.26  0.0    M 18.3 29 360   M    M  10 13     41  20
24  50  44  47   0  18   0 0.07  0.0    M 12.8 20 320   M    M   9 1      27 320
25  60  42  51   4  14   0 0.00  0.0    M 10.9 20 260   M    M   1 8      26 250
26  53  43  48   1  17   0    T  0.0    M 14.3 26 270   M    M   3        36 280
27  57  41  49   3  16   0 0.00  0.0    M 12.3 26 290   M    M   1        35 280
28  66  42  54   8  11   0 0.00  0.0    M  6.6 14 210   M    M   1 12     25 230
29  69  44  57  11   8   0 0.08  0.0    M 10.0 22 300   M    M   7 12     28 320
30  52  39  46   0  19   0 0.00  0.0    M  9.4 15 290   M    M   3        19 280
================================================================================
SM 1787 1361       373   3  6.37     0.0 314.2          M      158
================================================================================
AV 59.6 45.4                              10.5 FASTST   M    M   5    MAX(MPH)
                                 MISC ---->  # 29 360               # 46   30
================================================================================
NOTES:
# LAST OF SEVERAL OCCURRENCES

COLUMN 17 PEAK WIND IN M.P.H.

PRELIMINARY LOCAL CLIMATOLOGICAL DATA (WS FORM: F-6) , PAGE 2

                                          STATION:  WORCESTER MA
                                          MONTH:    OCTOBER
                                          YEAR:     2014
                                          LATITUDE:   42 16 N
                                          LONGITUDE:  71 52 W

[TEMPERATURE DATA]      [PRECIPITATION DATA]       SYMBOLS USED IN COLUMN 16

AVERAGE MONTHLY: 52.5   TOTAL FOR MONTH:   6.37    1 = FOG OR MIST
DPTR FM NORMAL:   2.3   DPTR FM NORMAL:    1.83    2 = FOG REDUCING VISIBILITY
HIGHEST:    74 ON 15    GRTST 24HR  2.69 ON 16-16      TO 1/4 MILE OR LESS
LOWEST:     29 ON 20                               3 = THUNDER
                        SNOW, ICE PELLETS, HAIL    4 = ICE PELLETS
                        TOTAL MONTH:   0.0 INCH    5 = HAIL
                        GRTST 24HR     0.0         6 = FREEZING RAIN OR DRIZZLE
                        GRTST DEPTH:  M  ON   M    7 = DUSTSTORM OR SANDSTORM:
                                                       VSBY 1/2 MILE OR LESS
                                                   8 = SMOKE OR HAZE
[NO. OF DAYS WITH]      [WEATHER - DAYS WITH]      9 = BLOWING SNOW
                                                   X = TORNADO
MAX 32 OR BELOW:   0    0.01 INCH OR MORE:  11
MAX 90 OR ABOVE:   0    0.10 INCH OR MORE:   8
MIN 32 OR BELOW:   1    0.50 INCH OR MORE:   4
MIN  0 OR BELOW:   0    1.00 INCH OR MORE:   2

[HDD (BASE 65) ]
TOTAL THIS MO.   373    CLEAR  (SCALE 0-3)  11
DPTR FM NORMAL   -75    PTCLDY (SCALE 4-7)  10
TOTAL FM JUL 1   546    CLOUDY (SCALE 8-10)  9
DPTR FM NORMAL   -95

[CDD (BASE 65) ]
TOTAL THIS MO.     3
DPTR FM NORMAL     3    [PRESSURE DATA]
TOTAL FM JAN 1   426    HIGHEST SLP M ON M
DPTR FM NORMAL   -42    LOWEST  SLP 29.44 ON 26

[REMARKS]
