000
CXUS56 KMFR 241000
CF6OTH
PRELIMINARY LOCAL CLIMATOLOGICAL DATA (WS FORM: F-6)

                                          STATION:   NORTH BEND OR
                                          MONTH:     NOVEMBER
                                          YEAR:      2014
                                          LATITUDE:   43 25 N
                                          LONGITUDE: 124 15 W

  TEMPERATURE IN F:       :PCPN:    SNOW:  WIND      :SUNSHINE: SKY     :PK WND
================================================================================
1   2   3   4   5  6A  6B    7    8   9   10  11  12  13   14  15   16   17  18
                                     12Z  AVG MX 2MIN
DY MAX MIN AVG DEP HDD CDD  WTR  SNW DPTH SPD SPD DIR MIN PSBL S-S WX    SPD DR
================================================================================

 1  59  46  53   2  12   0 0.16    M    M  5.3  9 260   M    M   M         M  M
 2  63  46  55   4  10   0 0.02    M    M  7.1 12 150   M    M   M         M  M
 3  63  52  58   7   7   0 0.15    M    M  6.5  8 140   M    M   M         M  M
 4  64  55  60   9   5   0 0.05    M    M  5.8 15 190   M    M  10        20 190
 5  70  55  63  12   2   0 0.00    M    M  4.7 10 270   0    0   0         M  M
 6   M  52   M   M   M   M 0.14    M    M 10.4 23 170   M    M   9        29 170
 7  63  46  55   5  10   0 0.00    M    M  3.6  9  30   0    0   0         M  M
 8  64  45  55   5  10   0 0.00    M    M  3.5  8 360   0    0   0         M  M
 9  57  45  51   1  14   0 0.00    M    M  5.5 10  20   M    M   0         M  M
10  61  41  51   1  14   0 0.00    M    M  5.2 14  20   M    M   0         M  M
11  61  41  51   1  14   0 0.00    M    M  5.0 13 100   M    M   3        16 110
12  54  45  50   1  15   0 0.12    M    M  9.5 14 100   M    M   0         M  M
13  61  45  53   4  12   0 0.37    M    M 12.1 17 250   M    M  10        25 250
14  57  46  52   3  13   0 0.42    M    M  7.6 16 250   M    M  10        23 250
15  52  43  48  -1  17   0 0.00    M    M  6.8 13 100   M    M   3        16 100
16  61  37  49   0  16   0 0.00    M    M  6.8 15 100   M    M   M         M  M
17  63  37  50   2  15   0 0.00    M    M  7.9 12 150   M    M   M         M  M
18  57  39  48   0  17   0 0.00    M    M  7.9 12 150   M    M   M         M  M
19  61  48  55   7  10   0 0.30    M    M  7.2 14 240   M    M   8        18 240
20  59  48  54   6  11   0 0.07    M    M  5.4  7 140   M    M   M         M  M
21  61  48  55   7  10   0 0.73    M    M 11.8 27 190   M    M  10        40 200
22  59  46  53   5  12   0 0.28    M    M  9.2 16 270   M    M   7        25 250
23  61  46  54   7  11   0 0.01    M    M  6.6  9 140   M    M   4        17 230
================================================================================
SM 1331 1052       257   0  2.82    M    161.4            0     74
================================================================================
AV 60.5 45.7                               7.0 FASTST    0   0   5    MAX(MPH)
                                 MISC ---->  # 27 190                 40    M
================================================================================
NOTES:
# LAST OF SEVERAL OCCURRENCES

COLUMN 17 PEAK WIND IN M.P.H.

PRELIMINARY LOCAL CLIMATOLOGICAL DATA (WS FORM: F-6) , PAGE 2

                                          STATION:  NORTH BEND OR
                                          MONTH:    NOVEMBER
                                          YEAR:     2014
                                          LATITUDE:   43 25 N
                                          LONGITUDE: 124 15 W

[TEMPERATURE DATA]      [PRECIPITATION DATA]       SYMBOLS USED IN COLUMN 16

AVERAGE MONTHLY: 53.1   TOTAL FOR MONTH:   2.82    1 = FOG OR MIST
DPTR FM NORMAL:   3.8   DPTR FM NORMAL:   -4.72    2 = FOG REDUCING VISIBILITY
HIGHEST:    70 ON  5    GRTST 24HR  0.73 ON 21-21      TO 1/4 MILE OR LESS
LOWEST:     37 ON 17,16                            3 = THUNDER
                        SNOW, ICE PELLETS, HAIL    4 = ICE PELLETS
                        TOTAL MONTH:    M          5 = HAIL
                        GRTST 24HR    M  ON   M    6 = FREEZING RAIN OR DRIZZLE
                        GRTST DEPTH:  M  ON   M    7 = DUSTSTORM OR SANDSTORM:
                                                       VSBY 1/2 MILE OR LESS
                                                   8 = SMOKE OR HAZE
[NO. OF DAYS WITH]      [WEATHER - DAYS WITH]      9 = BLOWING SNOW
                                                   X = TORNADO
MAX 32 OR BELOW:   0    0.01 INCH OR MORE:  13
MAX 90 OR ABOVE:   0    0.10 INCH OR MORE:   9
MIN 32 OR BELOW:   0    0.50 INCH OR MORE:   1
MIN  0 OR BELOW:   0    1.00 INCH OR MORE:   0

[HDD (BASE 65) ]
TOTAL THIS MO.   257    CLEAR  (SCALE 0-3)   8
DPTR FM NORMAL  -102    PTCLDY (SCALE 4-7)   3
TOTAL FM JUL 1   788    CLOUDY (SCALE 8-10)  5
DPTR FM NORMAL  -537

[CDD (BASE 65) ]
TOTAL THIS MO.     0
DPTR FM NORMAL     0    [PRESSURE DATA]
TOTAL FM JAN 1    28    HIGHEST SLP M ON M
DPTR FM NORMAL    26    LOWEST  SLP  0.00 ON  1

[REMARKS]
