000
CXUS56 KOTX 011500
CF6OTX
PRELIMINARY LOCAL CLIMATOLOGICAL DATA (WS FORM: F-6)

                                          STATION:   SPOKANE  WA WFO
                                          MONTH:     JULY
                                          YEAR:      2015
                                          LATITUDE:   47 40 N
                                          LONGITUDE: 117 38 W

  TEMPERATURE IN F:       :PCPN:    SNOW:  WIND      :SUNSHINE: SKY     :PK WND
================================================================================
1   2   3   4   5  6A  6B    7    8   9   10  11  12  13   14  15   16   17  18
                                     12Z  AVG MX 2MIN
DY MAX MIN AVG DEP HDD CDD  WTR  SNW DPTH SPD SPD DIR MIN PSBL S-S WX    SPD DR
================================================================================

 1  94  57  76  13   0  11 0.00  0.0    0   M   M   M   M    M   M         M  M
 2  96  59  78  15   0  13 0.00  0.0    0   M   M   M   M    M   M         M  M
 3  99  58  79  15   0  14 0.00  0.0    0   M   M   M   M    M   M         M  M
 4  96  59  78  14   0  13 0.00  0.0    0   M   M   M   M    M   M         M  M
 5  86  69  78  14   0  13 0.00  0.0    0 10.0 18   M   M    M   M        24   0
 6  90  52  71   7   0   6 0.00  0.0    0  7.0 14   M   0    0   0        20   0
 7  89  57  73   8   0   8 0.00  0.0    0  7.0 16   M   M    M   M        23  M
 8  93  55  74   9   0   9 0.00  0.0    0  5.0 15   M   M    M   M        32   0
 9  95  58  77  12   0  12 0.00  0.0    0  5.0 13   M   M    M   M        18  M
10  92  66  79  13   0  14 0.01  0.0    0 10.0 26   M   M    M   M        32  M
11  74  63  69   3   0   4 0.07  0.0    0  9.0 21   M   M    M   M        25  M
12  83  60  72   6   0   7 0.00  0.0    0 11.0 21   M   M    M   M        29  M
13  80  59  70   4   0   5 0.00  0.0    0 10.0 24   M   M    M   M        32  M
14  84  58  71   4   0   6 0.00  0.0    0   M   M   M   M    M   M         M  M
15  84  49  67   0   0   2 0.00  0.0    0   M   M   M   M    M   0         0   0
16  79  56  68   1   0   3 0.00  0.0    0   M   M   M   M    M   0         0   0
17  84  49  67   0   0   2 0.00  0.0    0   M   M   M   M    M   0         0   0
18  87  55  71   3   0   6 0.00  0.0    0   M   M   M   M    M   0         0   0
19  93  56  75   7   0  10 0.00  0.0    0   M   M   M   M    M   0         0   0
20  92  62  77   9   0  12 0.00  0.0    0   M   M   M   M    M   0         0   0
21  85  56  71   3   0   6 0.00  0.0    0   M   M   M   M    M   M         M  M
22  79  52  66  -2   0   1 0.00  0.0    0   M   M   M   M    M   M         M  M
23  82  44  63  -5   2   0 0.00  0.0    0   M   M   M   M    M   M         M  M
24  82  56  69   1   0   4 0.00  0.0    0   M   M   M   M    M   M         M  M
25  77  58  68  -1   0   3    T  0.0    0   M   M   M   M    M   M         M  M
26  73  50  62  -7   3   0    T  0.0    M   M   M   M   M    M   0         M  M
27  73  45  59 -10   6   0 0.03  0.0    M   M   M   M   M    M   M         M  M
28  79  40  60  -9   5   0 0.00  0.0    0   M   M   M   M    M   M         M  M
29  87  47  67  -2   0   2 0.00  0.0    0   M   M   M   M    M   M         M  M
30  95  49  72   3   0   7 0.00  0.0    0   M   M   M   M    M   M         M  M
31 100  52  76   7   0  11 0.00  0.0    0   M   M   M   M    M   M         M  M
================================================================================
SM 2682 1706        16 204  0.11     0.0  74.0            0      0
================================================================================
AV 86.5 55.0                               8.2 FASTST    0   0   0    MAX(MPH)
                                 MISC ---->    26   M               # 32    0
================================================================================
NOTES:
# LAST OF SEVERAL OCCURRENCES

COLUMN 17 PEAK WIND IN M.P.H.

PRELIMINARY LOCAL CLIMATOLOGICAL DATA (WS FORM: F-6) , PAGE 2

                                          STATION:  SPOKANE  WA WFO
                                          MONTH:    JULY
                                          YEAR:     2015
                                          LATITUDE:   47 40 N
                                          LONGITUDE: 117 38 W

[TEMPERATURE DATA]      [PRECIPITATION DATA]       SYMBOLS USED IN COLUMN 16

AVERAGE MONTHLY: 70.8   TOTAL FOR MONTH:   0.11    1 = FOG OR MIST
DPTR FM NORMAL:   4.1   DPTR FM NORMAL:   -0.46    2 = FOG REDUCING VISIBILITY
HIGHEST:   100 ON 31    GRTST 24HR  0.07 ON 11-11      TO 1/4 MILE OR LESS
LOWEST:     40 ON 28                               3 = THUNDER
                        SNOW, ICE PELLETS, HAIL    4 = ICE PELLETS
                        TOTAL MONTH:   0.0 INCH    5 = HAIL
                        GRTST 24HR     0.0         6 = FREEZING RAIN OR DRIZZLE
                        GRTST DEPTH:   0           7 = DUSTSTORM OR SANDSTORM:
                                                       VSBY 1/2 MILE OR LESS
                                                   8 = SMOKE OR HAZE
[NO. OF DAYS WITH]      [WEATHER - DAYS WITH]      9 = BLOWING SNOW
                                                   X = TORNADO
MAX 32 OR BELOW:   0    0.01 INCH OR MORE:   3
MAX 90 OR ABOVE:  12    0.10 INCH OR MORE:   0
MIN 32 OR BELOW:   0    0.50 INCH OR MORE:   0
MIN  0 OR BELOW:   0    1.00 INCH OR MORE:   0

[HDD (BASE 65) ]
TOTAL THIS MO.    16    CLEAR  (SCALE 0-3)   8
DPTR FM NORMAL   -36    PTCLDY (SCALE 4-7)   0
TOTAL FM JUL 1    16    CLOUDY (SCALE 8-10)  0
DPTR FM NORMAL   -36

[CDD (BASE 65) ]
TOTAL THIS MO.   204
DPTR FM NORMAL    99    [PRESSURE DATA]
TOTAL FM JAN 1   356    HIGHEST SLP M ON M
DPTR FM NORMAL   227    LOWEST  SLP  0.00 ON M

[REMARKS]
#FINAL-07-15#
