000
CXUS56 KOTX 301500
CF6OTX
PRELIMINARY LOCAL CLIMATOLOGICAL DATA (WS FORM: F-6)

                                          STATION:   SPOKANE  WA WFO
                                          MONTH:     SEPTEMBER
                                          YEAR:      2016
                                          LATITUDE:   47 40 N
                                          LONGITUDE: 117 38 W

  TEMPERATURE IN F:       :PCPN:    SNOW:  WIND      :SUNSHINE: SKY     :PK WND
================================================================================
1   2   3   4   5  6A  6B    7    8   9   10  11  12  13   14  15   16   17  18
                                     12Z  AVG MX 2MIN
DY MAX MIN AVG DEP HDD CDD  WTR  SNW DPTH SPD SPD DIR MIN PSBL S-S WX    SPD DR
================================================================================

 1  72  52  62   0   3   0 0.00  0.0    0 11.0 22   M   M    M   M        28  M
 2  68  44  56  -6   9   0 0.14  0.0    0 10.0 21   M   M    M   M        29  M
 3  66  37  52 -10  13   0 0.00  0.0    0  4.0 13   M   M    M   M         0  M
 4  72  36  54  -7  11   0 0.00  0.0    0  5.0 13   M   M    M   M        17  M
 5  70  35  53  -8  12   0 0.00  0.0    0  8.0 21   M   M    M   M        28  M
 6  59  45  52  -9  13   0    T  0.0    0   M   M   M   M    M   M         M  M
 7  71  48  60   0   5   0 0.02  0.0    0   M   M   M   M    M   M         M  M
 8  73  40  57  -3   8   0    T  0.0    0   M   M   M   M    M   0         0   0
 9  72  32  52  -8  13   0 0.00  0.0    0   M   M   M   M    M   0         0   0
10  81  39  60   0   5   0 0.00  0.0    0   M   M   M   M    M   0         0   0
11  72  48  60   1   5   0 0.00  0.0    0   M   M   M   M    M   0         0   0
12  64  37  51  -8  14   0 0.00  0.0    0   M   M   M   M    M   0         0   0
13  71  29  50  -8  15   0 0.00  0.0    0   M   M   M   M    M   0         0   0
14  76  31  54  -4  11   0 0.00  0.0    0   M   M   M   M    M   0         0   0
15  78  37  58   0   7   0 0.00  0.0    0   M   M   M   M    M   M         M  M
16  81  43  62   5   3   0 0.00  0.0    0   M   M   M   M    M   M         M  M
17  66  53  60   3   5   0 0.13  0.0    0   M   M   M   M    M   M         M  M
18  68  44  56  -1   9   0 0.00  0.0    M   M   M   M   M    M   M         M  M
19  65  39  52  -4  13   0 0.00  0.0    M   M   M   M   M    M   M         M  M
20   M   M   M   M   M   M    M    M    M   M   M   M   0    0   0         0   0
21  65  33  49  -7  16   0 0.00  0.0    M   M   M   M   M    M   M         M  M
22  67  50  59   4   6   0 0.00    M    M   M   M   M   M    M   M         M  M
23  65  42  54  -1  11   0 0.01  0.0    M   M   M   M   M    M   M         M  M
24  67  32  50  -4  15   0 0.00  0.0    0  7.0 17   M   M    M   M        24  M
25  75  49  62   8   3   0 0.00  0.0    0  6.0 15   M   M    M   M        20  M
26  81  44  63   9   2   0 0.00  0.0    0  5.0 12   M   M    M   M         0  M
27  81  44  63  10   2   0 0.00  0.0    0  6.0 17   M   M    M   M        24  M
28  80  43  62   9   3   0 0.00  0.0    0  5.0 12   M   M    M   M         0  M
29  79  47  63  11   2   0 0.00  0.0    0  4.0 15   M   M    M   M        18  M
================================================================================
SM 2005 1153       234   0  0.30     0.0  71.0            0      0
================================================================================
AV 71.6 41.2                               6.5 FASTST    0   0   0    MAX(MPH)
                                 MISC ---->    22   M                 29    M
================================================================================
NOTES:
# LAST OF SEVERAL OCCURRENCES

COLUMN 17 PEAK WIND IN M.P.H.

PRELIMINARY LOCAL CLIMATOLOGICAL DATA (WS FORM: F-6) , PAGE 2

                                          STATION:  SPOKANE  WA WFO
                                          MONTH:    SEPTEMBER
                                          YEAR:     2016
                                          LATITUDE:   47 40 N
                                          LONGITUDE: 117 38 W

[TEMPERATURE DATA]      [PRECIPITATION DATA]       SYMBOLS USED IN COLUMN 16

AVERAGE MONTHLY: 56.4   TOTAL FOR MONTH:   0.30    1 = FOG OR MIST
DPTR FM NORMAL:  -1.2   DPTR FM NORMAL:   -0.30    2 = FOG REDUCING VISIBILITY
HIGHEST:    81 ON 27,26 GRTST 24HR  0.14 ON  2- 2      TO 1/4 MILE OR LESS
LOWEST:     29 ON 13                               3 = THUNDER
                        SNOW, ICE PELLETS, HAIL    4 = ICE PELLETS
                        TOTAL MONTH:   0.0 INCH    5 = HAIL
                        GRTST 24HR     0.0         6 = FREEZING RAIN OR DRIZZLE
                        GRTST DEPTH:   0           7 = DUSTSTORM OR SANDSTORM:
                                                       VSBY 1/2 MILE OR LESS
                                                   8 = SMOKE OR HAZE
[NO. OF DAYS WITH]      [WEATHER - DAYS WITH]      9 = BLOWING SNOW
                                                   X = TORNADO
MAX 32 OR BELOW:   0    0.01 INCH OR MORE:   4
MAX 90 OR ABOVE:   0    0.10 INCH OR MORE:   2
MIN 32 OR BELOW:   4    0.50 INCH OR MORE:   0
MIN  0 OR BELOW:   0    1.00 INCH OR MORE:   0

[HDD (BASE 65) ]
TOTAL THIS MO.   234    CLEAR  (SCALE 0-3)   8
DPTR FM NORMAL     2    PTCLDY (SCALE 4-7)   0
TOTAL FM JUL 1   319    CLOUDY (SCALE 8-10)  0
DPTR FM NORMAL   -24

[CDD (BASE 65) ]
TOTAL THIS MO.     0
DPTR FM NORMAL   -14    [PRESSURE DATA]
TOTAL FM JAN 1   229    HIGHEST SLP M ON M
DPTR FM NORMAL   -18    LOWEST  SLP  0.00 ON M

[REMARKS]
