000
CXUS56 KOTX 251500
CF6OTX
PRELIMINARY LOCAL CLIMATOLOGICAL DATA (WS FORM: F-6)

                                          STATION:   SPOKANE  WA WFO
                                          MONTH:     AUGUST
                                          YEAR:      2016
                                          LATITUDE:   47 40 N
                                          LONGITUDE: 117 38 W

  TEMPERATURE IN F:       :PCPN:    SNOW:  WIND      :SUNSHINE: SKY     :PK WND
================================================================================
1   2   3   4   5  6A  6B    7    8   9   10  11  12  13   14  15   16   17  18
                                     12Z  AVG MX 2MIN
DY MAX MIN AVG DEP HDD CDD  WTR  SNW DPTH SPD SPD DIR MIN PSBL S-S WX    SPD DR
================================================================================

 1  85  49  67  -2   0   2 0.00  0.0    0   M   M   M   M    M   0         0   0
 2  79  47  63  -6   2   0 0.00  0.0    0   M   M   M   M    M   0         0   0
 3  78  47  63  -6   2   0 0.00  0.0    0   M   M   M   M    M   0         0   0
 4  81  62  72   3   0   7 0.00  0.0    0   M   M   M   M    M   0         0   0
 5  91  49  70   1   0   5 0.00  0.0    0   M   M   M   M    M   0         0   0
 6  86  52  69   1   0   4 0.00  0.0    0   M   M   M   M    M   0         0   0
 7  77  46  62  -6   3   0 0.04  0.0    0   M   M   M   M    M   M 3       M  M
 8  72  52  62  -6   3   0 0.00  0.0    0   M   M   M   M    M   M         M  M
 9  67  52  60  -8   5   0 0.04  0.0    0   M   M   M   M    M   M         M  M
10  76  49  63  -5   2   0 0.00  0.0    0   M   M   M   M    M   M         M  M
11  85  49  67  -1   0   2 0.00  0.0    0   M   M   M   M    M   M         M  M
12  89  54  72   4   0   7 0.00  0.0    M   M   M   M   M    M   M         M  M
13  91  54  73   5   0   8 0.00  0.0    0   M   M   M   M    M   M         M  M
14  93  54  74   7   0   9 0.00  0.0    0   M   M   M   M    M   M         M  M
15  92  49  71   4   0   6 0.00  0.0    0   M   M   M   M    M   M         M  M
16  93  51  72   5   0   7 0.00  0.0    0   M   M   M   M    M   M         M  M
17  93  58  76   9   0  11 0.00  0.0    0   M   M   M   M    M   M         M  M
18  93  65  79  13   0  14 0.00  0.0    0   M   M   M   M    M   0         0   0
19  84  51  68   2   0   3 0.00  0.0    0   M   M   M   M    M   0         0   0
20   M   M   M   M   M   M    M    M    M   M   M   M   0    0   0         0   0
21  91  51  71   5   0   6 0.00  0.0    0   M   M   M   M    M   0         0   0
22   M   M   M   M   M   M    M    M    M   M   M   M   0    0   0         0   0
23   M   M   M   M   M   M    M    M    M   M   M   M   0    0   0         0   0
24   M   M   M   M   M   M    M    M    M   M   M   M   0    0   0         0   0
================================================================================
SM 1696 1041        17  91  0.08     0.0     M            0      0
================================================================================
AV 84.8 52.1                                 M FASTST    0   0   0    MAX(MPH)
                                 MISC ---->     M   M               #  0    0
================================================================================
NOTES:
# LAST OF SEVERAL OCCURRENCES

COLUMN 17 PEAK WIND IN M.P.H.

PRELIMINARY LOCAL CLIMATOLOGICAL DATA (WS FORM: F-6) , PAGE 2

                                          STATION:  SPOKANE  WA WFO
                                          MONTH:    AUGUST
                                          YEAR:     2016
                                          LATITUDE:   47 40 N
                                          LONGITUDE: 117 38 W

[TEMPERATURE DATA]      [PRECIPITATION DATA]       SYMBOLS USED IN COLUMN 16

AVERAGE MONTHLY: 68.4   TOTAL FOR MONTH:   0.08    1 = FOG OR MIST
DPTR FM NORMAL:   1.1   DPTR FM NORMAL:   -0.26    2 = FOG REDUCING VISIBILITY
HIGHEST:    93 ON 18,17 GRTST 24HR  0.04 ON  9- 9      TO 1/4 MILE OR LESS
LOWEST:     46 ON  7                               3 = THUNDER
                        SNOW, ICE PELLETS, HAIL    4 = ICE PELLETS
                        TOTAL MONTH:   0.0 INCH    5 = HAIL
                        GRTST 24HR     0.0         6 = FREEZING RAIN OR DRIZZLE
                        GRTST DEPTH:   0           7 = DUSTSTORM OR SANDSTORM:
                                                       VSBY 1/2 MILE OR LESS
                                                   8 = SMOKE OR HAZE
[NO. OF DAYS WITH]      [WEATHER - DAYS WITH]      9 = BLOWING SNOW
                                                   X = TORNADO
MAX 32 OR BELOW:   0    0.01 INCH OR MORE:   2
MAX 90 OR ABOVE:   8    0.10 INCH OR MORE:   0
MIN 32 OR BELOW:   0    0.50 INCH OR MORE:   0
MIN  0 OR BELOW:   0    1.00 INCH OR MORE:   0

[HDD (BASE 65) ]
TOTAL THIS MO.    17    CLEAR  (SCALE 0-3)  13
DPTR FM NORMAL   -17    PTCLDY (SCALE 4-7)   0
TOTAL FM JUL 1    74    CLOUDY (SCALE 8-10)  0
DPTR FM NORMAL   -12

[CDD (BASE 65) ]
TOTAL THIS MO.    91
DPTR FM NORMAL     0    [PRESSURE DATA]
TOTAL FM JAN 1   219    HIGHEST SLP M ON M
DPTR FM NORMAL    -1    LOWEST  SLP  0.00 ON M

[REMARKS]
