000
CXUS55 KPAH 280640
CF6OWB
PRELIMINARY LOCAL CLIMATOLOGICAL DATA (WS FORM: F-6)

                                          STATION:   OWENSBORO KY
                                          MONTH:     NOVEMBER
                                          YEAR:      2014
                                          LATITUDE:   37 45 N
                                          LONGITUDE:  87 10 W

  TEMPERATURE IN F:       :PCPN:    SNOW:  WIND      :SUNSHINE: SKY     :PK WND
================================================================================
1   2   3   4   5  6A  6B    7    8   9   10  11  12  13   14  15   16   17  18
                                     12Z  AVG MX 2MIN
DY MAX MIN AVG DEP HDD CDD  WTR  SNW DPTH SPD SPD DIR MIN PSBL S-S WX    SPD DR
================================================================================

 1  48  35  42 -13  23   0 0.00    M    0 10.1 23 360   M    M   1        30 350
 2  54  25  40 -15  25   0    T    M    0  4.2 12 160   M    M   1        15 150
 3  69  40  55   0  10   0 0.00    M    0  9.8 22 210   M    M   1 8      25 210
 4  63  48  56   2   9   0 0.18    M    0 10.9  M   M   M    M   6 1       M  M
 5  57  51  54   0  11   0 0.04  0.0    0  5.2  M   M   M    M   8 1       M  M
 6  52  43  48  -6  17   0    T    M    0 10.8  M   M   M    M   7 1       M  M
 7  52  34  43 -10  22   0 0.00    M    0  6.4  M   M   M    M   2 8       M  M
 8  56  34  45  -8  20   0 0.00  0.0    0 10.6  M   M   M    M   3         M  M
 9  57  29  43  -9  22   0 0.00  0.0    0  7.5  M   M   M    M   0 1       M  M
10  67  36  52   0  13   0 0.00  0.0    0   M   M   M   M    M   0         M  M
11  63  35  49  -3  16   0 0.02  0.0    0   M   M   M   M    M   7 1       M  M
12  36  30  33 -18  32   0 0.00  0.0    0   M   M   M   M    M  10         M  M
13  32  26  29 -22  36   0    T  0.0    0   M   M   M   M    M   8         M  M
14  34  22  28 -22  37   0 0.00  0.0    0  7.2 10 360   M    M   2         M  M
15  41  21  31 -19  34   0    T    M    M  8.2 12 110   M    M   4         M  M
16  41  32  37 -12  28   0 0.18    M    M  6.0  8 340   M    M  10 18      M  M
17  32  18  25 -24  40   0 0.12    M    M 12.6 16 290   M    M   9 1      21 320
18  25   9  17 -31  48   0    T    M    M   M   M   M   M    M   1         M  M
19  48  17  33 -15  32   0 0.00  0.0    M   M   M   M   M    M   3        29  M
20  35  21  28 -20  37   0 0.00  0.0    0   M   M   M   M    M   1         M  M
21  44  19  32 -15  33   0    T    M    0   M   M   M   M    M   3         M  M
22  65  43  54   7  11   0    T    M    0   M   M   M   M    M   6         M 200
23  61  48  55   9  10   0 0.78    M    0   M   M   M   M    M   9 1      25  M
24  62  41  52   6  13   0 0.03  0.0    0 15.0 26 270   M    M   8 1      35 230
25  43  29  36 -10  29   0 0.00  0.0    0  7.9 14 290   M    M   0        15 300
26  43  22  33 -12  32   0 0.13    M    M  5.2  9 250   M    M   3 18     12  M
27  33  23  28 -17  37   0 0.02    M    0   M   M   M   M    M   9 1       M  M
================================================================================
SM 1313  831       677   0  1.50     0.0 137.6          M      122
================================================================================
AV 48.6 30.8                               8.6 FASTST   M    M   5    MAX(MPH)
                                 MISC ---->  # 26 270               # 35  230
================================================================================
NOTES:
# LAST OF SEVERAL OCCURRENCES

COLUMN 17 PEAK WIND IN M.P.H.

PRELIMINARY LOCAL CLIMATOLOGICAL DATA (WS FORM: F-6) , PAGE 2

                                          STATION:  OWENSBORO KY
                                          MONTH:    NOVEMBER
                                          YEAR:     2014
                                          LATITUDE:   37 45 N
                                          LONGITUDE:  87 10 W

[TEMPERATURE DATA]      [PRECIPITATION DATA]       SYMBOLS USED IN COLUMN 16

AVERAGE MONTHLY: 39.7   TOTAL FOR MONTH:   1.50    1 = FOG OR MIST
DPTR FM NORMAL: -10.5   DPTR FM NORMAL:   -2.14    2 = FOG REDUCING VISIBILITY
HIGHEST:    69 ON  3    GRTST 24HR  0.78 ON 23-23      TO 1/4 MILE OR LESS
LOWEST:      9 ON 18                               3 = THUNDER
                        SNOW, ICE PELLETS, HAIL    4 = ICE PELLETS
                        TOTAL MONTH:   0.0 INCH    5 = HAIL
                        GRTST 24HR     0.0         6 = FREEZING RAIN OR DRIZZLE
                        GRTST DEPTH:   0           7 = DUSTSTORM OR SANDSTORM:
                                                       VSBY 1/2 MILE OR LESS
                                                   8 = SMOKE OR HAZE
[NO. OF DAYS WITH]      [WEATHER - DAYS WITH]      9 = BLOWING SNOW
                                                   X = TORNADO
MAX 32 OR BELOW:   3    0.01 INCH OR MORE:   9
MAX 90 OR ABOVE:   0    0.10 INCH OR MORE:   5
MIN 32 OR BELOW:  15    0.50 INCH OR MORE:   1
MIN  0 OR BELOW:   0    1.00 INCH OR MORE:   0

[HDD (BASE 65) ]
TOTAL THIS MO.   677    CLEAR  (SCALE 0-3)  13
DPTR FM NORMAL   270    PTCLDY (SCALE 4-7)   7
TOTAL FM JUL 1   912    CLOUDY (SCALE 8-10)  7
DPTR FM NORMAL   293

[CDD (BASE 65) ]
TOTAL THIS MO.     0
DPTR FM NORMAL    -3    [PRESSURE DATA]
TOTAL FM JAN 1  1462    HIGHEST SLP M ON M
DPTR FM NORMAL  -293    LOWEST  SLP M ON M

[REMARKS]
