000
CXUS55 KPAH 290630
CF6OWB
PRELIMINARY LOCAL CLIMATOLOGICAL DATA (WS FORM: F-6)

                                          STATION:   OWENSBORO KY
                                          MONTH:     APRIL
                                          YEAR:      2016
                                          LATITUDE:   37 45 N
                                          LONGITUDE:  87 10 W

  TEMPERATURE IN F:       :PCPN:    SNOW:  WIND      :SUNSHINE: SKY     :PK WND
================================================================================
1   2   3   4   5  6A  6B    7    8   9   10  11  12  13   14  15   16   17  18
                                     12Z  AVG MX 2MIN
DY MAX MIN AVG DEP HDD CDD  WTR  SNW DPTH SPD SPD DIR MIN PSBL S-S WX    SPD DR
================================================================================

 1  61  46  54   0  11   0 0.00  0.0    0 10.8 21 280   M    M   2        25 290
 2  62  40  51  -3  14   0 0.00  0.0    0 15.5 35 300   M    M   2        46 270
 3  67  32  50  -5  15   0 0.00  0.0    0  9.6 22 210   M    M   0        27 210
 4  69  40  55   0  10   0    T  0.0    0 12.9 23 310   M    M   2        27 320
 5  56  33  45 -11  20   0 0.00  0.0    0  7.7 12 120   M    M   0        18 150
 6  68  44  56   0   9   0 0.05    M    0 16.4 39 240   M    M   4 1      48 210
 7  54  41  48  -8  17   0 0.00  0.0    0 11.0 23 310   M    M   6        28 280
 8  51  36  44 -13  21   0    T    M    0 11.3 28 300   M    M   7        32 260
 9  47  31  39 -18  26   0 0.00  0.0    0  8.1 23 320   M    M   2        26 310
10  65  38  52  -5  13   0 0.01    M    0 12.7 23 180   M    M   7        28 170
11  67  42  55  -3  10   0 0.73  0.0    0 11.9 29 320   M    M   8 1      33 210
12  59  38  49  -9  16   0 0.00  0.0    0  6.7 15  40   M    M   0        20  20
13  67  40  54  -5  11   0 0.00    M    0  7.6 14  70   M    M   0         M  M
14  75  47  61   2   4   0 0.00  0.0    0  6.5 10 100   M    M   2        15  M
15  79  57  68   9   0   3 0.00  0.0    0  5.0 12 200   M    M   3        14  M
16  79  52  66   6   0   1 0.00  0.0    0  6.4 14 120   M    M   0        17  M
17  83  51  67   7   0   2 0.00  0.0    0  3.2 12 160   M    M   0        14 170
18  84  52  68   8   0   3 0.00  0.0    0  2.4 10 220   M    M   0        14 210
19  83  57  70   9   0   5 0.00  0.0    0  2.7 15 210   M    M   0        16 210
20  84  58  71  10   0   6 0.01  0.0    0  6.9 21 210   M    M   5        23 210
21  68  58  63   2   2   0 0.42  0.0    0 10.2 20 180   M    M   6 13     24 210
22  72  54  63   1   2   0 0.24  0.0    0  7.4 18 320   M    M   5 13     23 320
23  65  52  59  -3   6   0 0.00  0.0    0  4.3 10 350   M    M   6 18     13  10
24  79  45  62   0   3   0 0.00  0.0    0  4.8 13 160   M    M   0 1      16 200
25  83  59  71   8   0   6 0.00  0.0    0 10.8 22 210   M    M   3        29 220
26  86  62  74  11   0   9 0.81  0.0    0 10.8 27 300   M    M   6 13     39 300
27  73  59  66   3   0   1 1.98  0.0    0  6.4 13 270   M    M   6 13      M  M
28  78  61  70   6   0   5 0.00  0.0    0  8.6 16 270   M    M   2 1      22 270
================================================================================
SM 1964 1325       210  41  4.25     0.0 238.6          M       84
================================================================================
AV 70.1 47.3                               8.5 FASTST   M    M   3    MAX(MPH)
                                 MISC ---->  # 39 240               # 48  210
================================================================================
NOTES:
# LAST OF SEVERAL OCCURRENCES

COLUMN 17 PEAK WIND IN M.P.H.

PRELIMINARY LOCAL CLIMATOLOGICAL DATA (WS FORM: F-6) , PAGE 2

                                          STATION:  OWENSBORO KY
                                          MONTH:    APRIL
                                          YEAR:     2016
                                          LATITUDE:   37 45 N
                                          LONGITUDE:  87 10 W

[TEMPERATURE DATA]      [PRECIPITATION DATA]       SYMBOLS USED IN COLUMN 16

AVERAGE MONTHLY: 58.7   TOTAL FOR MONTH:   4.25    1 = FOG OR MIST
DPTR FM NORMAL:  -0.3   DPTR FM NORMAL:    0.07    2 = FOG REDUCING VISIBILITY
HIGHEST:    86 ON 26    GRTST 24HR  1.98 ON 27-27      TO 1/4 MILE OR LESS
LOWEST:     31 ON  9                               3 = THUNDER
                        SNOW, ICE PELLETS, HAIL    4 = ICE PELLETS
                        TOTAL MONTH:   0.0 INCH    5 = HAIL
                        GRTST 24HR     0.0         6 = FREEZING RAIN OR DRIZZLE
                        GRTST DEPTH:   0           7 = DUSTSTORM OR SANDSTORM:
                                                       VSBY 1/2 MILE OR LESS
                                                   8 = SMOKE OR HAZE
[NO. OF DAYS WITH]      [WEATHER - DAYS WITH]      9 = BLOWING SNOW
                                                   X = TORNADO
MAX 32 OR BELOW:   0    0.01 INCH OR MORE:   8
MAX 90 OR ABOVE:   0    0.10 INCH OR MORE:   5
MIN 32 OR BELOW:   2    0.50 INCH OR MORE:   3
MIN  0 OR BELOW:   0    1.00 INCH OR MORE:   1

[HDD (BASE 65) ]
TOTAL THIS MO.   210    CLEAR  (SCALE 0-3)  16
DPTR FM NORMAL     1    PTCLDY (SCALE 4-7)  12
TOTAL FM JUL 1  3365    CLOUDY (SCALE 8-10)  0
DPTR FM NORMAL  -447

[CDD (BASE 65) ]
TOTAL THIS MO.    41
DPTR FM NORMAL     0    [PRESSURE DATA]
TOTAL FM JAN 1    43    HIGHEST SLP M ON M
DPTR FM NORMAL    -4    LOWEST  SLP M ON M

[REMARKS]
