422
CXUS55 KLOX 271655
CF6OXR
PRELIMINARY LOCAL CLIMATOLOGICAL DATA (WS FORM: F-6)

                                          STATION:   OXNARD AIRPORT CA
                                          MONTH:     AUGUST
                                          YEAR:      2016
                                          LATITUDE:   34 12 N
                                          LONGITUDE: 119 12 W

  TEMPERATURE IN F:       :PCPN:    SNOW:  WIND      :SUNSHINE: SKY     :PK WND
================================================================================
1   2   3   4   5  6A  6B    7    8   9   10  11  12  13   14  15   16   17  18
                                     12Z  AVG MX 2MIN
DY MAX MIN AVG DEP HDD CDD  WTR  SNW DPTH SPD SPD DIR MIN PSBL S-S WX    SPD DR
================================================================================

 1  75  65  70   4   0   5 0.00  0.0    0  7.9 17 270   M    M   8 1      21 270
 2  75  64  70   4   0   5 0.00  0.0    0  7.3 18 280   M    M   7        24 270
 3  76  64  70   4   0   5 0.00  0.0    0  7.1 18 250   M    M   5        23 270
 4  74  64  69   3   0   4 0.00  0.0    0  8.6 21 270   M    M   5 18     26 270
 5  73  61  67   1   0   2 0.00  0.0    0  9.7 21 260   M    M   4        25 260
 6  73  63  68   2   0   3 0.00  0.0    0  6.9 18 270   M    M   7        23 250
 7  72  61  67   1   0   2 0.00  0.0    0  6.1 15 260   M    M   6 1      19 270
 8  75  60  68   2   0   3 0.00  0.0    0  6.4 16 260   M    M   7 18     20 280
 9  74  64  69   3   0   4 0.00  0.0    0  9.2 18 280   M    M   6 8      27 280
10  74  64  69   3   0   4 0.00  0.0    0  7.0 17 260   M    M   5        20 260
11  75  61  68   2   0   3 0.00  0.0    0  8.3 17 280   M    M   3 1      21 260
12  74  63  69   3   0   4 0.00  0.0    0  8.2 23 260   M    M   4        26 280
13  73  63  68   2   0   3 0.00  0.0    0  8.3 18 280   M    M   4 1      23 270
14  74  63  69   3   0   4 0.00  0.0    0  8.6 18 260   M    M   4 1      22 270
15  74  60  67   1   0   2 0.00  0.0    0  9.2 20 260   M    M   4 18     22 270
16  72  60  66   0   0   1 0.00  0.0    0  8.9 22 270   M    M   5 1      25 260
17  70  59  65  -1   0   0 0.00  0.0    0  8.1 16 280   M    M   5 1      20 260
18  71  59  65  -1   0   0 0.00  0.0    0  6.7 16 280   M    M   5 1      19 280
19  73  62  68   2   0   3 0.00  0.0    0  7.3 18 270   M    M   3        20 270
20  70  60  65  -1   0   0 0.00  0.0    0  9.0 20 280   M    M   4        23 270
21  73  60  67   1   0   2 0.00  0.0    0  7.6 21 260   M    M   2        25 270
22  74  61  68   2   0   3 0.00  0.0    0  7.3 16 260   M    M   2 18     20 270
23  74  60  67   1   0   2 0.00  0.0    0  5.7 16 270   M    M   0        20 270
24  73  60  67   1   0   2 0.00  0.0    0  6.9 16 270   M    M   0        25 300
25  71  60  66   0   0   1 0.00  0.0    M  5.8 15 270   M    M   5 1      19 270
26  71  62  67   1   0   2 0.00  0.0    0  6.4 14 280   M    M   7        18 210
================================================================================
SM 1903 1603         0  69  0.00     0.0 198.4          M      117
================================================================================
AV 73.2 61.7                               7.6 FASTST   M    M   5    MAX(MPH)
                                 MISC ---->    23   M               # 27  280
================================================================================
NOTES:
# LAST OF SEVERAL OCCURRENCES

COLUMN 17 PEAK WIND IN M.P.H.

PRELIMINARY LOCAL CLIMATOLOGICAL DATA (WS FORM: F-6) , PAGE 2

                                          STATION:  OXNARD AIRPORT CA
                                          MONTH:    AUGUST
                                          YEAR:     2016
                                          LATITUDE:   34 12 N
                                          LONGITUDE: 119 12 W

[TEMPERATURE DATA]      [PRECIPITATION DATA]       SYMBOLS USED IN COLUMN 16

AVERAGE MONTHLY: 67.4   TOTAL FOR MONTH:   0.00    1 = FOG OR MIST
DPTR FM NORMAL:   1.4   DPTR FM NORMAL:   -0.04    2 = FOG REDUCING VISIBILITY
HIGHEST:    76 ON  3    GRTST 24HR    T  ON  3- 4      TO 1/4 MILE OR LESS
LOWEST:     59 ON 18,17                            3 = THUNDER
                        SNOW, ICE PELLETS, HAIL    4 = ICE PELLETS
                        TOTAL MONTH:   0.0 INCH    5 = HAIL
                        GRTST 24HR     0.0         6 = FREEZING RAIN OR DRIZZLE
                        GRTST DEPTH:   0           7 = DUSTSTORM OR SANDSTORM:
                                                       VSBY 1/2 MILE OR LESS
                                                   8 = SMOKE OR HAZE
[NO. OF DAYS WITH]      [WEATHER - DAYS WITH]      9 = BLOWING SNOW
                                                   X = TORNADO
MAX 32 OR BELOW:   0    0.01 INCH OR MORE:   0
MAX 90 OR ABOVE:   0    0.10 INCH OR MORE:   0
MIN 32 OR BELOW:   0    0.50 INCH OR MORE:   0
MIN  0 OR BELOW:   0    1.00 INCH OR MORE:   0

[HDD (BASE 65) ]
TOTAL THIS MO.     0    CLEAR  (SCALE 0-3)   4
DPTR FM NORMAL   -26    PTCLDY (SCALE 4-7)  22
TOTAL FM JUL 1     0    CLOUDY (SCALE 8-10)  0
DPTR FM NORMAL   -48

[CDD (BASE 65) ]
TOTAL THIS MO.    69
DPTR FM NORMAL    30    [PRESSURE DATA]
TOTAL FM JAN 1   267    HIGHEST SLP M ON M
DPTR FM NORMAL   160    LOWEST  SLP 29.72 ON  7

[REMARKS]
