882
CXUS55 KLOX 261155
CF6OXR
PRELIMINARY LOCAL CLIMATOLOGICAL DATA (WS FORM: F-6)

                                          STATION:   OXNARD AIRPORT CA
                                          MONTH:     SEPTEMBER
                                          YEAR:      2016
                                          LATITUDE:   34 12 N
                                          LONGITUDE: 119 12 W

  TEMPERATURE IN F:       :PCPN:    SNOW:  WIND      :SUNSHINE: SKY     :PK WND
================================================================================
1   2   3   4   5  6A  6B    7    8   9   10  11  12  13   14  15   16   17  18
                                     12Z  AVG MX 2MIN
DY MAX MIN AVG DEP HDD CDD  WTR  SNW DPTH SPD SPD DIR MIN PSBL S-S WX    SPD DR
================================================================================

 1  74  58  66   0   0   1 0.00  0.0    0  6.4 17 270   M    M   1 1      27 210
 2  73  59  66   0   0   1 0.00  0.0    0  6.4 15 270   M    M   6         M  M
 3  74  61  68   2   0   3 0.00  0.0    0  7.8 21 270   M    M   6        27 240
 4  72  60  66   0   0   1 0.00  0.0    0  9.0 22 270   M    M   4        27 260
 5  71  56  64  -2   1   0 0.00  0.0    0  6.1 17 270   M    M   2        22 270
 6  73  56  65  -1   0   0 0.00  0.0    0  5.5 14 270   M    M   1        19 240
 7  69  61  65  -1   0   0 0.00  0.0    0  5.3 13 190   M    M  10 1      18 190
 8  73  63  68   2   0   3 0.00  0.0    0  6.3 14 280   M    M   5        19 210
 9  72  61  67   1   0   2 0.00  0.0    0  8.1 18 270   M    M   7        23 270
10  71  60  66   0   0   1 0.00  0.0    0  8.8 17 280   M    M   6 1      22 260
11  71  62  67   2   0   2 0.00  0.0    0  8.2 18 270   M    M   9 18     25 270
12  69  62  66   1   0   1 0.00  0.0    0  5.7 15 280   M    M  10        18 280
13  70  57  64  -1   1   0 0.00  0.0    0  6.0 14 250   M    M   4        21 240
14  71  54  63  -2   2   0 0.00  0.0    0  7.8 20 280   M    M   0        24 290
15  73  55  64  -1   1   0 0.00  0.0    0  5.3 14 260   M    M   1        16 250
16  73  56  65   0   0   0 0.00  0.0    0  4.7 17 270   M    M   0 1      20 270
17  72  56  64  -1   1   0 0.00  0.0    0  5.1 14 260   M    M   2 1      18 250
18  73  59  66   1   0   1 0.00  0.0    0  3.7 10 230   M    M   6 128    13 280
19  78  61  70   5   0   5    T  0.0    0  4.7 16 210   M    M   4 18     23 200
20  84  65  75  10   0  10 0.00  0.0    0  4.4 16 270   M    M   1 8      20 270
21  77  66  72   7   0   7 0.00  0.0    0  6.9 15 260   M    M   0 1      18 260
22  80  58  69   4   0   4 0.00  0.0    0  9.7 29 280   M    M   0 8      34 300
23  76  56  66   1   0   1 0.00  0.0    0  6.9 24 310   M    M   0 8      33 300
24  80  60  70   5   0   5 0.00  0.0    0  6.4 12 270   M    M   0        15  20
25 101  60  81  16   0  16 0.00  0.0    0  8.4 24  60   M    M   0        31  70
================================================================================
SM 1870 1482         6  64    T      0.0 163.7          M       85
================================================================================
AV 74.8 59.3                               6.5 FASTST   M    M   3    MAX(MPH)
                                 MISC ---->  # 29 280               # 34  300
================================================================================
NOTES:
# LAST OF SEVERAL OCCURRENCES

COLUMN 17 PEAK WIND IN M.P.H.

PRELIMINARY LOCAL CLIMATOLOGICAL DATA (WS FORM: F-6) , PAGE 2

                                          STATION:  OXNARD AIRPORT CA
                                          MONTH:    SEPTEMBER
                                          YEAR:     2016
                                          LATITUDE:   34 12 N
                                          LONGITUDE: 119 12 W

[TEMPERATURE DATA]      [PRECIPITATION DATA]       SYMBOLS USED IN COLUMN 16

AVERAGE MONTHLY: 67.0   TOTAL FOR MONTH:      T    1 = FOG OR MIST
DPTR FM NORMAL:   1.6   DPTR FM NORMAL:   -0.13    2 = FOG REDUCING VISIBILITY
HIGHEST:   101 ON 25    GRTST 24HR    T  ON 19-19      TO 1/4 MILE OR LESS
LOWEST:     54 ON 14                               3 = THUNDER
                        SNOW, ICE PELLETS, HAIL    4 = ICE PELLETS
                        TOTAL MONTH:   0.0 INCH    5 = HAIL
                        GRTST 24HR     0.0         6 = FREEZING RAIN OR DRIZZLE
                        GRTST DEPTH:   0           7 = DUSTSTORM OR SANDSTORM:
                                                       VSBY 1/2 MILE OR LESS
                                                   8 = SMOKE OR HAZE
[NO. OF DAYS WITH]      [WEATHER - DAYS WITH]      9 = BLOWING SNOW
                                                   X = TORNADO
MAX 32 OR BELOW:   0    0.01 INCH OR MORE:   0
MAX 90 OR ABOVE:   1    0.10 INCH OR MORE:   0
MIN 32 OR BELOW:   0    0.50 INCH OR MORE:   0
MIN  0 OR BELOW:   0    1.00 INCH OR MORE:   0

[HDD (BASE 65) ]
TOTAL THIS MO.     6    CLEAR  (SCALE 0-3)  13
DPTR FM NORMAL   -19    PTCLDY (SCALE 4-7)   9
TOTAL FM JUL 1     6    CLOUDY (SCALE 8-10)  3
DPTR FM NORMAL   -61

[CDD (BASE 65) ]
TOTAL THIS MO.    64
DPTR FM NORMAL    30    [PRESSURE DATA]
TOTAL FM JAN 1   345    HIGHEST SLP M ON M
DPTR FM NORMAL   195    LOWEST  SLP 29.72 ON  5

[REMARKS]
