000
CXUS53 KDDC 011200
CF6P28
PRELIMINARY LOCAL CLIMATOLOGICAL DATA (WS FORM: F-6)

                                          STATION:   MEDICINE LODGE KS
                                          MONTH:     AUGUST
                                          YEAR:      2015
                                          LATITUDE:   37 17 N
                                          LONGITUDE:  98 35 W

  TEMPERATURE IN F:       :PCPN:    SNOW:  WIND      :SUNSHINE: SKY     :PK WND
================================================================================
1   2   3   4   5  6A  6B    7    8   9   10  11  12  13   14  15   16   17  18
                                     12Z  AVG MX 2MIN
DY MAX MIN AVG DEP HDD CDD  WTR  SNW DPTH SPD SPD DIR MIN PSBL S-S WX    SPD DR
================================================================================

 1  91  69  80  -2   0  15 0.00  0.0    0  4.4 13 170   M    M   0        18 190
 2  91  71  81  -1   0  16 0.00  0.0    0  6.9 15 180   M    M   0        19 190
 3  93  71  82   0   0  17 0.00  0.0    0  6.5 15 200   M    M   0        19 180
 4  86  71  79  -3   0  14 0.00  0.0    0  6.9 15 220   M    M   0        22 210
 5  93  71  82   0   0  17 0.00  0.0    0  6.6 21  10   M    M   0        26  10
 6  95  70  83   1   0  18 0.00  0.0    0  9.0 18  50   M    M   0        22  40
 7  98  73  86   4   0  21 0.00  0.0    0  8.3 15 140   M    M   0        22 130
 8 101  72  87   5   0  22 0.00  0.0    0  9.1 20 190   M    M   0        26 190
 9  94  74  84   2   0  19 0.01  0.0    0  4.4 13 360   M    M   0        16 360
10  92  72  82   0   0  17 0.16  0.0    0  5.9 20  30   M    M   0        25  70
11  87  68  78  -3   0  13 0.00  0.0    0  7.9 14  80   M    M   0        19  50
12  86  67  77  -4   0  12 0.00  0.0    0  4.5 10 140   M    M   0        15 170
13  91  67  79  -2   0  14 0.00  0.0    0  6.7 15 180   M    M   0        21 140
14  90  69  80  -1   0  15 0.00  0.0    0  6.6 15 160   M    M   0        20 170
15  91  68  80  -1   0  15 0.00  0.0    0  6.7 13 160   M    M   0        18 170
16  94  63  79  -2   0  14 0.00  0.0    0  6.6 16 170   M    M   0        23 170
17  91  65  78  -2   0  13 0.00  0.0    0  5.4 16 130   M    M   0        23 150
18  87  67  77  -3   0  12 0.85  0.0    0  9.1 26  20   M    M   0        40  30
19  77  58  68 -12   0   3 0.01  0.0    0  6.9 22  30   M    M   0        32  40
20  82  52  67 -13   0   2 0.00  0.0    0  6.3 20 200   M    M   0        26 170
21  77  62  70 -10   0   5 0.00  0.0    0  8.0 18 190   M    M   0        29 180
22  91  66  79   0   0  14 0.00  0.0    0 11.2 22 170   M    M   0        30 170
23  80  58  69 -10   0   4 0.00  0.0    0 13.2 33  20   M    M   0        44  20
24  83  56  70  -9   0   5 0.00  0.0    0  3.7 10 110   M    M   0        13 120
25  87  55  71  -8   0   6 0.00  0.0    0  5.9 15 180   M    M   0        19 170
26  96  67  82   4   0  17 0.00  0.0    0  7.5 14 170   M    M   0        19 140
27  99  70  85   7   0  20 0.18  0.0    0  9.7 25 130   M    M   0        33 120
28  94  72  83   5   0  18 0.09  0.0    0  7.1 16 180   M    M   0        21 190
29  86  62  74  -4   0   9 0.00  0.0    0  6.9 17  10   M    M   0        21  10
30  87  56  72  -5   0   7 0.00  0.0    0  4.0  9 130   M    M   0        12 120
31  97  67  82   5   0  17 0.00  0.0    0  8.1 18 190   M    M   0        26 190
================================================================================
SM 2787 2049         0 411  1.30     0.0 220.0          M        0
================================================================================
AV 89.9 66.1                               7.1 FASTST   M    M   0    MAX(MPH)
                                 MISC ---->  # 33  20               # 44   20
================================================================================
NOTES:
# LAST OF SEVERAL OCCURRENCES

COLUMN 17 PEAK WIND IN M.P.H.

PRELIMINARY LOCAL CLIMATOLOGICAL DATA (WS FORM: F-6) , PAGE 2

                                          STATION:  MEDICINE LODGE KS
                                          MONTH:    AUGUST
                                          YEAR:     2015
                                          LATITUDE:   37 17 N
                                          LONGITUDE:  98 35 W

[TEMPERATURE DATA]      [PRECIPITATION DATA]       SYMBOLS USED IN COLUMN 16

AVERAGE MONTHLY: 78.0   TOTAL FOR MONTH:   1.30    1 = FOG OR MIST
DPTR FM NORMAL:  -2.3   DPTR FM NORMAL:   -1.82    2 = FOG REDUCING VISIBILITY
HIGHEST:   101 ON  8    GRTST 24HR  0.85 ON 18-18      TO 1/4 MILE OR LESS
LOWEST:     52 ON 20                               3 = THUNDER
                        SNOW, ICE PELLETS, HAIL    4 = ICE PELLETS
                        TOTAL MONTH:   0.0 INCH    5 = HAIL
                        GRTST 24HR     0.0         6 = FREEZING RAIN OR DRIZZLE
                        GRTST DEPTH:   0           7 = DUSTSTORM OR SANDSTORM:
                                                       VSBY 1/2 MILE OR LESS
                                                   8 = SMOKE OR HAZE
[NO. OF DAYS WITH]      [WEATHER - DAYS WITH]      9 = BLOWING SNOW
                                                   X = TORNADO
MAX 32 OR BELOW:   0    0.01 INCH OR MORE:   6
MAX 90 OR ABOVE:  19    0.10 INCH OR MORE:   3
MIN 32 OR BELOW:   0    0.50 INCH OR MORE:   1
MIN  0 OR BELOW:   0    1.00 INCH OR MORE:   0

[HDD (BASE 65) ]
TOTAL THIS MO.     0    CLEAR  (SCALE 0-3)  31
DPTR FM NORMAL     0    PTCLDY (SCALE 4-7)   0
TOTAL FM JUL 1     0    CLOUDY (SCALE 8-10)  0
DPTR FM NORMAL     0

[CDD (BASE 65) ]
TOTAL THIS MO.   411
DPTR FM NORMAL   -63    [PRESSURE DATA]
TOTAL FM JAN 1  1479    HIGHEST SLP 30.24 ON 12
DPTR FM NORMAL   -32    LOWEST  SLP 29.66 ON 18

[REMARKS]
#FINAL-08-15#
