000
CXUS56 KLKN 301001
CF6P68
PRELIMINARY LOCAL CLIMATOLOGICAL DATA (WS FORM: F-6)

                                          STATION:   EUREKA AIRPORT NV
                                          MONTH:     SEPTEMBER
                                          YEAR:      2014
                                          LATITUDE:   39 30 N
                                          LONGITUDE: 115 58 W

  TEMPERATURE IN F:       :PCPN:    SNOW:  WIND      :SUNSHINE: SKY     :PK WND
================================================================================
1   2   3   4   5  6A  6B    7    8   9   10  11  12  13   14  15   16   17  18
                                     12Z  AVG MX 2MIN
DY MAX MIN AVG DEP HDD CDD  WTR  SNW DPTH SPD SPD DIR MIN PSBL S-S WX    SPD DR
================================================================================

 1  86  44  65   2   0   0 0.00    M    M  5.4 14  20   M    M   M        22  50
 2  92  47  70   7   0   5 0.00    M    M  6.5 20 280   M    M   M        28 290
 3  87  48  68   5   0   3 0.00    M    M  7.3 21  20   M    M   M        31 300
 4  80  41  61  -1   4   0 0.00    M    M  7.0 18 360   M    M   M        23 350
 5  84  39  62   0   3   0 0.00    M    M  4.2 18 340   M    M   M        24 350
 6  87  42  65   3   0   0 0.00    M    M  6.7 21 170   M    M   M        26 160
 7  88  48  68   7   0   3 0.00    M    M  5.9 18 230   M    M   M        25 200
 8  79  54  67   6   0   2 0.00    M    M  9.1 22 160   M    M   M        25 150
 9  80  45  63   2   2   0 0.00    M    M  8.5 22 310   M    M   M        29 280
10  82  41  62   2   3   0 0.00    M    M  7.0 20 250   M    M   M        25 280
11  84  40  62   2   3   0 0.00    M    M  7.0 20  20   M    M   M        24  50
12  83  32  58  -2   7   0 0.00    M    M  3.9 17  30   M    M   M        21  40
13  87  44  66   7   0   1 0.00    M    M  5.6 20 150   M    M   M        24 150
14  86  45  66   7   0   1 0.00    M    M  4.9 16 270   M    M   M        22 260
15  87  47  67   9   0   2 0.00    M    M  4.9 23 180   M    M   M        31 170
16  90  50  70  12   0   5 0.00    M    M  6.9 18 180   M    M   M        27 150
17  91  51  71  13   0   6 0.00    M    M  9.8 23 190   M    M   M        30 200
18  86  51  69  12   0   4 0.00    M    M 11.5 25 170   M    M   M        31 180
19  85  46  66   9   0   1 0.00    M    M  4.5 13  90   M    M   M        19  30
20  85  43  64   8   1   0 0.48    M    M  6.1 26 360   M    M   M        32 360
21  70  49  60   4   5   0 0.65    M    M  5.1 31 230   M    M   0        41 230
22  76  45  61   5   4   0 0.00    M    M  5.7 15 250   M    M   M        20 250
23  81  47  64   9   1   0 0.00    M    M  7.1 18 160   M    M   M        23 160
24  83  47  65  10   0   0 0.00    M    M 12.1 23 160   M    M   M        30 170
25  85  53  69  15   0   4 0.00    M    M 21.3 35 180   M    M   M        52 180
26  81  45  63   9   2   0 0.00    M    M 13.0 32 180   M    M   M        42 170
27  68  44  56   2   9   0 0.00    M    M 10.4 24 160   M    M   M        34 180
28  59  36  48  -5  17   0 0.00    M    M  6.9 23 140   M    M   M        28 130
29  54  36  45  -8  20   0 0.00    M    M  6.7 18 300   M    M   M        22 290
================================================================================
SM 2366 1300        81  37  1.13    M    221.0          M        0
================================================================================
AV 81.6 44.8                               7.6 FASTST   M    M   0    MAX(MPH)
                                 MISC ---->  # 35 180                 52    M
================================================================================
NOTES:
# LAST OF SEVERAL OCCURRENCES

COLUMN 17 PEAK WIND IN M.P.H.

PRELIMINARY LOCAL CLIMATOLOGICAL DATA (WS FORM: F-6) , PAGE 2

                                          STATION:  EUREKA AIRPORT NV
                                          MONTH:    SEPTEMBER
                                          YEAR:     2014
                                          LATITUDE:   39 30 N
                                          LONGITUDE: 115 58 W

[TEMPERATURE DATA]      [PRECIPITATION DATA]       SYMBOLS USED IN COLUMN 16

AVERAGE MONTHLY: 63.2   TOTAL FOR MONTH:   1.13    1 = FOG OR MIST
DPTR FM NORMAL:   4.9   DPTR FM NORMAL:    0.57    2 = FOG REDUCING VISIBILITY
HIGHEST:    92 ON  2    GRTST 24HR  0.65 ON 21-21      TO 1/4 MILE OR LESS
LOWEST:     32 ON 12                               3 = THUNDER
                        SNOW, ICE PELLETS, HAIL    4 = ICE PELLETS
                        TOTAL MONTH:    M          5 = HAIL
                        GRTST 24HR    M  ON   M    6 = FREEZING RAIN OR DRIZZLE
                        GRTST DEPTH:  M  ON   M    7 = DUSTSTORM OR SANDSTORM:
                                                       VSBY 1/2 MILE OR LESS
                                                   8 = SMOKE OR HAZE
[NO. OF DAYS WITH]      [WEATHER - DAYS WITH]      9 = BLOWING SNOW
                                                   X = TORNADO
MAX 32 OR BELOW:   0    0.01 INCH OR MORE:   2
MAX 90 OR ABOVE:   3    0.10 INCH OR MORE:   2
MIN 32 OR BELOW:   1    0.50 INCH OR MORE:   1
MIN  0 OR BELOW:   0    1.00 INCH OR MORE:   0

[HDD (BASE 65) ]
TOTAL THIS MO.    81    CLEAR  (SCALE 0-3)   1
DPTR FM NORMAL  -123    PTCLDY (SCALE 4-7)   0
TOTAL FM JUL 1   106    CLOUDY (SCALE 8-10)  0
DPTR FM NORMAL  -145

[CDD (BASE 65) ]
TOTAL THIS MO.    37
DPTR FM NORMAL    28    [PRESSURE DATA]
TOTAL FM JAN 1   436    HIGHEST SLP M ON M
DPTR FM NORMAL   150    LOWEST  SLP 29.61 ON 27

[REMARKS]
