000
CXUS53 KPAH 240638
CF6PAH
PRELIMINARY LOCAL CLIMATOLOGICAL DATA (WS FORM: F-6)

                                          STATION:   PADUCAH KY
                                          MONTH:     SEPTEMBER
                                          YEAR:      2017
                                          LATITUDE:   37  4 N
                                          LONGITUDE:  88 46 W

  TEMPERATURE IN F:       :PCPN:    SNOW:  WIND      :SUNSHINE: SKY     :PK WND
================================================================================
1   2   3   4   5  6A  6B    7    8   9   10  11  12  13   14  15   16   17  18
                                     12Z  AVG MX 2MIN
DY MAX MIN AVG DEP HDD CDD  WTR  SNW DPTH SPD SPD DIR MIN PSBL S-S WX    SPD DR
================================================================================

 1  74  59  67  -8   0   2 0.85  0.0    0 11.2 21  10   M    M   8 1      30  10
 2  79  53  66  -9   0   1 0.00  0.0    0  5.1 13 320   M    M   0        18  50
 3  87  60  74  -1   0   9 0.00  0.0    0  5.6 12 220   M    M   2 1      17 210
 4  89  70  80   6   0  15 0.00  0.0    0  7.9 20 240   M    M   3        26 240
 5  77  53  65  -9   0   0 0.47  0.0    0  7.1 18 280   M    M   4 138    25 290
 6  74  48  61 -13   4   0 0.00  0.0    0  4.5 15 310   M    M   1        19 300
 7  76  46  61 -12   4   0 0.00  0.0    0  1.9 12 300   M    M   2        16 300
 8  81  50  66  -7   0   1 0.00  0.0    0  1.4  9 240   M    M   0        13 250
 9  82  51  67  -6   0   2 0.00  0.0    0  3.4 14  70   M    M   0 1      21  40
10  79  55  67  -5   0   2 0.00  0.0    0  5.4 18  30   M    M   1        24  40
11  75  52  64  -8   1   0 0.00  0.0    0  7.4 17  40   M    M   0        22  30
12  68  58  63  -9   2   0 0.54  0.0    0  8.1 15  40   M    M   8 18     19  30
13  71  63  67  -4   0   2 0.11  0.0    0  2.2  8 260   M    M  10 18     10 220
14  86  61  74   3   0   9    T  0.0    0  2.9 12 240   M    M   3 18     14 240
15  87  59  73   3   0   8 0.00  0.0    0  3.6  9 200   M    M   2 18     17 170
16  89  63  76   6   0  11 0.00  0.0    0  2.7 10 130   M    M   1 18     14  60
17  89  65  77   7   0  12 0.00  0.0    0  1.8 13 270   M    M   1 18     15 270
18  87  67  77   8   0  12 0.58  0.0    0  2.1 15  30   M    M   4 138    19  40
19  90  68  79  10   0  14 0.00  0.0    0  3.0 12 340   M    M   3 138    16 340
20  92  72  82  14   0  17 0.00  0.0    0  5.8 15 240   M    M   1 18     21 250
21  93  68  81  13   0  16 0.00  0.0    0  3.1 10 270   M    M   1 128    12 270
22  92  67  80  13   0  15 0.00  0.0    0  1.8 10  70   M    M   1 128    13  70
23  92  65  79  12   0  14 0.00  0.0    0  2.6 10 140   M    M   0 18     13 110
================================================================================
SM 1909 1373        11 162  2.55     0.0 100.6          M       56
================================================================================
AV 83.0 59.7                               4.4 FASTST   M    M   2    MAX(MPH)
                                 MISC ---->  # 21  10               # 30   10
================================================================================
NOTES:
# LAST OF SEVERAL OCCURRENCES

COLUMN 17 PEAK WIND IN M.P.H.

PRELIMINARY LOCAL CLIMATOLOGICAL DATA (WS FORM: F-6) , PAGE 2

                                          STATION:  PADUCAH KY
                                          MONTH:    SEPTEMBER
                                          YEAR:     2017
                                          LATITUDE:   37  4 N
                                          LONGITUDE:  88 46 W

[TEMPERATURE DATA]      [PRECIPITATION DATA]       SYMBOLS USED IN COLUMN 16

AVERAGE MONTHLY: 71.4   TOTAL FOR MONTH:   2.55    1 = FOG OR MIST
DPTR FM NORMAL:  -0.0   DPTR FM NORMAL:   -0.24    2 = FOG REDUCING VISIBILITY
HIGHEST:    93 ON 21    GRTST 24HR  0.85 ON  1- 1      TO 1/4 MILE OR LESS
LOWEST:     46 ON  7                               3 = THUNDER
                        SNOW, ICE PELLETS, HAIL    4 = ICE PELLETS
                        TOTAL MONTH:   0.0 INCH    5 = HAIL
                        GRTST 24HR     0.0         6 = FREEZING RAIN OR DRIZZLE
                        GRTST DEPTH:   0           7 = DUSTSTORM OR SANDSTORM:
                                                       VSBY 1/2 MILE OR LESS
                                                   8 = SMOKE OR HAZE
[NO. OF DAYS WITH]      [WEATHER - DAYS WITH]      9 = BLOWING SNOW
                                                   X = TORNADO
MAX 32 OR BELOW:   0    0.01 INCH OR MORE:   5
MAX 90 OR ABOVE:   5    0.10 INCH OR MORE:   5
MIN 32 OR BELOW:   0    0.50 INCH OR MORE:   3
MIN  0 OR BELOW:   0    1.00 INCH OR MORE:   0

[HDD (BASE 65) ]
TOTAL THIS MO.    11    CLEAR  (SCALE 0-3)  17
DPTR FM NORMAL    -4    PTCLDY (SCALE 4-7)   3
TOTAL FM JUL 1    11    CLOUDY (SCALE 8-10)  3
DPTR FM NORMAL    -5

[CDD (BASE 65) ]
TOTAL THIS MO.   162
DPTR FM NORMAL    -1    [PRESSURE DATA]
TOTAL FM JAN 1  1536    HIGHEST SLP M ON M
DPTR FM NORMAL    60    LOWEST  SLP 29.71 ON 13

[REMARKS]
