000
CXUS53 KPAH 270632
CF6PAH
PRELIMINARY LOCAL CLIMATOLOGICAL DATA (WS FORM: F-6)

                                          STATION:   PADUCAH KY
                                          MONTH:     FEBRUARY
                                          YEAR:      2015
                                          LATITUDE:   37  4 N
                                          LONGITUDE:  88 46 W

  TEMPERATURE IN F:       :PCPN:    SNOW:  WIND      :SUNSHINE: SKY     :PK WND
================================================================================
1   2   3   4   5  6A  6B    7    8   9   10  11  12  13   14  15   16   17  18
                                     12Z  AVG MX 2MIN
DY MAX MIN AVG DEP HDD CDD  WTR  SNW DPTH SPD SPD DIR MIN PSBL S-S WX    SPD DR
================================================================================

 1  51  34  43   7  22   0 0.89    T    0 11.6 23 280   M    M  10 1      30 280
 2  35  20  28  -8  37   0    T    T    0  9.0 26 310   M    M   8 8      34 310
 3  43  19  31  -5  34   0 0.00  0.0    0  5.4 15 230   M    M   0        20 240
 4  53  26  40   4  25   0    T  0.1    0 10.4 24 350   M    M   5 8      35 330
 5  33  16  25 -12  40   0 0.00  0.0    0  7.8 23  10   M    M   1        29 360
 6  49  16  33  -4  32   0 0.00  0.0    0  6.6 17 230   M    M   0        22 240
 7  62  34  48  11  17   0 0.00  0.0    0 11.3 25 230   M    M   0        34 250
 8  60  48  54  17  11   0 0.00  0.0    0 10.7 22 220   M    M   6 1      30 220
 9  51  32  42   4  23   0 0.00  0.0    0 13.8 21  10   M    M   9 18     25 360
10  46  26  36  -2  29   0 0.00  0.0    0  6.7 15  20   M    M   5        20  20
11  55  23  39   1  26   0 0.00  0.0    0  8.1 21 340   M    M   3 18     27 330
12  31  19  25 -13  40   0    T    T    0 12.9 29 340   M    M   4        38 340
13  35  15  25 -14  40   0 0.00  0.0    0  4.6 14 240   M    M   3        17 240
14  44  16  30  -9  35   0    T    T    0 12.0 24 360   M    M   3 8      34  10
15  23  12  18 -21  47   0 0.01    T    0 12.0 17  80   M    M   7 46     23  70
16  23   9  16 -23  49   0 1.11 10.8    5 10.6 21  10   M    M   8 128    26  10
17  29  -5  12 -28  53   0 0.00  0.0   10  5.8 13 220   M    M   6 18     18 210
18  27   0  14 -26  51   0 0.08  1.5   11 10.4 25 310   M    M   5 18     35 310
19  18 -10   4 -36  61   0 0.00  0.0    7  4.5 14 240   M    M   2        19 330
20  32   9  21 -20  44   0 0.72  0.6    7 10.4 20 150   M    M  10 1468   28 140
21  35  30  33  -8  32   0 1.92  0.0    7  6.6 15 360   M    M   9 16     18 140
22  34  21  28 -13  37   0 0.00  0.0    5 12.8 23  10   M    M   7 18     29  10
23  22  13  18 -24  47   0 0.00  0.0    4 13.3 25  10   M    M   6        32  10
24  30  16  23 -19  42   0 0.00  0.0    4  7.3 16 250   M    M   3        19 240
25  39  14  27 -15  38   0 0.00  0.0    4  1.8  7  50   M    M   0 18      8  90
26  32  18  25 -18  40   0    T    T    4  8.5 18 340   M    M   7 18     24 350
================================================================================
SM  992  471       952   0  4.73    13.0 234.9          M      127
================================================================================
AV 38.2 18.1                               9.0 FASTST   M    M   5    MAX(MPH)
                                 MISC ---->  # 29 340               # 38  340
================================================================================
NOTES:
# LAST OF SEVERAL OCCURRENCES

COLUMN 17 PEAK WIND IN M.P.H.

PRELIMINARY LOCAL CLIMATOLOGICAL DATA (WS FORM: F-6) , PAGE 2

                                          STATION:  PADUCAH KY
                                          MONTH:    FEBRUARY
                                          YEAR:     2015
                                          LATITUDE:   37  4 N
                                          LONGITUDE:  88 46 W

[TEMPERATURE DATA]      [PRECIPITATION DATA]       SYMBOLS USED IN COLUMN 16

AVERAGE MONTHLY: 28.1   TOTAL FOR MONTH:   4.73    1 = FOG OR MIST
DPTR FM NORMAL: -10.8   DPTR FM NORMAL:    1.08    2 = FOG REDUCING VISIBILITY
HIGHEST:    62 ON  7    GRTST 24HR  2.64 ON 20-21      TO 1/4 MILE OR LESS
LOWEST:    -10 ON 19                               3 = THUNDER
                        SNOW, ICE PELLETS, HAIL    4 = ICE PELLETS
                        TOTAL MONTH:  13.0 INCHES  5 = HAIL
                        GRTST 24HR  10.8 ON   M    6 = FREEZING RAIN OR DRIZZLE
                        GRTST DEPTH:  11 ON 18     7 = DUSTSTORM OR SANDSTORM:
                                                       VSBY 1/2 MILE OR LESS
                                                   8 = SMOKE OR HAZE
[NO. OF DAYS WITH]      [WEATHER - DAYS WITH]      9 = BLOWING SNOW
                                                   X = TORNADO
MAX 32 OR BELOW:  10    0.01 INCH OR MORE:   6
MAX 90 OR ABOVE:   0    0.10 INCH OR MORE:   4
MIN 32 OR BELOW:  23    0.50 INCH OR MORE:   4
MIN  0 OR BELOW:   3    1.00 INCH OR MORE:   2

[HDD (BASE 65) ]
TOTAL THIS MO.   952    CLEAR  (SCALE 0-3)   7
DPTR FM NORMAL   274    PTCLDY (SCALE 4-7)  14
TOTAL FM JUL 1  3585    CLOUDY (SCALE 8-10)  5
DPTR FM NORMAL   334

[CDD (BASE 65) ]
TOTAL THIS MO.     0
DPTR FM NORMAL     0    [PRESSURE DATA]
TOTAL FM JAN 1     0    HIGHEST SLP M ON M
DPTR FM NORMAL     0    LOWEST  SLP 29.61 ON  1

[REMARKS]
