000
CXUS56 KPDT 261832
CF6PDT
PRELIMINARY LOCAL CLIMATOLOGICAL DATA (WS FORM: F-6)

                                          STATION:   PENDLETON OR
                                          MONTH:     MAY
                                          YEAR:      2017
                                          LATITUDE:   45 40 N
                                          LONGITUDE: 118 51 W

  TEMPERATURE IN F:       :PCPN:    SNOW:  WIND      :SUNSHINE: SKY     :PK WND
================================================================================
1   2   3   4   5  6A  6B    7    8   9   10  11  12  13   14  15   16   17  18
                                     12Z  AVG MX 2MIN
DY MAX MIN AVG DEP HDD CDD  WTR  SNW DPTH SPD SPD DIR MIN PSBL S-S WX    SPD DR
================================================================================

 1  55  36  46  -8  19   0    T  0.0    0  6.5 18 230   M    M   7        22 230
 2  66  45  56   2   9   0    T  0.0    0  4.0 12 330   M    M   7        16 330
 3  79  49  64  10   1   0 0.00  0.0    0  6.0 14  60   M    M   3        16  60
 4  87  53  70  15   0   5    T  0.0    0 10.0 28 270   M    M   0        35 270
 5  65  48  57   2   8   0    T  0.0    0 13.8 29 260   M    M   7        36 270
 6  57  41  49  -6  16   0 0.04  0.0    0  7.3 21 260   M    M   7        24 270
 7  62  32  47  -8  18   0 0.00  0.0    0  6.4 14 280   M    M   1        16 270
 8  68  36  52  -4  13   0 0.00  0.0    0  6.4 12 140   M    M   0 8      14 280
 9  75  41  58   2   7   0 0.00  0.0    0  5.9 13 140   M    M   0 8      14 280
10  80  44  62   6   3   0 0.00  0.0    0  6.2 14 300   M    M   0        18 300
11  67  46  57   0   8   0 0.05  0.0    0  7.9 26 260   M    M   4        37 260
12  55  42  49  -8  16   0 0.03  0.0    0  8.3 28 300   M    M   7 18     35 300
13  53  38  46 -11  19   0 0.24    T    0  7.0 29 260   M    M   7 135    35 260
14  59  37  48  -9  17   0 0.03    T    0  6.4 14 290   M    M   3 5      18 290
15  64  37  51  -7  14   0    T  0.0    0  6.1 15 280   M    M   2        20 280
16  55  42  49  -9  16   0 0.53  0.0    0 13.5 35 260   M    M   7 1      43 280
17  62  39  51  -7  14   0    T  0.0    0 11.8 29 270   M    M   9        35 270
18  69  46  58   0   7   0 0.00  0.0    0  4.8 12  80   M    M   3        14  10
19  74  45  60   1   5   0 0.00  0.0    0  5.9 12 150   M    M   1        14 260
20  73  50  62   3   3   0 0.01  0.0    0  7.6 22 250   M    M   5        25 260
21  78  48  63   4   2   0 0.00  0.0    0  6.3 14 280   M    M   0        17 270
22  83  50  67   8   0   2 0.00  0.0    0  6.2 14 150   M    M   0        15 310
23  87  52  70  10   0   5 0.00  0.0    0 11.4 31 260   M    M   0        40 250
24  66  47  57  -3   8   0 0.00  0.0    0 16.4 30 260   M    M   2        38 270
25  65  43  54  -6  11   0    T  0.0    0  4.6 10 150   M    M   5        15 220
================================================================================
SM 1704 1087       234  12  0.93    T    196.7          M       87
================================================================================
AV 68.2 43.5                               7.9 FASTST   M    M   3    MAX(MPH)
                                 MISC ---->  # 35 260               # 43  280
================================================================================
NOTES:
# LAST OF SEVERAL OCCURRENCES

COLUMN 17 PEAK WIND IN M.P.H.

PRELIMINARY LOCAL CLIMATOLOGICAL DATA (WS FORM: F-6) , PAGE 2

                                          STATION:  PENDLETON OR
                                          MONTH:    MAY
                                          YEAR:     2017
                                          LATITUDE:   45 40 N
                                          LONGITUDE: 118 51 W

[TEMPERATURE DATA]      [PRECIPITATION DATA]       SYMBOLS USED IN COLUMN 16

AVERAGE MONTHLY: 55.8   TOTAL FOR MONTH:   0.93    1 = FOG OR MIST
DPTR FM NORMAL:  -1.2   DPTR FM NORMAL:   -0.13    2 = FOG REDUCING VISIBILITY
HIGHEST:    87 ON 23, 4 GRTST 24HR  0.53 ON 16-16      TO 1/4 MILE OR LESS
LOWEST:     32 ON  7                               3 = THUNDER
                        SNOW, ICE PELLETS, HAIL    4 = ICE PELLETS
                        TOTAL MONTH:    T          5 = HAIL
                        GRTST 24HR    T  ON 14-14  6 = FREEZING RAIN OR DRIZZLE
                        GRTST DEPTH:   0           7 = DUSTSTORM OR SANDSTORM:
                                                       VSBY 1/2 MILE OR LESS
                                                   8 = SMOKE OR HAZE
[NO. OF DAYS WITH]      [WEATHER - DAYS WITH]      9 = BLOWING SNOW
                                                   X = TORNADO
MAX 32 OR BELOW:   0    0.01 INCH OR MORE:   7
MAX 90 OR ABOVE:   0    0.10 INCH OR MORE:   2
MIN 32 OR BELOW:   1    0.50 INCH OR MORE:   1
MIN  0 OR BELOW:   0    1.00 INCH OR MORE:   0

[HDD (BASE 65) ]
TOTAL THIS MO.   234    CLEAR  (SCALE 0-3)  13
DPTR FM NORMAL    20    PTCLDY (SCALE 4-7)  11
TOTAL FM JUL 1  5583    CLOUDY (SCALE 8-10)  1
DPTR FM NORMAL   422

[CDD (BASE 65) ]
TOTAL THIS MO.    12
DPTR FM NORMAL    -4    [PRESSURE DATA]
TOTAL FM JAN 1    12    HIGHEST SLP 30.18 ON  8
DPTR FM NORMAL    -5    LOWEST  SLP 29.51 ON 16

[REMARKS]
