000
CXUS56 KPDT 311032
CF6PDT
PRELIMINARY LOCAL CLIMATOLOGICAL DATA (WS FORM: F-6)

                                          STATION:   PENDLETON OR
                                          MONTH:     AUGUST
                                          YEAR:      2015
                                          LATITUDE:   45 40 N
                                          LONGITUDE: 118 51 W

  TEMPERATURE IN F:       :PCPN:    SNOW:  WIND      :SUNSHINE: SKY     :PK WND
================================================================================
1   2   3   4   5  6A  6B    7    8   9   10  11  12  13   14  15   16   17  18
                                     12Z  AVG MX 2MIN
DY MAX MIN AVG DEP HDD CDD  WTR  SNW DPTH SPD SPD DIR MIN PSBL S-S WX    SPD DR
================================================================================

 1 101  67  84  10   0  19 0.00  0.0    0  6.7 14 150   M    M   0        16 280
 2 100  61  81   7   0  16 0.00  0.0    0  7.3 17 300   M    M   0        23 290
 3  90  65  78   4   0  13 0.00  0.0    0  8.5 23 280   M    M   1        28 290
 4  91  61  76   2   0  11 0.00  0.0    0 11.1 26 250   M    M   0        32 250
 5  85  58  72  -2   0   7 0.00  0.0    0 15.0 33 260   M    M   0        39 260
 6  79  52  66  -8   0   1 0.00  0.0    0  7.6 20 260   M    M   0 8      26 270
 7  86  49  68  -6   0   3 0.00  0.0    0  6.7 15 320   M    M   0        19 310
 8  89  56  73  -1   0   8 0.00  0.0    0 11.2 25 270   M    M   0        32 280
 9  88  59  74   1   0   9 0.00  0.0    0  7.4 15 310   M    M   0        19 360
10  84  60  72  -1   0   7    T  0.0    0  8.1 25 200   M    M   0 3      32 180
11  93  57  75   2   0  10    T  0.0    0  6.9 15 360   M    M   0        20 320
12 101  66  84  11   0  19 0.00  0.0    0  7.1 16 270   M    M   0        23 270
13  97  65  81   8   0  16 0.00  0.0    0  6.5 12 310   M    M   0        17 320
14  83  59  71  -1   0   6 0.00  0.0    0 17.5 36 280   M    M   1 78     44 280
15  80  56  68  -4   0   3 0.00  0.0    0 10.4 21 270   M    M   2        26 280
16  82  46  64  -8   1   0 0.00  0.0    0  6.4 16 330   M    M   0        23 340
17  86  52  69  -3   0   4 0.00  0.0    0  7.6 13 140   M    M   0 8      14 300
18  92  54  73   1   0   8 0.00  0.0    0  7.7 15  20   M    M   0 8      19  20
19  95  60  78   7   0  13 0.00  0.0    0  8.5 26 270   M    M   0 8      32 260
20  90  65  78   7   0  13 0.00  0.0    0 15.1 30 280   M    M   1 8      43 280
21  81  53  67  -4   0   2 0.00  0.0    0 13.2 28 290   M    M   1 78     35 280
22  80  46  63  -8   2   0 0.00  0.0    0  4.9 14  40   M    M   7 8      17  20
23  85  49  67  -3   0   2 0.00  0.0    0  6.9 15 310   M    M   6 8      20 300
24  88  60  74   4   0   9 0.00  0.0    0  6.8 15 300   M    M   0 8      18 300
25  88  60  74   4   0   9 0.00  0.0    0  5.8 12  50   M    M   0        15 300
26  92  56  74   4   0   9 0.00  0.0    0  6.0 13 300   M    M   0        17 330
27  94  60  77   8   0  12 0.00  0.0    0  6.6 17 320   M    M   0        20 280
28  88  62  75   6   0  10 0.00  0.0    0  7.8 18  10   M    M   0        21  10
29  83  53  68  -1   0   3 0.01  0.0    0 11.0 39 280   M    M   2 78     45 280
30  73  48  61  -8   4   0    T    M    0 11.1 23 270   M    M   5        30 280
================================================================================
SM 2644 1715         7 242  0.01     0.0 263.4          M       26
================================================================================
AV 88.1 57.2                               8.8 FASTST   M    M   1    MAX(MPH)
                                 MISC ---->  # 39 280               # 45  280
================================================================================
NOTES:
# LAST OF SEVERAL OCCURRENCES

COLUMN 17 PEAK WIND IN M.P.H.

PRELIMINARY LOCAL CLIMATOLOGICAL DATA (WS FORM: F-6) , PAGE 2

                                          STATION:  PENDLETON OR
                                          MONTH:    AUGUST
                                          YEAR:     2015
                                          LATITUDE:   45 40 N
                                          LONGITUDE: 118 51 W

[TEMPERATURE DATA]      [PRECIPITATION DATA]       SYMBOLS USED IN COLUMN 16

AVERAGE MONTHLY: 72.7   TOTAL FOR MONTH:   0.01    1 = FOG OR MIST
DPTR FM NORMAL:   0.8   DPTR FM NORMAL:   -0.36    2 = FOG REDUCING VISIBILITY
HIGHEST:   101 ON 12, 1 GRTST 24HR  0.01 ON 29-29      TO 1/4 MILE OR LESS
LOWEST:     46 ON 22,16                            3 = THUNDER
                        SNOW, ICE PELLETS, HAIL    4 = ICE PELLETS
                        TOTAL MONTH:   0.0 INCH    5 = HAIL
                        GRTST 24HR     0.0         6 = FREEZING RAIN OR DRIZZLE
                        GRTST DEPTH:   0           7 = DUSTSTORM OR SANDSTORM:
                                                       VSBY 1/2 MILE OR LESS
                                                   8 = SMOKE OR HAZE
[NO. OF DAYS WITH]      [WEATHER - DAYS WITH]      9 = BLOWING SNOW
                                                   X = TORNADO
MAX 32 OR BELOW:   0    0.01 INCH OR MORE:   1
MAX 90 OR ABOVE:  12    0.10 INCH OR MORE:   0
MIN 32 OR BELOW:   0    0.50 INCH OR MORE:   0
MIN  0 OR BELOW:   0    1.00 INCH OR MORE:   0

[HDD (BASE 65) ]
TOTAL THIS MO.     7    CLEAR  (SCALE 0-3)  27
DPTR FM NORMAL     0    PTCLDY (SCALE 4-7)   3
TOTAL FM JUL 1     7    CLOUDY (SCALE 8-10)  0
DPTR FM NORMAL   -11

[CDD (BASE 65) ]
TOTAL THIS MO.   242
DPTR FM NORMAL    23    [PRESSURE DATA]
TOTAL FM JAN 1   876    HIGHEST SLP 29.98 ON  5
DPTR FM NORMAL   309    LOWEST  SLP 29.50 ON 29

[REMARKS]
