000
CXUS54 KMAF 011100
CF6PEQ
PRELIMINARY LOCAL CLIMATOLOGICAL DATA (WS FORM: F-6)

                                          STATION:   Pecos Municipal Airport
                                          MONTH:     APRIL
                                          YEAR:      2016
                                          LATITUDE:   31 22 N
                                          LONGITUDE: 103 31 W

  TEMPERATURE IN F:       :PCPN:    SNOW:  WIND      :SUNSHINE: SKY     :PK WND
================================================================================
1   2   3   4   5  6A  6B    7    8   9   10  11  12  13   14  15   16   17  18
                                     12Z  AVG MX 2MIN
DY MAX MIN AVG DEP HDD CDD  WTR  SNW DPTH SPD SPD DIR MIN PSBL S-S WX    SPD DR
================================================================================

 1  66  38  52   M  13   0 0.17    M    0 12.1 18  50   M    M   8        27 260
 2  66  31  49   M  16   0 0.00  0.0    0  3.9  7 110   M    M   0         M  M
 3  80  33  57   M   8   0 0.00  0.0    0  4.0 12 260   M    M   0        20 190
 4  87  37  62   M   3   0 0.00  0.0    0  5.1 10 140   M    M   0         M  M
 5  96  40  68   M   0   3 0.00  0.0    0  6.0 15 140   M    M   0        20 260
 6  76  49  63   M   2   0 0.00  0.0    0  6.3 24 360   M    M   0 8      33 360
 7  87  41  64   M   1   0 0.00  0.0    0  4.2 17  60   M    M   0        22  60
 8  82  60  71   M   0   6 0.00  0.0    0 14.3 25 110   M    M   5 3      35  90
 9  85  55  70   M   0   5 0.00  0.0    0  6.6 24 110   M    M   3 38     28 110
10  89  46  68   M   0   3 0.00  0.0    0  9.4 23 230   M    M   0        33 260
11  82  56  69   M   0   4 0.00  0.0    0 13.5 23 260   M    M   0        36 260
12  56  50  53   M  12   0 0.06  0.0    0  7.7 13 310   M    M   9 3       M  M
13  78  41  60   M   5   0 0.00  0.0    0  4.2  8  70   M    M   2 1       M  M
14  89  45  67   M   0   2 0.00  0.0    0  7.0 22 100   M    M   0        27 100
15  94  55  75   M   0  10 0.00  0.0    0 11.7 28 140   M    M   0        33 130
16  85  51  68   M   0   3 0.00  0.0    0  8.8 22 300   M    M   0        28 300
17  76  53  65   M   0   0 0.00  0.0    0  8.9 18 320   M    M   3        22 330
18  73  55  64   M   1   0 0.00  0.0    0 11.5 20  50   M    M   6        25  50
19  86  60  73   M   0   8 0.00  0.0    0  7.3 20 100   M    M   4        27 100
20  87  55  71   M   0   6 0.00  0.0    0  5.8 16 130   M    M   3         M  M
21  85  52  69   M   0   4 0.00  0.0    0  8.5 15  80   M    M   3 1       M  M
22  87  51  69   M   0   4 0.00  0.0    0  9.8 17 100   M    M   0        23 100
23  88  55  72   M   0   7 0.00  0.0    0  7.3 22 140   M    M   1        28 140
24  93  54  74   M   0   9 0.00  0.0    0 10.8 25 260   M    M   0        33 260
25  94  58  76   M   0  11 0.00  0.0    0  9.4 18 220   M    M   0        24 200
26  90  52  71   M   0   6 0.00  0.0    0 14.0 30 260   M    M   1 8      45 260
27  86  50  68   M   0   3 0.00  0.0    0 11.7 25 250   M    M   0        31 250
28  93  42  68   M   0   3 0.00  0.0    0  7.2 20 110   M    M   0        24 130
29  85  54  70   M   0   5 0.00  0.0    0 14.9 29 260   M    M   0        43 260
30  86  50  68   M   0   3 0.00  0.0    0  7.1 22  80   M    M   0        29  80
================================================================================
SM 2507 1469        61 105  0.23     0.0 259.0          M       48
================================================================================
AV 83.6 49.0                               8.6 FASTST   M    M   2    MAX(MPH)
                                 MISC ---->    30   M                 45    M
================================================================================
NOTES:
# LAST OF SEVERAL OCCURRENCES

COLUMN 17 PEAK WIND IN M.P.H.

PRELIMINARY LOCAL CLIMATOLOGICAL DATA (WS FORM: F-6) , PAGE 2

                                          STATION:  Pecos Municipal Airport
                                          MONTH:    APRIL
                                          YEAR:     2016
                                          LATITUDE:   31 22 N
                                          LONGITUDE: 103 31 W

[TEMPERATURE DATA]      [PRECIPITATION DATA]       SYMBOLS USED IN COLUMN 16

AVERAGE MONTHLY: 66.3   TOTAL FOR MONTH:   0.23    1 = FOG OR MIST
DPTR FM NORMAL:     M   DPTR FM NORMAL:       M    2 = FOG REDUCING VISIBILITY
HIGHEST:    96 ON  5    GRTST 24HR  0.17 ON  1- 1      TO 1/4 MILE OR LESS
LOWEST:     31 ON  2                               3 = THUNDER
                        SNOW, ICE PELLETS, HAIL    4 = ICE PELLETS
                        TOTAL MONTH:   0.0 INCH    5 = HAIL
                        GRTST 24HR     0.0         6 = FREEZING RAIN OR DRIZZLE
                        GRTST DEPTH:   0           7 = DUSTSTORM OR SANDSTORM:
                                                       VSBY 1/2 MILE OR LESS
                                                   8 = SMOKE OR HAZE
[NO. OF DAYS WITH]      [WEATHER - DAYS WITH]      9 = BLOWING SNOW
                                                   X = TORNADO
MAX 32 OR BELOW:   0    0.01 INCH OR MORE:   2
MAX 90 OR ABOVE:   6    0.10 INCH OR MORE:   1
MIN 32 OR BELOW:   1    0.50 INCH OR MORE:   0
MIN  0 OR BELOW:   0    1.00 INCH OR MORE:   0

[HDD (BASE 65) ]
TOTAL THIS MO.    61    CLEAR  (SCALE 0-3)  24
DPTR FM NORMAL     M    PTCLDY (SCALE 4-7)   5
TOTAL FM JUL 1  2086    CLOUDY (SCALE 8-10)  1
DPTR FM NORMAL     M

[CDD (BASE 65) ]
TOTAL THIS MO.   105
DPTR FM NORMAL     M    [PRESSURE DATA]
TOTAL FM JAN 1   121    HIGHEST SLP M ON M
DPTR FM NORMAL     M    LOWEST  SLP M ON M

[REMARKS]
#FINAL-04-16#
