000
CXUS54 KEWX 010910
CF6PEZ
PRELIMINARY LOCAL CLIMATOLOGICAL DATA (WS FORM: F-6)

                                          STATION:   PLEASANTON MUNICIPAL AIRPORT
                                          MONTH:     JUNE
                                          YEAR:      2015
                                          LATITUDE:   28 57 N
                                          LONGITUDE:  98 31 W

  TEMPERATURE IN F:       :PCPN:    SNOW:  WIND      :SUNSHINE: SKY     :PK WND
================================================================================
1   2   3   4   5  6A  6B    7    8   9   10  11  12  13   14  15   16   17  18
                                     12Z  AVG MX 2MIN
DY MAX MIN AVG DEP HDD CDD  WTR  SNW DPTH SPD SPD DIR MIN PSBL S-S WX    SPD DR
================================================================================

 1  88  64  76   M   0  11 0.00  0.0    0  2.4  8 120   M    M   1 1       M  M
 2  89  66  78   M   0  13 0.00  0.0    0  3.1  8 140   M    M   2 12      M  M
 3  89  68  79   M   0  14 0.00  0.0    0  4.2  9 130   M    M   3 1       M  M
 4  91  68  80   M   0  15 0.00    M    0  4.1 13 110   M    M   3         M  M
 5  91  70  81   M   0  16 0.00  0.0    0  2.8 10  80   M    M   2        16 120
 6  90  68  79   M   0  14 0.00  0.0    0  2.8  7 140   M    M   2 1       M  M
 7  91  66  79   M   0  14 0.00  0.0    0  4.3 10 140   M    M   2        16 100
 8  91  70  81   M   0  16 0.00  0.0    0  2.1  7 150   M    M   2 18      M  M
 9  92  68  80   M   0  15 0.00  0.0    0  1.6  5 140   M    M   1 1       M  M
10  92  67  80   M   0  15 0.00  0.0    0  3.5  8 130   M    M   1         M  M
11  93  72  83   M   0  18 0.00    M    0  7.9 14 120   M    M   4 1      18 160
12  95  74  85   M   0  20 0.00    M    0  7.8 17 110   M    M   5 1      23 110
13  95  75  85   M   0  20 0.00  0.0    0  6.1 16 110   M    M   4        23 110
14  92  76  84   M   0  19 0.02  0.0    M 10.8 17 140   M    M   4 3      23 140
15  93  74  84   M   0  19 0.00  0.0    0  5.5 12  70   M    M   5        18  70
16  89  75  82   M   0  17 0.00  0.0    0  7.5 20  40   M    M   5 1      23  40
17  92  74  83   M   0  18 0.06  0.0    0  4.3 18 120   M    M   7 3      27 120
18  89  73  81   M   0  16 0.07  0.0    0  2.2 10 150   M    M   6 13     20 150
19  90  76  83   M   0  18 0.00  0.0    0  4.2  9 130   M    M   3 13     16 130
20  91  73  82   M   0  17 0.05  0.0    0  6.0 28 150   M    M   5 13     44 150
21  82  72  77   M   0  12 1.43  0.0    0  6.9 15 180   M    M   7 13     27 180
22  87  74  81   M   0  16 0.00  0.0    0  6.5 12 110   M    M   6 13     18 140
23  92  76  84   M   0  19 0.00    M    0  6.8 14 130   M    M   4        17 120
24  94  73  84   M   0  19 0.00    M    0  4.7 15  80   M    M   2 1      21  80
25  94  71  83   M   0  18 0.00  0.0    0  4.1 10 140   M    M   2 1       M  M
26  94  74  84   M   0  19 0.00  0.0    0  6.2 10 120   M    M   1 1      17 100
27  92  71  82   M   0  17 0.14  0.0    0  2.2 21 210   M    M   5 3      27 210
28  94  71  83   M   0  18 0.00  0.0    0  3.3  9 120   M    M   2 1       M  M
29  94  74  84   M   0  19 0.00  0.0    0  6.0 12 130   M    M   1 18     18 140
30  91  73  82   M   0  17 0.80  0.0    0  6.0 23 180   M    M   4 13     30 180
================================================================================
SM 2737 2146         0 499  2.57     0.0 145.9          M      101
================================================================================
AV 91.2 71.5                               4.9 FASTST   M    M   3    MAX(MPH)
                                 MISC ---->    28   M                 44    M
================================================================================
NOTES:
# LAST OF SEVERAL OCCURRENCES

COLUMN 17 PEAK WIND IN M.P.H.

PRELIMINARY LOCAL CLIMATOLOGICAL DATA (WS FORM: F-6) , PAGE 2

                                          STATION:  PLEASANTON MUNICIPAL AIRPORT
                                          MONTH:    JUNE
                                          YEAR:     2015
                                          LATITUDE:   28 57 N
                                          LONGITUDE:  98 31 W

[TEMPERATURE DATA]      [PRECIPITATION DATA]       SYMBOLS USED IN COLUMN 16

AVERAGE MONTHLY: 81.4   TOTAL FOR MONTH:   2.57    1 = FOG OR MIST
DPTR FM NORMAL:     M   DPTR FM NORMAL:       M    2 = FOG REDUCING VISIBILITY
HIGHEST:    95 ON 13,12 GRTST 24HR  1.43 ON 21-21      TO 1/4 MILE OR LESS
LOWEST:     64 ON  1                               3 = THUNDER
                        SNOW, ICE PELLETS, HAIL    4 = ICE PELLETS
                        TOTAL MONTH:   0.0 INCH    5 = HAIL
                        GRTST 24HR     0.0         6 = FREEZING RAIN OR DRIZZLE
                        GRTST DEPTH:   0           7 = DUSTSTORM OR SANDSTORM:
                                                       VSBY 1/2 MILE OR LESS
                                                   8 = SMOKE OR HAZE
[NO. OF DAYS WITH]      [WEATHER - DAYS WITH]      9 = BLOWING SNOW
                                                   X = TORNADO
MAX 32 OR BELOW:   0    0.01 INCH OR MORE:   7
MAX 90 OR ABOVE:  23    0.10 INCH OR MORE:   3
MIN 32 OR BELOW:   0    0.50 INCH OR MORE:   2
MIN  0 OR BELOW:   0    1.00 INCH OR MORE:   1

[HDD (BASE 65) ]
TOTAL THIS MO.     0    CLEAR  (SCALE 0-3)  15
DPTR FM NORMAL     M    PTCLDY (SCALE 4-7)  15
TOTAL FM JUL 1  1479    CLOUDY (SCALE 8-10)  0
DPTR FM NORMAL     M

[CDD (BASE 65) ]
TOTAL THIS MO.   499
DPTR FM NORMAL     M    [PRESSURE DATA]
TOTAL FM JAN 1  1142    HIGHEST SLP M ON M
DPTR FM NORMAL     M    LOWEST  SLP M ON M

[REMARKS]
#FINAL-06-15#
