000
CXUS54 KEWX 260910
CF6PEZ
PRELIMINARY LOCAL CLIMATOLOGICAL DATA (WS FORM: F-6)

                                          STATION:   PLEASANTON MUNICIPAL AIRPORT
                                          MONTH:     JULY
                                          YEAR:      2017
                                          LATITUDE:   28 57 N
                                          LONGITUDE:  98 31 W

  TEMPERATURE IN F:       :PCPN:    SNOW:  WIND      :SUNSHINE: SKY     :PK WND
================================================================================
1   2   3   4   5  6A  6B    7    8   9   10  11  12  13   14  15   16   17  18
                                     12Z  AVG MX 2MIN
DY MAX MIN AVG DEP HDD CDD  WTR  SNW DPTH SPD SPD DIR MIN PSBL S-S WX    SPD DR
================================================================================

 1  99  79  89   M   0  24 0.00    M    M 10.3 16 160   M    M   4        27 150
 2 101  75  88   M   0  23 0.00    M    M  8.5 16 150   M    M   4 1      24 170
 3 101  76  89   M   0  24 0.00    M    M  9.8 17 150   M    M   4        24 150
 4 102  78  90   M   0  25 0.00    M    M 10.3 16 120   M    M   3        23 120
 5 101  76  89   M   0  24 0.00    M    M  7.4 13 150   M    M   3        22 140
 6 100  75  88   M   0  23 0.00    M    M  5.9 16 120   M    M   3        22 120
 7  98  73  86   M   0  21 0.00    M    M  3.9 14 150   M    M   3        20 150
 8 100  70  85   M   0  20 0.00    M    M  3.5 13 150   M    M   1        18 150
 9 101  70  86   M   0  21 0.00    M    M  5.5 15 200   M    M   1        20 200
10 101  70  86   M   0  21 0.00    M    M  8.5 16 180   M    M   1        22 160
11 100  73  87   M   0  22 0.00    M    M  8.6 15 140   M    M   1        23 140
12  95  77  86   M   0  21 0.01    M    M  7.1 14 150   M    M   3 3      22 150
13  96  75  86   M   0  21 0.37    M    M  5.4 32 240   M    M   3 3      52 240
14 100  75  88   M   0  23 0.00    M    M  3.8 12 150   M    M   3        22 150
15 101  73  87   M   0  22 0.00    M    M  3.8 25  70   M    M   1        43  70
16  98  73  86   M   0  21 0.00    M    M  4.6 13  50   M    M   2        21  60
17  98  74  86   M   0  21 0.00    M    M  4.7 13 120   M    M   2        20 130
18  99  75  87   M   0  22 0.00    M    M  6.3 13 130   M    M   2        22 140
19 101  74  88   M   0  23 0.00    M    M  5.5 17 150   M    M   3        24 150
20 104  75  90   M   0  25 0.00    M    M  6.6 16 150   M    M   1        22 150
21 102  74  88   M   0  23 0.00    M    M  6.4 14 140   M    M   0        22 130
22 103  74  89   M   0  24 0.00    M    M  7.4 15 140   M    M   2        25 140
23 104  76  90   M   0  25 0.00    M    M  6.1 10 200   M    M   1        18 150
24 102  76  89   M   0  24 0.00    M    M  8.6 16 130   M    M   0        24 130
25 101  77  89   M   0  24 0.00  0.0    0  9.2 15 150   M    M   3        23 150
================================================================================
SM 2508 1863         0 567  0.38     0.0 167.7          M       54
================================================================================
AV100.3 74.5                               6.7 FASTST   M    M   2    MAX(MPH)
                                 MISC ---->  # 32 240               # 52  240
================================================================================
NOTES:
# LAST OF SEVERAL OCCURRENCES

COLUMN 17 PEAK WIND IN M.P.H.

PRELIMINARY LOCAL CLIMATOLOGICAL DATA (WS FORM: F-6) , PAGE 2

                                          STATION:  PLEASANTON MUNICIPAL AIRPORT
                                          MONTH:    JULY
                                          YEAR:     2017
                                          LATITUDE:   28 57 N
                                          LONGITUDE:  98 31 W

[TEMPERATURE DATA]      [PRECIPITATION DATA]       SYMBOLS USED IN COLUMN 16

AVERAGE MONTHLY: 87.4   TOTAL FOR MONTH:   0.38    1 = FOG OR MIST
DPTR FM NORMAL:     M   DPTR FM NORMAL:       M    2 = FOG REDUCING VISIBILITY
HIGHEST:   104 ON 23,20 GRTST 24HR  0.37 ON 13-13      TO 1/4 MILE OR LESS
LOWEST:     70 ON 10, 9                            3 = THUNDER
                        SNOW, ICE PELLETS, HAIL    4 = ICE PELLETS
                        TOTAL MONTH:   0.0 INCH    5 = HAIL
                        GRTST 24HR     0.0         6 = FREEZING RAIN OR DRIZZLE
                        GRTST DEPTH:   0           7 = DUSTSTORM OR SANDSTORM:
                                                       VSBY 1/2 MILE OR LESS
                                                   8 = SMOKE OR HAZE
[NO. OF DAYS WITH]      [WEATHER - DAYS WITH]      9 = BLOWING SNOW
                                                   X = TORNADO
MAX 32 OR BELOW:   0    0.01 INCH OR MORE:   2
MAX 90 OR ABOVE:  25    0.10 INCH OR MORE:   1
MIN 32 OR BELOW:   0    0.50 INCH OR MORE:   0
MIN  0 OR BELOW:   0    1.00 INCH OR MORE:   0

[HDD (BASE 65) ]
TOTAL THIS MO.     0    CLEAR  (SCALE 0-3)  20
DPTR FM NORMAL     M    PTCLDY (SCALE 4-7)   5
TOTAL FM JUL 1     0    CLOUDY (SCALE 8-10)  0
DPTR FM NORMAL     M

[CDD (BASE 65) ]
TOTAL THIS MO.   567
DPTR FM NORMAL     M    [PRESSURE DATA]
TOTAL FM JAN 1  2080    HIGHEST SLP M ON M
DPTR FM NORMAL     M    LOWEST  SLP M ON M

[REMARKS]
