000
CXUS55 KTBW 241000
CF6PGD
PRELIMINARY LOCAL CLIMATOLOGICAL DATA (WS FORM: F-6)

                                          STATION:   Punta Gorda
                                          MONTH:     FEBRUARY
                                          YEAR:      2017
                                          LATITUDE:   26 55 N
                                          LONGITUDE:  82  0 W

  TEMPERATURE IN F:       :PCPN:    SNOW:  WIND      :SUNSHINE: SKY     :PK WND
================================================================================
1   2   3   4   5  6A  6B    7    8   9   10  11  12  13   14  15   16   17  18
                                     12Z  AVG MX 2MIN
DY MAX MIN AVG DEP HDD CDD  WTR  SNW DPTH SPD SPD DIR MIN PSBL S-S WX    SPD DR
================================================================================

 1  78  40  59  -4   6   0 0.00  0.0    0  4.7 12 260   M    M   0        17 140
 2  80  49  65   2   0   0 0.00  0.0    0  4.5 13 240   M    M   0 12     24 300
 3  81  50  66   3   0   1 0.00  0.0    0  5.7 16 290   M    M   1 1      27 300
 4  82  48  65   2   0   0 0.00  0.0    0  5.8 15  40   M    M   1 128    20  50
 5  79  53  66   2   0   1 0.00  0.0    0  5.9 12 260   M    M   4 12     19 310
 6  83  54  69   5   0   4 0.00  0.0    0  6.7 12 120   M    M   5 12     17  90
 7   M  58   M   M   M   M 0.00  0.0    0  8.7 20 220   M    M   4 1      26 240
 8   M   M   M   M   M   M 0.06  0.0    0  9.2 17 240   M    M   3 18     31  10
 9  85  59  72   8   0   7    T  0.0    0 12.0 22 300   M    M   4 1      32 310
10  79  46  63  -1   2   0 0.00  0.0    0 11.0 20  60   M    M   0        25  80
11  80  44  62  -2   3   0 0.00  0.0    0  4.8 14 140   M    M   0 12     20 120
12  82  46  64   0   1   0 0.00  0.0    0  4.6 16 260   M    M   1 12     22 270
13  82  59  71   7   0   6 0.00  0.0    0  8.1 14 260   M    M   3 12     24 260
14  80  57  69   4   0   4 0.00  0.0    0  5.8 15 240   M    M   5 128    19 250
15  82  57  70   5   0   5 0.03  0.0    0 11.6 28 230   M    M   6 12     36 240
16  75  52  64  -1   1   0 0.00  0.0    0 10.8 22 290   M    M   4        36 310
17  77  39  58  -7   7   0 0.00  0.0    0  4.7 12 260   M    M   0 12     16 230
18  83  50  67   2   0   2 0.03  0.0    0  7.2 20 200   M    M   3 1      24 200
19  85  59  72   7   0   7 0.00  0.0    0  7.1 17 290   M    M   2 12     25 310
20  87  52  70   5   0   5 0.00  0.0    0  5.1 14 250   M    M   3 12     22 100
21  81  59  70   4   0   5 0.00  0.0    0  7.4 17 120   M    M   4 1      25 120
22  75  64  70   4   0   5 0.82  0.0    0  8.2 24 140   M    M   5 1      35 140
23  78  55  67   1   0   2 0.00  0.0    0  5.1 14 360   M    M   4 12     21 250
================================================================================
SM 1694 1150        20  54  0.94     0.0 164.7          M       62
================================================================================
AV 80.7 52.3                               7.2 FASTST   M    M   3    MAX(MPH)
                                 MISC ---->  # 28 230               # 36  240
================================================================================
NOTES:
# LAST OF SEVERAL OCCURRENCES

COLUMN 17 PEAK WIND IN M.P.H.

PRELIMINARY LOCAL CLIMATOLOGICAL DATA (WS FORM: F-6) , PAGE 2

                                          STATION:  Punta Gorda
                                          MONTH:    FEBRUARY
                                          YEAR:     2017
                                          LATITUDE:   26 55 N
                                          LONGITUDE:  82  0 W

[TEMPERATURE DATA]      [PRECIPITATION DATA]       SYMBOLS USED IN COLUMN 16

AVERAGE MONTHLY: 66.5   TOTAL FOR MONTH:   0.94    1 = FOG OR MIST
DPTR FM NORMAL:   2.1   DPTR FM NORMAL:   -0.67    2 = FOG REDUCING VISIBILITY
HIGHEST:    87 ON 20    GRTST 24HR  0.82 ON 22-22      TO 1/4 MILE OR LESS
LOWEST:     39 ON 17                               3 = THUNDER
                        SNOW, ICE PELLETS, HAIL    4 = ICE PELLETS
                        TOTAL MONTH:   0.0 INCH    5 = HAIL
                        GRTST 24HR     0.0         6 = FREEZING RAIN OR DRIZZLE
                        GRTST DEPTH:   0           7 = DUSTSTORM OR SANDSTORM:
                                                       VSBY 1/2 MILE OR LESS
                                                   8 = SMOKE OR HAZE
[NO. OF DAYS WITH]      [WEATHER - DAYS WITH]      9 = BLOWING SNOW
                                                   X = TORNADO
MAX 32 OR BELOW:   0    0.01 INCH OR MORE:   4
MAX 90 OR ABOVE:   0    0.10 INCH OR MORE:   1
MIN 32 OR BELOW:   0    0.50 INCH OR MORE:   1
MIN  0 OR BELOW:   0    1.00 INCH OR MORE:   0

[HDD (BASE 65) ]
TOTAL THIS MO.    20    CLEAR  (SCALE 0-3)  12
DPTR FM NORMAL   -53    PTCLDY (SCALE 4-7)  11
TOTAL FM JUL 1   143    CLOUDY (SCALE 8-10)  0
DPTR FM NORMAL  -200

[CDD (BASE 65) ]
TOTAL THIS MO.    54
DPTR FM NORMAL    -4    [PRESSURE DATA]
TOTAL FM JAN 1   130    HIGHEST SLP M ON M
DPTR FM NORMAL    11    LOWEST  SLP 29.62 ON 23

[REMARKS]
