000
CXUS51 KPBZ 270804
CF6PHD
PRELIMINARY LOCAL CLIMATOLOGICAL DATA (WS FORM: F-6)

                                          STATION:   NEW PHILADELPHIA OH
                                          MONTH:     MARCH
                                          YEAR:      2015
                                          LATITUDE:   40 28 N
                                          LONGITUDE:  81 25 W

  TEMPERATURE IN F:       :PCPN:    SNOW:  WIND      :SUNSHINE: SKY     :PK WND
================================================================================
1   2   3   4   5  6A  6B    7    8   9   10  11  12  13   14  15   16   17  18
                                     12Z  AVG MX 2MIN
DY MAX MIN AVG DEP HDD CDD  WTR  SNW DPTH SPD SPD DIR MIN PSBL S-S WX    SPD DR
================================================================================

 1  36  22  29  -6  36   0 0.34    M    M  3.5 12 280   M    M  10 128    17 280
 2  33  13  23 -12  42   0    T    M    M  6.1 16 310   M    M   6 8      21 300
 3  47  14  31  -4  34   0 0.48    M    M  6.2 14 130   M    M   9 18     20 180
 4  42  29  36   0  29   0 0.36    M    M  5.3 16 330   M    M   9 18     22 320
 5  29   6  18 -18  47   0    T    M    M  8.5 21 330   M    M   6 8      25 340
 6  26   2  14 -22  51   0 0.00    M    M  4.6 13 250   M    M   0 8      16 250
 7  45  17  31  -5  34   0 0.00    M    M  6.3 16 210   M    M   5        25 230
 8  45  28  37   0  28   0 0.00    M    M  4.6 13 270   M    M   4 18     20 270
 9  54  30  42   5  23   0 0.00    M    M  1.9  9 210   M    M   3 18     14 210
10  47  31  39   1  26   0 0.36    M    M  1.3  8 120   M    M   8 128     9 150
11  44  30  37  -1  28   0    T    M    M  2.5  9 330   M    M   9 128    11 340
12  52  27  40   2  25   0 0.00    M    M  2.8 12  50   M    M   2 128    16  60
13  58  30  44   5  21   0 0.45    M    M  4.0 13 160   M    M   5 1      18 140
14  58  43  51  12  14   0 0.65    M    M  6.6 18 310   M    M   9 18     24 310
15  53  34  44   5  21   0 0.00    M    M  7.7 15 310   M    M   5        21 320
16  69  34  52  12  13   0 0.00    M    M  5.4 15 250   M    M   2 18     21 260
17  62  26  44   4  21   0 0.00    M    M 10.2 23 340   M    M   4 8      33 320
18  48  23  36  -5  29   0 0.00    M    M  5.2 17 310   M    M   0        22 300
19  52  30  41   0  24   0 0.00    M    M  3.6 12  80   M    M   1        15  70
20  49  37  43   2  22   0 0.09    M    M  2.2  9 250   M    M  10 18     12 260
21  58  34  46   4  19   0 0.00    M    M  7.2 23 330   M    M   7 18     29 330
22  42  27  35  -7  30   0 0.00    M    M  6.3 15  10   M    M   4 18     21  20
23  39  21  30 -12  35   0 0.06    M    M  5.1 13  60   M    M   6 128    23  70
24  53  24  39  -4  26   0 0.00    M    M  3.9 10  60   M    M   3        15  70
25  69  35  52   9  13   0 0.32    M    M  5.9 20 270   M    M   6 18     29 260
26  46  37  42  -2  23   0 0.38    M    M  5.0 13 340   M    M   8 128    17 320
================================================================================
SM 1256  684       714   0  3.49    M    131.9          M      141
================================================================================
AV 48.3 26.3                               5.1 FASTST   M    M   5    MAX(MPH)
                                 MISC ---->  # 23 340               # 33  320
================================================================================
NOTES:
# LAST OF SEVERAL OCCURRENCES

COLUMN 17 PEAK WIND IN M.P.H.

PRELIMINARY LOCAL CLIMATOLOGICAL DATA (WS FORM: F-6) , PAGE 2

                                          STATION:  NEW PHILADELPHIA OH
                                          MONTH:    MARCH
                                          YEAR:     2015
                                          LATITUDE:   40 28 N
                                          LONGITUDE:  81 25 W

[TEMPERATURE DATA]      [PRECIPITATION DATA]       SYMBOLS USED IN COLUMN 16

AVERAGE MONTHLY: 37.3   TOTAL FOR MONTH:   3.49    1 = FOG OR MIST
DPTR FM NORMAL:  -1.7   DPTR FM NORMAL:    0.96    2 = FOG REDUCING VISIBILITY
HIGHEST:    69 ON 25,16 GRTST 24HR  0.65 ON 14-14      TO 1/4 MILE OR LESS
LOWEST:      2 ON  6                               3 = THUNDER
                        SNOW, ICE PELLETS, HAIL    4 = ICE PELLETS
                        TOTAL MONTH:    M          5 = HAIL
                        GRTST 24HR    M  ON   M    6 = FREEZING RAIN OR DRIZZLE
                        GRTST DEPTH:  M  ON   M    7 = DUSTSTORM OR SANDSTORM:
                                                       VSBY 1/2 MILE OR LESS
                                                   8 = SMOKE OR HAZE
[NO. OF DAYS WITH]      [WEATHER - DAYS WITH]      9 = BLOWING SNOW
                                                   X = TORNADO
MAX 32 OR BELOW:   2    0.01 INCH OR MORE:  10
MAX 90 OR ABOVE:   0    0.10 INCH OR MORE:   8
MIN 32 OR BELOW:  19    0.50 INCH OR MORE:   1
MIN  0 OR BELOW:   0    1.00 INCH OR MORE:   0

[HDD (BASE 65) ]
TOTAL THIS MO.   714    CLEAR  (SCALE 0-3)   6
DPTR FM NORMAL    37    PTCLDY (SCALE 4-7)  12
TOTAL FM JUL 1  5332    CLOUDY (SCALE 8-10)  8
DPTR FM NORMAL   448

[CDD (BASE 65) ]
TOTAL THIS MO.     0
DPTR FM NORMAL     0    [PRESSURE DATA]
TOTAL FM JAN 1     0    HIGHEST SLP M ON M
DPTR FM NORMAL     0    LOWEST  SLP 29.73 ON 17

[REMARKS]
