085
CXUS51 KPBZ 220804
CF6PHD
PRELIMINARY LOCAL CLIMATOLOGICAL DATA (WS FORM: F-6)

                                          STATION:   NEW PHILADELPHIA OH
                                          MONTH:     SEPTEMBER
                                          YEAR:      2017
                                          LATITUDE:   40 28 N
                                          LONGITUDE:  81 25 W

  TEMPERATURE IN F:       :PCPN:    SNOW:  WIND      :SUNSHINE: SKY     :PK WND
================================================================================
1   2   3   4   5  6A  6B    7    8   9   10  11  12  13   14  15   16   17  18
                                     12Z  AVG MX 2MIN
DY MAX MIN AVG DEP HDD CDD  WTR  SNW DPTH SPD SPD DIR MIN PSBL S-S WX    SPD DR
================================================================================

 1  62  52  57 -12   8   0 0.00  0.0    0  5.8 14  60   M    M   0        20  50
 2  64  52  58 -11   7   0 0.40  0.0    0  5.5 13 120   M    M  10 1      15 130
 3  77  55  66  -2   0   1    T  0.0    0  5.2 15 270   M    M   7 18     23 250
 4  83  52  68   0   0   3 0.05    M    M  6.6 26 320   M    M   1 13     37 300
 5  74  57  66  -2   0   1 0.20    M    M  4.3 13 290   M    M   6 13     17 290
 6  71  48  60  -8   5   0 0.00    M    M  2.5 13 300   M    M   5 12     17 280
 7  68  44  56 -11   9   0 0.03    M    0  4.1 13 270   M    M   6 12     21 280
 8  72  49  61  -6   4   0 0.00    M    0  4.2 14 240   M    M   6        21 270
 9  71  43  57 -10   8   0 0.00    M    0  2.7 10 350   M    M   1 1      15  30
10  71  40  56 -10   9   0 0.00  0.0    0  2.7 13 110   M    M   0 1      18 110
11  75  43  59  -7   6   0 0.00  0.0    0  3.2 13 100   M    M   0 1      16 120
12  72  50  61  -5   4   0    T  0.0    0  2.7 10  80   M    M   1        12 110
13  79  55  67   2   0   2 0.10  0.0    0  2.4 15 240   M    M   6 12     27 250
14  70  59  65   0   0   0 0.02  0.0    0  2.6  7 110   M    M   9 12      8 140
15  78  57  68   4   0   3 0.00  0.0    0  1.2  8 110   M    M   7 12     12 130
16  82  56  69   5   0   4 0.00  0.0    0  0.8  7 120   M    M   7 12     10 130
17  84  59  72   8   0   7 0.00    M    M  1.0  7 130   M    M   5 12      9  50
18  86  57  72   9   0   7 0.00    M    M  1.0  7 220   M    M   3 12     10 150
19  83  57  70   7   0   5 0.00  0.0    0  2.0  8 270   M    M   4 12     12 240
20  84  62  73  11   0   8 0.00  0.0    0  0.9  8 310   M    M   4 12     12 310
21  91  63  77  15   0  12 0.00  0.0    0  1.0  7 350   M    M   4 12     10 240
================================================================================
SM 1597 1110        60  53  0.80     0.0  62.4          M       92
================================================================================
AV 76.1 52.9                               3.0 FASTST   M    M   4    MAX(MPH)
                                 MISC ---->  # 26 320               # 37  300
================================================================================
NOTES:
# LAST OF SEVERAL OCCURRENCES

COLUMN 17 PEAK WIND IN M.P.H.

PRELIMINARY LOCAL CLIMATOLOGICAL DATA (WS FORM: F-6) , PAGE 2

                                          STATION:  NEW PHILADELPHIA OH
                                          MONTH:    SEPTEMBER
                                          YEAR:     2017
                                          LATITUDE:   40 28 N
                                          LONGITUDE:  81 25 W

[TEMPERATURE DATA]      [PRECIPITATION DATA]       SYMBOLS USED IN COLUMN 16

AVERAGE MONTHLY: 64.5   TOTAL FOR MONTH:   0.80    1 = FOG OR MIST
DPTR FM NORMAL:  -1.3   DPTR FM NORMAL:   -1.68    2 = FOG REDUCING VISIBILITY
HIGHEST:    91 ON 21    GRTST 24HR  0.40 ON  2- 2      TO 1/4 MILE OR LESS
LOWEST:     40 ON 10                               3 = THUNDER
                        SNOW, ICE PELLETS, HAIL    4 = ICE PELLETS
                        TOTAL MONTH:   0.0 INCH    5 = HAIL
                        GRTST 24HR     0.0         6 = FREEZING RAIN OR DRIZZLE
                        GRTST DEPTH:   0           7 = DUSTSTORM OR SANDSTORM:
                                                       VSBY 1/2 MILE OR LESS
                                                   8 = SMOKE OR HAZE
[NO. OF DAYS WITH]      [WEATHER - DAYS WITH]      9 = BLOWING SNOW
                                                   X = TORNADO
MAX 32 OR BELOW:   0    0.01 INCH OR MORE:   6
MAX 90 OR ABOVE:   1    0.10 INCH OR MORE:   3
MIN 32 OR BELOW:   0    0.50 INCH OR MORE:   0
MIN  0 OR BELOW:   0    1.00 INCH OR MORE:   0

[HDD (BASE 65) ]
TOTAL THIS MO.    60    CLEAR  (SCALE 0-3)   6
DPTR FM NORMAL    17    PTCLDY (SCALE 4-7)  13
TOTAL FM JUL 1    70    CLOUDY (SCALE 8-10)  2
DPTR FM NORMAL    17

[CDD (BASE 65) ]
TOTAL THIS MO.    53
DPTR FM NORMAL    -4    [PRESSURE DATA]
TOTAL FM JAN 1   721    HIGHEST SLP M ON M
DPTR FM NORMAL    42    LOWEST  SLP 29.70 ON  5

[REMARKS]
