000
CXUS51 KPBZ 250804
CF6PHD
PRELIMINARY LOCAL CLIMATOLOGICAL DATA (WS FORM: F-6)

                                          STATION:   NEW PHILADELPHIA OH
                                          MONTH:     MAY
                                          YEAR:      2017
                                          LATITUDE:   40 28 N
                                          LONGITUDE:  81 25 W

  TEMPERATURE IN F:       :PCPN:    SNOW:  WIND      :SUNSHINE: SKY     :PK WND
================================================================================
1   2   3   4   5  6A  6B    7    8   9   10  11  12  13   14  15   16   17  18
                                     12Z  AVG MX 2MIN
DY MAX MIN AVG DEP HDD CDD  WTR  SNW DPTH SPD SPD DIR MIN PSBL S-S WX    SPD DR
================================================================================

 1  76  54  65   9   0   0 0.64  0.0    0  9.9 23 240   M    M   6 13     34 250
 2  62  47  55  -1  10   0 0.10    M    0 11.6 25 260   M    M   9 1      39 260
 3  60  44  52  -4  13   0 0.01    M    0  4.9 14 330   M    M   7        20 310
 4  64  49  57   1   8   0 0.28    M    0  7.6 17 160   M    M   9 1      27 140
 5  58  45  52  -5  13   0 1.45    M    M  8.2 20 330   M    M  10 1      27 320
 6  55  43  49  -8  16   0 0.12    M    0 10.8 20 360   M    M  10 1      27 360
 7  58  38  48  -9  17   0 0.00  0.0    0  7.2 20 300   M    M   4        26 310
 8  58  33  46 -12  19   0 0.00  0.0    0  4.3 18 300   M    M   3 12     25 280
 9  67  32  50  -8  15   0 0.00    M    M  2.1 13 240   M    M   1        18 270
10  74  46  60   2   5   0 0.00    M    M  2.5  9 360   M    M   3        12 300
11  64  50  57  -1   8   0 0.96  0.0    0  4.6 12 110   M    M   9 13     14 310
12  61  50  56  -3   9   0 0.00  0.0    0  3.9  9  70   M    M   9        12  70
13  71  44  58  -1   7   0 0.00    M    M  3.6 15 310   M    M   5 12     19 300
14  75  47  61   2   4   0 0.00  0.0    0  6.2 20 350   M    M   3 1      27 350
15  72  40  56  -4   9   0 0.00    M    M  2.3 12 330   M    M   0        14  20
16  86  46  66   6   0   1 0.00  0.0    0  5.8 14 240   M    M   0        23 250
17  88  60  74  14   0   9 0.00    M    0  6.7 16 230   M    M   1        26 200
18  84  66  75  15   0  10 0.00    M    0  8.5 20 230   M    M   1 3      29 250
19  81  54  68   7   0   3 0.34  0.0    0  4.4 16 330   M    M   4 13     20 330
20  75  54  65   4   0   0 0.00  0.0    0  5.0 12 110   M    M   6 1      14 110
21  72  63  68   7   0   3 0.18  0.0    0  6.5 14 180   M    M   6 1      20 180
22  69  50  60  -2   5   0    T    M    M  6.3 15 330   M    M   4        23 250
23  75  49  62   0   3   0 0.00    M    M  4.8 15  90   M    M   2        19 100
24  67  59  63   1   2   0 0.21  0.0    0  8.4 16 140   M    M  10 18     22 140
================================================================================
SM 1672 1163       163  26  4.29     0.0 146.1          M      122
================================================================================
AV 69.7 48.5                               6.1 FASTST   M    M   5    MAX(MPH)
                                 MISC ---->  # 25 260               # 39  260
================================================================================
NOTES:
# LAST OF SEVERAL OCCURRENCES

COLUMN 17 PEAK WIND IN M.P.H.

PRELIMINARY LOCAL CLIMATOLOGICAL DATA (WS FORM: F-6) , PAGE 2

                                          STATION:  NEW PHILADELPHIA OH
                                          MONTH:    MAY
                                          YEAR:     2017
                                          LATITUDE:   40 28 N
                                          LONGITUDE:  81 25 W

[TEMPERATURE DATA]      [PRECIPITATION DATA]       SYMBOLS USED IN COLUMN 16

AVERAGE MONTHLY: 59.1   TOTAL FOR MONTH:   4.29    1 = FOG OR MIST
DPTR FM NORMAL:   0.2   DPTR FM NORMAL:    1.16    2 = FOG REDUCING VISIBILITY
HIGHEST:    88 ON 17    GRTST 24HR  1.45 ON  5- 5      TO 1/4 MILE OR LESS
LOWEST:     32 ON  9                               3 = THUNDER
                        SNOW, ICE PELLETS, HAIL    4 = ICE PELLETS
                        TOTAL MONTH:   0.0 INCH    5 = HAIL
                        GRTST 24HR     0.0         6 = FREEZING RAIN OR DRIZZLE
                        GRTST DEPTH:   0           7 = DUSTSTORM OR SANDSTORM:
                                                       VSBY 1/2 MILE OR LESS
                                                   8 = SMOKE OR HAZE
[NO. OF DAYS WITH]      [WEATHER - DAYS WITH]      9 = BLOWING SNOW
                                                   X = TORNADO
MAX 32 OR BELOW:   0    0.01 INCH OR MORE:  10
MAX 90 OR ABOVE:   0    0.10 INCH OR MORE:   9
MIN 32 OR BELOW:   1    0.50 INCH OR MORE:   3
MIN  0 OR BELOW:   0    1.00 INCH OR MORE:   1

[HDD (BASE 65) ]
TOTAL THIS MO.   163    CLEAR  (SCALE 0-3)   7
DPTR FM NORMAL    -5    PTCLDY (SCALE 4-7)  10
TOTAL FM JUL 1  4678    CLOUDY (SCALE 8-10)  7
DPTR FM NORMAL  -905

[CDD (BASE 65) ]
TOTAL THIS MO.    26
DPTR FM NORMAL     7    [PRESSURE DATA]
TOTAL FM JAN 1    51    HIGHEST SLP M ON M
DPTR FM NORMAL    25    LOWEST  SLP 29.40 ON  5

[REMARKS]
