000
CXUS53 KUNR 210945
CF6PHP
PRELIMINARY LOCAL CLIMATOLOGICAL DATA (WS FORM: F-6)

                                          STATION:   PHILIP SD
                                          MONTH:     OCTOBER
                                          YEAR:      2014
                                          LATITUDE:   44  3 N
                                          LONGITUDE: 101 36 W

  TEMPERATURE IN F:       :PCPN:    SNOW:  WIND      :SUNSHINE: SKY     :PK WND
================================================================================
1   2   3   4   5  6A  6B    7    8   9   10  11  12  13   14  15   16   17  18
                                     12Z  AVG MX 2MIN
DY MAX MIN AVG DEP HDD CDD  WTR  SNW DPTH SPD SPD DIR MIN PSBL S-S WX    SPD DR
================================================================================

 1  66  48  57   2   8   0    T    M    M  9.1 21 340   M    M   6        27 330
 2  69  41  55   0  10   0    T    M    M 16.1 37 340   M    M   3        48 330
 3  53  28  41 -13  24   0 0.00    M    M 20.3 43 320   M    M   4        52 330
 4  65  27  46  -8  19   0 0.00    M    M  4.8 14 300   M    M   6        18 320
 5  68  41  55   2  10   0 0.03    M    M 14.8 40 340   M    M   3 3      53 330
 6  72  42  57   4   8   0    T    M    M 10.9 28 320   M    M   3        34 320
 7  64  38  51  -1  14   0    T    M    M 12.5 28 310   M    M   6        35 310
 8  72  33  53   1  12   0    T    M    M  8.0 23  70   M    M   2        27  70
 9  61  36  49  -3  16   0 0.00    M    M  9.2 20  80   M    M   1        26  80
10  61  30  46  -5  19   0 0.00    M    M  6.8 16 150   M    M   4        20 150
11  77  37  57   6   8   0 0.00    M    M  9.2 23 190   M    M   0        30 190
12  63  44  54   4  11   0 0.19    M    M 15.0 30 340   M    M   6 1      38 320
13  66  35  51   1  14   0 0.00    M    M 11.7 24 340   M    M   1        32 320
14  70  34  52   3  13   0 0.00    M    M  6.0 13 160   M    M   0        15 160
15  86  37  62  13   3   0 0.00    M    M  9.6 24 210   M    M   0        30 210
16  69  50  60  12   5   0 0.00    M    M 22.3 38 290   M    M   1        53 310
17  53  28  41  -7  24   0 0.00    M    M  9.3 23 340   M    M   5 8      27 340
18  74  24  49   1  16   0 0.00    M    M  6.3 23 190   M    M   0 1      29 200
19  77  38  58  11   7   0 0.00    M    M  8.5 18 340   M    M   0        22 340
20  80  32  56   9   9   0 0.00    M    M  6.6 20 150   M    M   0        23 170
================================================================================
SM 1366  723       250   0  0.22    M    217.0          M       51
================================================================================
AV 68.3 36.2                              10.9 FASTST   M    M   3    MAX(MPH)
                                 MISC ---->  # 43 320               # 53  330
================================================================================
NOTES:
# LAST OF SEVERAL OCCURRENCES

COLUMN 17 PEAK WIND IN M.P.H.

PRELIMINARY LOCAL CLIMATOLOGICAL DATA (WS FORM: F-6) , PAGE 2

                                          STATION:  PHILIP SD
                                          MONTH:    OCTOBER
                                          YEAR:     2014
                                          LATITUDE:   44  3 N
                                          LONGITUDE: 101 36 W

[TEMPERATURE DATA]      [PRECIPITATION DATA]       SYMBOLS USED IN COLUMN 16

AVERAGE MONTHLY: 52.2   TOTAL FOR MONTH:   0.22    1 = FOG OR MIST
DPTR FM NORMAL:   1.3   DPTR FM NORMAL:   -0.79    2 = FOG REDUCING VISIBILITY
HIGHEST:    86 ON 15    GRTST 24HR  0.19 ON 11-12      TO 1/4 MILE OR LESS
LOWEST:     24 ON 18                               3 = THUNDER
                        SNOW, ICE PELLETS, HAIL    4 = ICE PELLETS
                        TOTAL MONTH:    M          5 = HAIL
                        GRTST 24HR    M  ON   M    6 = FREEZING RAIN OR DRIZZLE
                        GRTST DEPTH:  M  ON   M    7 = DUSTSTORM OR SANDSTORM:
                                                       VSBY 1/2 MILE OR LESS
                                                   8 = SMOKE OR HAZE
[NO. OF DAYS WITH]      [WEATHER - DAYS WITH]      9 = BLOWING SNOW
                                                   X = TORNADO
MAX 32 OR BELOW:   0    0.01 INCH OR MORE:   2
MAX 90 OR ABOVE:   0    0.10 INCH OR MORE:   1
MIN 32 OR BELOW:   6    0.50 INCH OR MORE:   0
MIN  0 OR BELOW:   0    1.00 INCH OR MORE:   0

[HDD (BASE 65) ]
TOTAL THIS MO.   250    CLEAR  (SCALE 0-3)  12
DPTR FM NORMAL   -35    PTCLDY (SCALE 4-7)   8
TOTAL FM JUL 1   441    CLOUDY (SCALE 8-10)  0
DPTR FM NORMAL   -30

[CDD (BASE 65) ]
TOTAL THIS MO.     0
DPTR FM NORMAL     0    [PRESSURE DATA]
TOTAL FM JAN 1   649    HIGHEST SLP M ON M
DPTR FM NORMAL  -165    LOWEST  SLP 29.53 ON 11

[REMARKS]
