000
CXUS55 KPSR 251005
CF6PHX
PRELIMINARY LOCAL CLIMATOLOGICAL DATA (WS FORM: F-6)

                                          STATION:   PHOENIX AZ
                                          MONTH:     FEBRUARY
                                          YEAR:      2018
                                          LATITUDE:   33 25 N
                                          LONGITUDE: 112  1 W

  TEMPERATURE IN F:       :PCPN:    SNOW:  WIND      :SUNSHINE: SKY     :PK WND
================================================================================
1   2   3   4   5  6A  6B    7    8   9   10  11  12  13   14  15   16   17  18
                                     12Z  AVG MX 2MIN
DY MAX MIN AVG DEP HDD CDD  WTR  SNW DPTH SPD SPD DIR MIN PSBL S-S WX    SPD DR
================================================================================

 1  80  50  65   7   0   0 0.00  0.0    0  4.3 13  80   M    M   4        13  80
 2  80  50  65   7   0   0 0.00  0.0    0  4.6 12  80   M    M   6        14 350
 3  78  49  64   6   1   0 0.00  0.0    0  4.5  9 100   M    M   3        12 330
 4  80  50  65   7   0   0 0.00  0.0    0  5.1  9 270   M    M   3        13 320
 5  81  52  67   9   0   2 0.00  0.0    0  5.0 12  80   M    M   4        17 320
 6  80  51  66   8   0   1 0.00  0.0    0  7.8 22 270   M    M   1        25 270
 7  79  49  64   5   1   0 0.00  0.0    0  4.0 16  60   M    M   1        21  50
 8  84  48  66   7   0   1 0.00  0.0    0  3.2 12 280   M    M   1        15 310
 9  82  53  68   9   0   3 0.00  0.0    0  5.2 12 140   M    M   2        14 310
10  78  52  65   6   0   0 0.00  0.0    0  5.6 12  90   M    M   7        16 330
11  76  58  67   8   0   2 0.00  0.0    0  7.5 22  70   M    M   4        25  80
12  66  54  60   1   5   0 0.00  0.0    0 10.0 22 190   M    M   7        28 190
13  73  58  66   7   0   1    T  0.0    0  5.8 17 140   M    M   8        27 130
14  61  54  58  -2   7   0 0.28  0.0    0  3.2 10 120   M    M   9 1      13  10
15  66  54  60   0   5   0 0.02  0.0    0  3.3  9 100   M    M   9        14  10
16  66  53  60   0   5   0 0.00  0.0    0  3.9  8  70   M    M   8        13 360
17  71  50  61   1   4   0 0.00  0.0    0  2.1  7 230   M    M   6        11  10
18  74  51  63   3   2   0 0.00  0.0    0  5.6 14 220   M    M   6        18 220
19  68  48  58  -2   7   0 0.00  0.0    0 13.9 36 270   M    M   7        40 270
20  60  43  52  -8  13   0 0.00  0.0    0  5.7 14 270   M    M   2        18 230
21  60  39  50 -11  15   0 0.00  0.0    0  4.6 15 230   M    M   4        19 310
22  63  41  52  -9  13   0 0.00  0.0    0  5.1 17 230   M    M   2        21 220
23  62  41  52  -9  13   0 0.00  0.0    0  8.8 25 320   M    M   4        31 230
24  60  39  50 -11  15   0 0.00  0.0    0  5.2 13 240   M    M   1        16 230
================================================================================
SM 1728 1187       106  10  0.30     0.0 134.0          M      109
================================================================================
AV 72.0 49.5                               5.6 FASTST   M    M   5    MAX(MPH)
                                 MISC ---->  # 36 270               # 40  270
================================================================================
NOTES:
# LAST OF SEVERAL OCCURRENCES

COLUMN 17 PEAK WIND IN M.P.H.

PRELIMINARY LOCAL CLIMATOLOGICAL DATA (WS FORM: F-6) , PAGE 2

                                          STATION:  PHOENIX AZ
                                          MONTH:    FEBRUARY
                                          YEAR:     2018
                                          LATITUDE:   33 25 N
                                          LONGITUDE: 112  1 W

[TEMPERATURE DATA]      [PRECIPITATION DATA]       SYMBOLS USED IN COLUMN 16

AVERAGE MONTHLY: 60.7   TOTAL FOR MONTH:   0.30    1 = FOG OR MIST
DPTR FM NORMAL:   1.4   DPTR FM NORMAL:   -0.47    2 = FOG REDUCING VISIBILITY
HIGHEST:    84 ON  8    GRTST 24HR  0.28 ON 14-14      TO 1/4 MILE OR LESS
LOWEST:     39 ON 24,21                            3 = THUNDER
                        SNOW, ICE PELLETS, HAIL    4 = ICE PELLETS
                        TOTAL MONTH:   0.0 INCH    5 = HAIL
                        GRTST 24HR     0.0         6 = FREEZING RAIN OR DRIZZLE
                        GRTST DEPTH:   0           7 = DUSTSTORM OR SANDSTORM:
                                                       VSBY 1/2 MILE OR LESS
                                                   8 = SMOKE OR HAZE
[NO. OF DAYS WITH]      [WEATHER - DAYS WITH]      9 = BLOWING SNOW
                                                   X = TORNADO
MAX 32 OR BELOW:   0    0.01 INCH OR MORE:   2
MAX 90 OR ABOVE:   0    0.10 INCH OR MORE:   1
MIN 32 OR BELOW:   0    0.50 INCH OR MORE:   0
MIN  0 OR BELOW:   0    1.00 INCH OR MORE:   0

[HDD (BASE 65) ]
TOTAL THIS MO.   106    CLEAR  (SCALE 0-3)   9
DPTR FM NORMAL   -39    PTCLDY (SCALE 4-7)  13
TOTAL FM JUL 1   420    CLOUDY (SCALE 8-10)  2
DPTR FM NORMAL  -395

[CDD (BASE 65) ]
TOTAL THIS MO.    10
DPTR FM NORMAL     3    [PRESSURE DATA]
TOTAL FM JAN 1    22    HIGHEST SLP M ON M
DPTR FM NORMAL    13    LOWEST  SLP 29.62 ON 10

[REMARKS]
