000
CXUS53 KILX 240900
CF6PIA
PRELIMINARY LOCAL CLIMATOLOGICAL DATA (WS FORM: F-6)

                                          STATION:   PEORIA IL
                                          MONTH:     MAY
                                          YEAR:      2017
                                          LATITUDE:   40 40 N
                                          LONGITUDE:  89 41 W

  TEMPERATURE IN F:       :PCPN:    SNOW:  WIND      :SUNSHINE: SKY     :PK WND
================================================================================
1   2   3   4   5  6A  6B    7    8   9   10  11  12  13   14  15   16   17  18
                                     12Z  AVG MX 2MIN
DY MAX MIN AVG DEP HDD CDD  WTR  SNW DPTH SPD SPD DIR MIN PSBL S-S WX    SPD DR
================================================================================

 1  57  43  50  -8  15   0 0.16  0.0    0 14.9 29 240   M    M  10 1      40 250
 2  59  41  50  -8  15   0 0.00  0.0    0 12.0 23 280   M    M   5        35 270
 3  56  36  46 -12  19   0 0.02  0.0    0  4.4 13 150   M    M   4        16 140
 4  59  45  52  -7  13   0 0.07  0.0    0 11.3 24  40   M    M   4        34  40
 5  67  43  55  -4  10   0 0.00  0.0    0  8.1 22  30   M    M   0        32  10
 6  66  44  55  -4  10   0    T  0.0    0  7.2 17  20   M    M   4        26  30
 7  68  40  54  -6  11   0 0.00  0.0    0  4.5 12 300   M    M   1        17 290
 8  71  45  58  -2   7   0    T  0.0    0  7.1 16 170   M    M   1        20 140
 9  79  51  65   5   0   0 0.00  0.0    0  8.1 15  70   M    M   1        19  70
10  84  57  71  10   0   6 0.48  0.0    0  5.7 23 260   M    M   6 13     35 240
11  67  53  60  -1   5   0 0.00  0.0    0  6.8 16  50   M    M   7 18     20  50
12  74  48  61   0   4   0 0.00  0.0    0  4.9 14  80   M    M   0 1      17  40
13  81  50  66   4   0   1 0.00  0.0    0  5.8 16 280   M    M   0 1      23 280
14  82  58  70   8   0   5 0.00  0.0    0  7.1 21 230   M    M   0        25 230
15  87  55  71   9   0   6 0.00  0.0    0  9.2 17 200   M    M   0        23 220
16  86  65  76  14   0  11 0.00  0.0    0 15.1 29 210   M    M   0        38 190
17  83  68  76  13   0  11    T  0.0    0 19.0 35 190   M    M   5 38     45 200
18  86  63  75  12   0  10 0.00  0.0    0 14.2 23 230   M    M   0        32 200
19  63  46  55  -8  10   0 0.80  0.0    0 14.0 32  70   M    M   8 138    38  70
20  74  50  62  -2   3   0 0.46  0.0    0  8.1 26  60   M    M   8 13     32  80
21  67  48  58  -6   7   0 0.00  0.0    0 10.7 21 280   M    M   7        28 270
22  75  46  61  -3   4   0 0.17  0.0    0 10.2 23 240   M    M   4 1      28 200
23  62  54  58  -6   7   0 0.60  0.0    0  3.4 14 220   M    M   8 1      18 250
================================================================================
SM 1653 1149       140  50  2.76     0.0 211.8          M       83
================================================================================
AV 71.9 50.0                               9.2 FASTST   M    M   4    MAX(MPH)
                                 MISC ---->  # 35 190               # 45  200
================================================================================
NOTES:
# LAST OF SEVERAL OCCURRENCES

COLUMN 17 PEAK WIND IN M.P.H.

PRELIMINARY LOCAL CLIMATOLOGICAL DATA (WS FORM: F-6) , PAGE 2

                                          STATION:  PEORIA IL
                                          MONTH:    MAY
                                          YEAR:     2017
                                          LATITUDE:   40 40 N
                                          LONGITUDE:  89 41 W

[TEMPERATURE DATA]      [PRECIPITATION DATA]       SYMBOLS USED IN COLUMN 16

AVERAGE MONTHLY: 60.9   TOTAL FOR MONTH:   2.76    1 = FOG OR MIST
DPTR FM NORMAL:  -0.3   DPTR FM NORMAL:   -0.51    2 = FOG REDUCING VISIBILITY
HIGHEST:    87 ON 15    GRTST 24HR  0.98 ON 30- 1      TO 1/4 MILE OR LESS
LOWEST:     36 ON  3                               3 = THUNDER
                        SNOW, ICE PELLETS, HAIL    4 = ICE PELLETS
                        TOTAL MONTH:   0.0 INCH    5 = HAIL
                        GRTST 24HR     0.0         6 = FREEZING RAIN OR DRIZZLE
                        GRTST DEPTH:   0           7 = DUSTSTORM OR SANDSTORM:
                                                       VSBY 1/2 MILE OR LESS
                                                   8 = SMOKE OR HAZE
[NO. OF DAYS WITH]      [WEATHER - DAYS WITH]      9 = BLOWING SNOW
                                                   X = TORNADO
MAX 32 OR BELOW:   0    0.01 INCH OR MORE:   8
MAX 90 OR ABOVE:   0    0.10 INCH OR MORE:   6
MIN 32 OR BELOW:   0    0.50 INCH OR MORE:   2
MIN  0 OR BELOW:   0    1.00 INCH OR MORE:   0

[HDD (BASE 65) ]
TOTAL THIS MO.   140    CLEAR  (SCALE 0-3)  10
DPTR FM NORMAL    13    PTCLDY (SCALE 4-7)  11
TOTAL FM JUL 1  4691    CLOUDY (SCALE 8-10)  2
DPTR FM NORMAL -1101

[CDD (BASE 65) ]
TOTAL THIS MO.    50
DPTR FM NORMAL    11    [PRESSURE DATA]
TOTAL FM JAN 1    68    HIGHEST SLP M ON M
DPTR FM NORMAL    15    LOWEST  SLP 29.43 ON  1

[REMARKS]
