000
CXUS54 KBRO 010900
CF6PIL
PRELIMINARY LOCAL CLIMATOLOGICAL DATA (WS FORM: F-6)

                                          STATION:   BAYVIEW
                                          MONTH:     JUNE
                                          YEAR:      2015
                                          LATITUDE:   26 10 N
                                          LONGITUDE:  97 20 W

  TEMPERATURE IN F:       :PCPN:    SNOW:  WIND      :SUNSHINE: SKY     :PK WND
================================================================================
1   2   3   4   5  6A  6B    7    8   9   10  11  12  13   14  15   16   17  18
                                     12Z  AVG MX 2MIN
DY MAX MIN AVG DEP HDD CDD  WTR  SNW DPTH SPD SPD DIR MIN PSBL S-S WX    SPD DR
================================================================================

 1  85  70  78  -5   0  13 0.00  0.0    0  5.3 14 110   M    M   0 1      18  60
 2  86  71  79  -4   0  14 0.00  0.0    0  7.5 15 110   M    M   0        19 110
 3  87  75  81  -2   0  16 0.00  0.0    0 10.1 18 100   M    M   1        23 130
 4  89  75  82  -1   0  17    T  0.0    0 10.3 20 120   M    M   2        25 120
 5  89  74  82  -1   0  17    T  0.0    0 10.0 20 110   M    M   1        24 100
 6  88  73  81  -3   0  16 0.00  0.0    0  8.4 15 120   M    M   0        20 110
 7  89  73  81  -3   0  16 0.00  0.0    0 11.4 20 100   M    M   1        25 100
 8  88  77  83  -1   0  18 0.00  0.0    0 12.3 21 120   M    M   1        27 110
 9  89  74  82  -2   0  17 0.00  0.0    0  9.6 20 110   M    M   1        23 100
10  91  75  83  -1   0  18 0.00  0.0    0 10.7 21 120   M    M   1        26 120
11  90  78  84   0   0  19 0.00  0.0    0 14.6 22 130   M    M   3        29 130
12  90  79  85   1   0  20 0.00  0.0    0 13.7 23 120   M    M   2        28  90
13  91  79  85   1   0  20 0.00  0.0    0 14.6 23 140   M    M   2 18     30 150
14  89  80  85   1   0  20 0.00  0.0    0 14.1 22 110   M    M   2        26 120
15  88  77  83  -1   0  18 0.03  0.0    0  6.0 14  60   M    M   2 1      17  70
16  95  75  85   1   0  20 0.12    M    0 10.5 23 160   M    M   3 138    29 160
17  90  76  83  -1   0  18 0.20  0.0    0 14.2 25 160   M    M   4 138    32 150
18  89  81  85   1   0  20 0.00  0.0    0 13.8 23 130   M    M   4 18     29 120
19  90  78  84  -1   0  19 0.00  0.0    0 13.0 22 110   M    M   2 18     26 120
20  88  75  82  -3   0  17 0.68  0.0    0 13.0 31 170   M    M   3 138    43 170
21  90  81  86   1   0  21 0.00  0.0    0 15.6 25 150   M    M   8 18     32 150
22  89  80  85   0   0  20 0.00  0.0    0 12.4 21 130   M    M   2 18     25 130
23  88  80  84  -1   0  19 0.00  0.0    0 11.8 21 110   M    M   1 18     25 100
24  89  79  84  -1   0  19 0.00  0.0    0 10.4 17 110   M    M   1        23 130
25  91  76  84  -1   0  19    T  0.0    0 11.0 21 140   M    M   1        26 130
26  92  76  84  -1   0  19 0.00  0.0    0 14.3 24 150   M    M   2 1      32 160
27  91  77  84  -1   0  19 0.02  0.0    0 12.0 24 150   M    M   1 13     30 150
28  88  76  82  -3   0  17 0.16  0.0    0  8.4 21 140   M    M   0 138    25 150
29  90  76  83  -2   0  18 0.00  0.0    0 12.0 23 150   M    M   2 138    31 150
30  84  73  79  -6   0  14 1.52  0.0    0  9.8 36 170   M    M   2 13     51 170
================================================================================
SM 2673 2289         0 538  2.73     0.0 340.8          M       55
================================================================================
AV 89.1 76.3                              11.4 FASTST   M    M   2    MAX(MPH)
                                 MISC ---->  # 36 170               # 51  170
================================================================================
NOTES:
# LAST OF SEVERAL OCCURRENCES

COLUMN 17 PEAK WIND IN M.P.H.

PRELIMINARY LOCAL CLIMATOLOGICAL DATA (WS FORM: F-6) , PAGE 2

                                          STATION:  BAYVIEW
                                          MONTH:    JUNE
                                          YEAR:     2015
                                          LATITUDE:   26 10 N
                                          LONGITUDE:  97 20 W

[TEMPERATURE DATA]      [PRECIPITATION DATA]       SYMBOLS USED IN COLUMN 16

AVERAGE MONTHLY: 82.7   TOTAL FOR MONTH:   2.73    1 = FOG OR MIST
DPTR FM NORMAL:  -1.5   DPTR FM NORMAL:    0.28    2 = FOG REDUCING VISIBILITY
HIGHEST:    95 ON 16    GRTST 24HR  1.52 ON 30-30      TO 1/4 MILE OR LESS
LOWEST:     70 ON  1                               3 = THUNDER
                        SNOW, ICE PELLETS, HAIL    4 = ICE PELLETS
                        TOTAL MONTH:   0.0 INCH    5 = HAIL
                        GRTST 24HR     0.0         6 = FREEZING RAIN OR DRIZZLE
                        GRTST DEPTH:   0           7 = DUSTSTORM OR SANDSTORM:
                                                       VSBY 1/2 MILE OR LESS
                                                   8 = SMOKE OR HAZE
[NO. OF DAYS WITH]      [WEATHER - DAYS WITH]      9 = BLOWING SNOW
                                                   X = TORNADO
MAX 32 OR BELOW:   0    0.01 INCH OR MORE:   7
MAX 90 OR ABOVE:  12    0.10 INCH OR MORE:   5
MIN 32 OR BELOW:   0    0.50 INCH OR MORE:   2
MIN  0 OR BELOW:   0    1.00 INCH OR MORE:   1

[HDD (BASE 65) ]
TOTAL THIS MO.     0    CLEAR  (SCALE 0-3)  27
DPTR FM NORMAL     0    PTCLDY (SCALE 4-7)   3
TOTAL FM JUL 1   750    CLOUDY (SCALE 8-10)  0
DPTR FM NORMAL   202

[CDD (BASE 65) ]
TOTAL THIS MO.   538
DPTR FM NORMAL   -38    [PRESSURE DATA]
TOTAL FM JAN 1  1549    HIGHEST SLP 30.12 ON 24
DPTR FM NORMAL   -83    LOWEST  SLP 29.75 ON 12

[REMARKS]
#FINAL-06-15#
