000
CXUS55 KABR 281400
CF6PIR
PRELIMINARY LOCAL CLIMATOLOGICAL DATA (WS FORM: F-6)

                                          STATION:   PIERRE SD
                                          MONTH:     JULY
                                          YEAR:      2016
                                          LATITUDE:   44 22 N
                                          LONGITUDE: 100 17 W

  TEMPERATURE IN F:       :PCPN:    SNOW:  WIND      :SUNSHINE: SKY     :PK WND
================================================================================
1   2   3   4   5  6A  6B    7    8   9   10  11  12  13   14  15   16   17  18
                                     12Z  AVG MX 2MIN
DY MAX MIN AVG DEP HDD CDD  WTR  SNW DPTH SPD SPD DIR MIN PSBL S-S WX    SPD DR
================================================================================

 1  73  48  61 -12   4   0 0.00  0.0    0 10.2 18 170   M    M   1        22 170
 2  79  54  67  -6   0   2 0.00  0.0    0 10.8 20 170   M    M   6        26 170
 3  82  62  72  -1   0   7 0.00  0.0    0 14.5 24 160   M    M   6        29 160
 4  98  59  79   5   0  14 0.05  0.0    0  7.7 31 320   M    M   0 3      42 310
 5  88  62  75   1   0  10 0.02  0.0    0  9.5 21  40   M    M   1 3      27  30
 6  88  59  74   0   0   9 1.09  0.0    0 10.9 41 300   M    M   3 13     56 300
 7  79  57  68  -6   0   3    T  0.0    0  9.0 26 110   M    M   3 3      33 110
 8  86  55  71  -4   0   6 0.00  0.0    0  7.9 15  90   M    M   1        22  80
 9 100  66  83   8   0  18 0.00  0.0    0 14.1 38 330   M    M   1 8      54 330
10  95  71  83   8   0  18    T  0.0    0 16.5 33 120   M    M   2 3      42 120
11  92  63  78   3   0  13 0.01  0.0    0 13.9 32 300   M    M   3 3      43 240
12  90  58  74  -1   0   9 0.00  0.0    0 13.1 31 280   M    M   0        42 230
13  87  54  71  -4   0   6    T  0.0    0 12.5 24 320   M    M   0        31 310
14  83  57  70  -6   0   5 0.11  0.0    0 12.2 24 130   M    M   1 13     29 130
15  81  55  68  -8   0   3 0.01  0.0    0  7.2 14 110   M    M   1        25 180
16  89  62  76   0   0  11 0.81  0.0    0 13.3 40 280   M    M   4 13     51 270
17  86  57  72  -4   0   7 0.00  0.0    0  7.6 17 340   M    M   0        24 350
18  92  59  76   0   0  11 0.00  0.0    0 12.7 28 160   M    M   0        36 150
19  99  72  86  10   0  21 0.00  0.0    0 13.8 28 110   M    M   0        32 110
20 109  74  92  16   0  27 0.00  0.0    0  9.2 22 180   M    M   0 3      28 180
21 102  71  87  11   0  22 0.00  0.0    0 11.0 24  70   M    M   0        29  80
22 101  75  88  12   0  23    T  0.0    0 12.5 35  90   M    M   3 13     44  70
23  95  66  81   5   0  16    T  0.0    0 13.3 28 320   M    M   3        36 320
24  87  63  75  -1   0  10 0.03  0.0    0  6.6 16 330   M    M   1        19 330
25  97  62  80   4   0  15    T  0.0    0 12.2 25 170   M    M   0        33 180
26  95  68  82   6   0  17 0.04  0.0    0 11.0 25 130   M    M   1 3      31 120
27  88  62  75  -1   0  10 0.01  0.0    0  7.2 18  40   M    M   1        27  40
================================================================================
SM 2441 1671         4 313  2.18     0.0 300.4          M       42
================================================================================
AV 90.4 61.9                              11.1 FASTST   M    M   2    MAX(MPH)
                                 MISC ---->  # 41 300               # 56  300
================================================================================
NOTES:
# LAST OF SEVERAL OCCURRENCES

COLUMN 17 PEAK WIND IN M.P.H.

PRELIMINARY LOCAL CLIMATOLOGICAL DATA (WS FORM: F-6) , PAGE 2

                                          STATION:  PIERRE SD
                                          MONTH:    JULY
                                          YEAR:     2016
                                          LATITUDE:   44 22 N
                                          LONGITUDE: 100 17 W

[TEMPERATURE DATA]      [PRECIPITATION DATA]       SYMBOLS USED IN COLUMN 16

AVERAGE MONTHLY: 76.1   TOTAL FOR MONTH:   2.18    1 = FOG OR MIST
DPTR FM NORMAL:   1.0   DPTR FM NORMAL:   -0.10    2 = FOG REDUCING VISIBILITY
HIGHEST:   109 ON 20    GRTST 24HR  1.09 ON  6- 6      TO 1/4 MILE OR LESS
LOWEST:     48 ON  1                               3 = THUNDER
                        SNOW, ICE PELLETS, HAIL    4 = ICE PELLETS
                        TOTAL MONTH:   0.0 INCH    5 = HAIL
                        GRTST 24HR     0.0         6 = FREEZING RAIN OR DRIZZLE
                        GRTST DEPTH:   0           7 = DUSTSTORM OR SANDSTORM:
                                                       VSBY 1/2 MILE OR LESS
                                                   8 = SMOKE OR HAZE
[NO. OF DAYS WITH]      [WEATHER - DAYS WITH]      9 = BLOWING SNOW
                                                   X = TORNADO
MAX 32 OR BELOW:   0    0.01 INCH OR MORE:  10
MAX 90 OR ABOVE:  13    0.10 INCH OR MORE:   3
MIN 32 OR BELOW:   0    0.50 INCH OR MORE:   2
MIN  0 OR BELOW:   0    1.00 INCH OR MORE:   1

[HDD (BASE 65) ]
TOTAL THIS MO.     4    CLEAR  (SCALE 0-3)  24
DPTR FM NORMAL     4    PTCLDY (SCALE 4-7)   3
TOTAL FM JUL 1     4    CLOUDY (SCALE 8-10)  0
DPTR FM NORMAL     4

[CDD (BASE 65) ]
TOTAL THIS MO.   313
DPTR FM NORMAL    35    [PRESSURE DATA]
TOTAL FM JAN 1   563    HIGHEST SLP M ON M
DPTR FM NORMAL   119    LOWEST  SLP 29.46 ON 11

[REMARKS]
