000
CXUS55 KABR 231400
CF6PIR
PRELIMINARY LOCAL CLIMATOLOGICAL DATA (WS FORM: F-6)

                                          STATION:   PIERRE SD
                                          MONTH:     APRIL
                                          YEAR:      2014
                                          LATITUDE:   44 22 N
                                          LONGITUDE: 100 17 W

  TEMPERATURE IN F:       :PCPN:    SNOW:  WIND      :SUNSHINE: SKY     :PK WND
================================================================================
1   2   3   4   5  6A  6B    7    8   9   10  11  12  13   14  15   16   17  18
                                     12Z  AVG MX 2MIN
DY MAX MIN AVG DEP HDD CDD  WTR  SNW DPTH SPD SPD DIR MIN PSBL S-S WX    SPD DR
================================================================================

 1  25   8  17 -24  48   0    T    T    6  7.2 25 320   M    M   4        30 320
 2  31  20  26 -15  39   0 0.05    T    5 11.2 21  70   M    M  10 1      24  70
 3  36  30  33  -9  32   0    T    T    4 11.9 22 340   M    M  10 12     31 240
 4  42  30  36  -6  29   0 0.00  0.0    2  8.8 16 340   M    M   4        22 330
 5  62  31  47   5  18   0 0.00  0.0    1  9.6 17 130   M    M   1        21 110
 6  60  28  44   1  21   0    T  0.0    0  6.0 23 340   M    M   4 3      30 340
 7  56  29  43   0  22   0    T  0.0    0 13.5 37 340   M    M   2        45 340
 8  63  26  45   1  20   0 0.00  0.0    0  7.7 14 150   M    M   2        19 150
 9  84  36  60  16   5   0    T  0.0    0 12.4 31 350   M    M   2        41 320
10  64  37  51   6  14   0 0.00  0.0    0  9.3 17 310   M    M   1        23 300
11  70  34  52   7  13   0 0.00  0.0    0  8.8 32  10   M    M   0        38  10
12  69  35  52   6  13   0 0.00  0.0    0 16.8 30  60   M    M   2        36  50
13  42  25  34 -12  31   0    T    T    0 22.9 33 360   M    M   4 1      42 350
14  39  18  29 -17  36   0    T    T    0 10.1 25 360   M    M   5        30 310
15  65  12  39  -8  26   0 0.00  0.0    0 15.4 29 140   M    M   1        36 140
16  42  22  32 -15  33   0 0.02  0.0    0 15.9 26  50   M    M   9 16     33  50
17  47  18  33 -15  32   0 0.00  0.0    0 11.1 23 140   M    M   7        27 150
18  83  35  59  11   6   0 0.00  0.0    0 18.8 36 180   M    M   1        41 180
19  69  40  55   7  10   0 0.00  0.0    0  9.1 36 320   M    M   0        47 320
20  81  33  57   8   8   0 0.00  0.0    0 11.1 28 340   M    M   1        34 340
21  70  38  54   5  11   0 0.00  0.0    0 10.5 23 310   M    M   0        35 330
22  74  35  55   5  10   0 0.00  0.0    0 18.6 33 120   M    M   1        43 110
================================================================================
SM 1274  620       477   0  0.07    T    266.7          M       71
================================================================================
AV 57.9 28.2                              12.1 FASTST   M    M   3    MAX(MPH)
                                 MISC ---->  # 37 340               # 47  320
================================================================================
NOTES:
# LAST OF SEVERAL OCCURRENCES

COLUMN 17 PEAK WIND IN M.P.H.

PRELIMINARY LOCAL CLIMATOLOGICAL DATA (WS FORM: F-6) , PAGE 2

                                          STATION:  PIERRE SD
                                          MONTH:    APRIL
                                          YEAR:     2014
                                          LATITUDE:   44 22 N
                                          LONGITUDE: 100 17 W

[TEMPERATURE DATA]      [PRECIPITATION DATA]       SYMBOLS USED IN COLUMN 16

AVERAGE MONTHLY: 43.0   TOTAL FOR MONTH:   0.07    1 = FOG OR MIST
DPTR FM NORMAL:  -2.2   DPTR FM NORMAL:   -1.14    2 = FOG REDUCING VISIBILITY
HIGHEST:    84 ON  9    GRTST 24HR  0.07 ON 31- 1      TO 1/4 MILE OR LESS
LOWEST:      8 ON  1                               3 = THUNDER
                        SNOW, ICE PELLETS, HAIL    4 = ICE PELLETS
                        TOTAL MONTH:    T          5 = HAIL
                        GRTST 24HR    T  ON 14-14  6 = FREEZING RAIN OR DRIZZLE
                        GRTST DEPTH:   6 ON  1     7 = DUSTSTORM OR SANDSTORM:
                                                       VSBY 1/2 MILE OR LESS
                                                   8 = SMOKE OR HAZE
[NO. OF DAYS WITH]      [WEATHER - DAYS WITH]      9 = BLOWING SNOW
                                                   X = TORNADO
MAX 32 OR BELOW:   2    0.01 INCH OR MORE:   2
MAX 90 OR ABOVE:   0    0.10 INCH OR MORE:   0
MIN 32 OR BELOW:  13    0.50 INCH OR MORE:   0
MIN  0 OR BELOW:   0    1.00 INCH OR MORE:   0

[HDD (BASE 65) ]
TOTAL THIS MO.   477    CLEAR  (SCALE 0-3)  13
DPTR FM NORMAL    42    PTCLDY (SCALE 4-7)   6
TOTAL FM JUL 1  7545    CLOUDY (SCALE 8-10)  3
DPTR FM NORMAL   665

[CDD (BASE 65) ]
TOTAL THIS MO.     0
DPTR FM NORMAL     0    [PRESSURE DATA]
TOTAL FM JAN 1     0    HIGHEST SLP M ON M
DPTR FM NORMAL     0    LOWEST  SLP 29.49 ON  9

[REMARKS]
