000
CXUS51 KPBZ 280804
CF6PIT
PRELIMINARY LOCAL CLIMATOLOGICAL DATA (WS FORM: F-6)

                                          STATION:   PITTSBURGH PA
                                          MONTH:     AUGUST
                                          YEAR:      2015
                                          LATITUDE:   40 30 N
                                          LONGITUDE:  80 13 W

  TEMPERATURE IN F:       :PCPN:    SNOW:  WIND      :SUNSHINE: SKY     :PK WND
================================================================================
1   2   3   4   5  6A  6B    7    8   9   10  11  12  13   14  15   16   17  18
                                     12Z  AVG MX 2MIN
DY MAX MIN AVG DEP HDD CDD  WTR  SNW DPTH SPD SPD DIR MIN PSBL S-S WX    SPD DR
================================================================================

 1  83  65  74   2   0   9 0.00  0.0    0  7.3 17 290   M    M   4        22 280
 2  87  64  76   4   0  11 0.00  0.0    0  7.9 16 230   M    M   3        22 220
 3  84  64  74   2   0   9 0.93  0.0    0  6.5 32 340   M    M   7 1358   47 340
 4  83  62  73   1   0   8 0.00  0.0    0  6.1 16 300   M    M   4 1      20 290
 5  80  60  70  -2   0   5 0.00  0.0    0  7.4 17 320   M    M   5        21 340
 6  72  58  65  -7   0   0 0.00  0.0    0  4.9 12  30   M    M   8        14  20
 7  78  60  69  -3   0   4 0.00  0.0    0  5.2 10  90   M    M   5        15  70
 8  85  62  74   2   0   9 0.00  0.0    0  4.0 12 320   M    M   5 18     15  20
 9  85  68  77   5   0  12 0.00  0.0    0  2.9 12 310   M    M   9        18 340
10  84  66  75   3   0  10 0.03  0.0    0  4.8 18 240   M    M   8        25 250
11  83  65  74   2   0   9    T  0.0    0 11.0 22 320   M    M   6        28 330
12  79  59  69  -3   0   4    T  0.0    0  9.9 21 330   M    M   4        26 310
13  79  52  66  -6   0   1 0.00  0.0    0  3.4 13 290   M    M   5        18 300
14  86  59  73   1   0   8 0.00  0.0    0  3.8 13 300   M    M   5 8      17 290
15  87  64  76   4   0  11 0.00  0.0    0  3.2 10 230   M    M   7        13 200
16  89  65  77   5   0  12 0.00  0.0    0  3.4 13 280   M    M   2 18     17 290
17  90  67  79   7   0  14    T  0.0    0  3.5  9 330   0    0   0         M  M
18  80  68  74   2   0   9 1.12  0.0    0  4.6 23 210   M    M   8 13     31 200
19  88  65  77   6   0  12 0.00  0.0    0  5.5 14 210   M    M   6 1      19 170
20  80  62  71   0   0   6 0.11  0.0    0  8.2 17 280   M    M   6 1      25 230
21  79  56  68  -3   0   3 0.00  0.0    0  4.6 15 360   M    M   5        20 360
22  80  55  68  -3   0   3 0.00  0.0    0  3.2 10  60   M    M   3        15  20
23  83  57  70  -1   0   5 0.00  0.0    0  3.0 10 250   M    M   6        14 180
24  79  62  71   0   0   6 0.00  0.0    0  7.0 15 260   M    M   6        21 290
25  71  55  63  -8   2   0 0.00  0.0    0  6.6 17 290   M    M   6        22 300
26  68  54  61  -9   4   0 0.00  0.0    0  6.0 14 300   M    M   7        20 170
27  70  59  65  -5   0   0 0.00  0.0    0  2.8  8 330   M    M   9        12 360
================================================================================
SM 2192 1653         6 180  2.19     0.0 146.7            0    149
================================================================================
AV 81.2 61.2                               5.4 FASTST    0   0   6    MAX(MPH)
                                 MISC ---->  # 32 340               # 47  340
================================================================================
NOTES:
# LAST OF SEVERAL OCCURRENCES

COLUMN 17 PEAK WIND IN M.P.H.

PRELIMINARY LOCAL CLIMATOLOGICAL DATA (WS FORM: F-6) , PAGE 2

                                          STATION:  PITTSBURGH PA
                                          MONTH:    AUGUST
                                          YEAR:     2015
                                          LATITUDE:   40 30 N
                                          LONGITUDE:  80 13 W

[TEMPERATURE DATA]      [PRECIPITATION DATA]       SYMBOLS USED IN COLUMN 16

AVERAGE MONTHLY: 71.2   TOTAL FOR MONTH:   2.19    1 = FOG OR MIST
DPTR FM NORMAL:  -0.4   DPTR FM NORMAL:   -0.85    2 = FOG REDUCING VISIBILITY
HIGHEST:    90 ON 17    GRTST 24HR  1.12 ON 18-18      TO 1/4 MILE OR LESS
LOWEST:     52 ON 13                               3 = THUNDER
                        SNOW, ICE PELLETS, HAIL    4 = ICE PELLETS
                        TOTAL MONTH:   0.0 INCH    5 = HAIL
                        GRTST 24HR     0.0         6 = FREEZING RAIN OR DRIZZLE
                        GRTST DEPTH:   0           7 = DUSTSTORM OR SANDSTORM:
                                                       VSBY 1/2 MILE OR LESS
                                                   8 = SMOKE OR HAZE
[NO. OF DAYS WITH]      [WEATHER - DAYS WITH]      9 = BLOWING SNOW
                                                   X = TORNADO
MAX 32 OR BELOW:   0    0.01 INCH OR MORE:   4
MAX 90 OR ABOVE:   1    0.10 INCH OR MORE:   3
MIN 32 OR BELOW:   0    0.50 INCH OR MORE:   2
MIN  0 OR BELOW:   0    1.00 INCH OR MORE:   1

[HDD (BASE 65) ]
TOTAL THIS MO.     6    CLEAR  (SCALE 0-3)   4
DPTR FM NORMAL     6    PTCLDY (SCALE 4-7)  21
TOTAL FM JUL 1     6    CLOUDY (SCALE 8-10)  2
DPTR FM NORMAL     2

[CDD (BASE 65) ]
TOTAL THIS MO.   180
DPTR FM NORMAL    -6    [PRESSURE DATA]
TOTAL FM JAN 1   773    HIGHEST SLP  0.00 ON 17
DPTR FM NORMAL   144    LOWEST  SLP  0.00 ON 17

[REMARKS]
