000
CXUS51 KRLX 181243
CF6PKB
PRELIMINARY LOCAL CLIMATOLOGICAL DATA (WS FORM: F-6)

                                          STATION:   PARKERSBURG WV
                                          MONTH:     DECEMBER
                                          YEAR:      2017
                                          LATITUDE:   39 20 N
                                          LONGITUDE:  81 26 W

  TEMPERATURE IN F:       :PCPN:    SNOW:  WIND      :SUNSHINE: SKY     :PK WND
================================================================================
1   2   3   4   5  6A  6B    7    8   9   10  11  12  13   14  15   16   17  18
                                     12Z  AVG MX 2MIN
DY MAX MIN AVG DEP HDD CDD  WTR  SNW DPTH SPD SPD DIR MIN PSBL S-S WX    SPD DR
================================================================================

 1  51  28  40   0  25   0 0.00    M    M  0.9  6  50   M    M   4 12      9  50
 2  50  24  37  -2  28   0 0.00    M    M  0.7  7 130   M    M   4 12     10  70
 3  57  28  43   4  22   0 0.00    M    M  1.3  9 260   M    M   1 18     12 240
 4  63  30  47   9  18   0 0.00    M    M  6.3 17 170   M    M   0 1      25 170
 5  56  33  45   7  20   0 0.56    M    M 10.9 21 280   M    M   8 138    30 160
 6  44  29  37  -1  28   0 0.00    M    M  9.5 22 210   M    M   1 8      29 200
 7  39  24  32  -5  33   0    T    M    M  8.1 17 270   M    M   5 8      25 250
 8  29  20  25 -12  40   0 0.00    M    M  4.8 13 180   M    M   2        17 160
 9  37  22  30  -7  35   0    T    M    M  5.7 18 260   M    M   4 18     24 250
10  35  27  31  -5  34   0    T    M    M  8.1 17 200   M    M   9 18     25 190
11  43  31  37   1  28   0 0.00    M    M  6.2 15 210   M    M   5        19 240
12  45  19  32  -4  33   0 0.03    M    M 12.8 25 300   M    M   9 18     36 320
13  40  17  29  -7  36   0    T    M    M  8.9 15 150   M    M   8        20 160
14  41  22  32  -3  33   0    T    M    M  7.4 26 280   M    M   9 8      42 290
15  33  23  28  -7  37   0 0.00    M    M  5.7 20 280   M    M   7 8      26 280
16  48  29  39   4  26   0 0.00    M    M  8.7 18 240   M    M   5        26 240
17  45  30  38   4  27   0 0.00    M    M  4.6 10 200   M    M   5        14 220
================================================================================
SM  756  436       503   0  0.59    M    110.6          M       86
================================================================================
AV 44.5 25.7                               6.5 FASTST   M    M   5    MAX(MPH)
                                 MISC ---->  # 26 280               # 42  290
================================================================================
NOTES:
# LAST OF SEVERAL OCCURRENCES

COLUMN 17 PEAK WIND IN M.P.H.

PRELIMINARY LOCAL CLIMATOLOGICAL DATA (WS FORM: F-6) , PAGE 2

                                          STATION:  PARKERSBURG WV
                                          MONTH:    DECEMBER
                                          YEAR:     2017
                                          LATITUDE:   39 20 N
                                          LONGITUDE:  81 26 W

[TEMPERATURE DATA]      [PRECIPITATION DATA]       SYMBOLS USED IN COLUMN 16

AVERAGE MONTHLY: 35.1   TOTAL FOR MONTH:   0.59    1 = FOG OR MIST
DPTR FM NORMAL:  -1.8   DPTR FM NORMAL:   -1.18    2 = FOG REDUCING VISIBILITY
HIGHEST:    63 ON  4    GRTST 24HR  0.56 ON  5- 5      TO 1/4 MILE OR LESS
LOWEST:     17 ON 13                               3 = THUNDER
                        SNOW, ICE PELLETS, HAIL    4 = ICE PELLETS
                        TOTAL MONTH:    M          5 = HAIL
                        GRTST 24HR    M  ON   M    6 = FREEZING RAIN OR DRIZZLE
                        GRTST DEPTH:  M  ON   M    7 = DUSTSTORM OR SANDSTORM:
                                                       VSBY 1/2 MILE OR LESS
                                                   8 = SMOKE OR HAZE
[NO. OF DAYS WITH]      [WEATHER - DAYS WITH]      9 = BLOWING SNOW
                                                   X = TORNADO
MAX 32 OR BELOW:   1    0.01 INCH OR MORE:   2
MAX 90 OR ABOVE:   0    0.10 INCH OR MORE:   1
MIN 32 OR BELOW:  16    0.50 INCH OR MORE:   1
MIN  0 OR BELOW:   0    1.00 INCH OR MORE:   0

[HDD (BASE 65) ]
TOTAL THIS MO.   503    CLEAR  (SCALE 0-3)   4
DPTR FM NORMAL    24    PTCLDY (SCALE 4-7)  10
TOTAL FM JUL 1  1403    CLOUDY (SCALE 8-10)  3
DPTR FM NORMAL   -61

[CDD (BASE 65) ]
TOTAL THIS MO.     0
DPTR FM NORMAL     0    [PRESSURE DATA]
TOTAL FM JAN 1   975    HIGHEST SLP M ON M
DPTR FM NORMAL    20    LOWEST  SLP 29.52 ON M

[REMARKS]
