000
CXUS51 KRLX 231148
CF6PKB
PRELIMINARY LOCAL CLIMATOLOGICAL DATA (WS FORM: F-6)

                                          STATION:   PARKERSBURG WV
                                          MONTH:     JUNE
                                          YEAR:      2017
                                          LATITUDE:   39 20 N
                                          LONGITUDE:  81 26 W

  TEMPERATURE IN F:       :PCPN:    SNOW:  WIND      :SUNSHINE: SKY     :PK WND
================================================================================
1   2   3   4   5  6A  6B    7    8   9   10  11  12  13   14  15   16   17  18
                                     12Z  AVG MX 2MIN
DY MAX MIN AVG DEP HDD CDD  WTR  SNW DPTH SPD SPD DIR MIN PSBL S-S WX    SPD DR
================================================================================

 1  80  53  67   0   0   2 0.00    M    M  2.6 12 290   M    M   1 1      18 320
 2  83  50  67   0   0   2 0.00    M    M  1.5 13 310   M    M   0 8      18 320
 3  86  49  68   1   0   3 0.00    M    M  2.3 13 290   M    M   0 18     19 320
 4  87  56  72   4   0   7 0.00    M    M  4.4 15 280   M    M   1 8      20 280
 5  76  59  68   0   0   3 0.61    M    M  3.4 21  30   M    M   6 13     28  20
 6  73  56  65  -3   0   0 0.00    M    M  4.8  9 360   M    M   4 1      20 320
 7  54  53  54 -15  11   0 0.00    M    M  5.6 13  10   M    M   5         M  M
 8  73  50  62  -7   3   0 0.18    M    M  2.7 10  30   M    M   8 123    13  20
 9  80  50  65  -4   0   0 0.00    M    M  4.0 13 250   M    M   4 12     17 260
10  84  62  73   3   0   8 0.00    M    M  6.3 14 200   M    M   1        20 230
11  88  61  75   5   0  10 0.00    M    M  4.7 15 210   M    M   2        23 180
12  90  61  76   6   0  11 0.00    M    M  3.4 13 230   M    M   2 18     17 230
13  81  68  75   5   0  10 0.48    M    M  2.8 18 270   M    M   3 123    28 250
14  88  66  77   6   0  12    T    M    M  3.3 15 290   M    M   3 13     20 300
15  88  67  78   7   0  13    T    M    M  4.9 13 310   M    M   1 13     22 270
16  83  69  76   5   0  11 0.17    M    M  2.1 13 120   M    M   4 13     18 130
17  90  64  77   6   0  12 0.00    M    M  3.4 10 200   M    M   2 1      13 240
18  89  69  79   7   0  14 0.81    M    M  9.9 21 280   M    M   2 13     29 210
19  82  60  71  -1   0   6 0.73    M    M  6.3 17 310   M    M   6 1      27 300
20  82  56  69  -3   0   4 0.00    M    M  5.6 21 280   M    M   1 1      27 270
21  85  59  72   0   0   7 0.08    M    M  4.2 16 240   M    M   5 8      24 280
22  84  69  77   4   0  12 0.08    M    M  6.3 15 210   M    M   4 1      21 200
================================================================================
SM 1806 1307        14 147  3.14    M     94.5          M       65
================================================================================
AV 82.1 59.4                               4.3 FASTST   M    M   3    MAX(MPH)
                                 MISC ---->  # 21  30               # 29  210
================================================================================
NOTES:
# LAST OF SEVERAL OCCURRENCES

COLUMN 17 PEAK WIND IN M.P.H.

PRELIMINARY LOCAL CLIMATOLOGICAL DATA (WS FORM: F-6) , PAGE 2

                                          STATION:  PARKERSBURG WV
                                          MONTH:    JUNE
                                          YEAR:     2017
                                          LATITUDE:   39 20 N
                                          LONGITUDE:  81 26 W

[TEMPERATURE DATA]      [PRECIPITATION DATA]       SYMBOLS USED IN COLUMN 16

AVERAGE MONTHLY: 70.8   TOTAL FOR MONTH:   3.14    1 = FOG OR MIST
DPTR FM NORMAL:   0.9   DPTR FM NORMAL:    0.10    2 = FOG REDUCING VISIBILITY
HIGHEST:    90 ON 17,12 GRTST 24HR  0.81 ON 18-18      TO 1/4 MILE OR LESS
LOWEST:     49 ON  3                               3 = THUNDER
                        SNOW, ICE PELLETS, HAIL    4 = ICE PELLETS
                        TOTAL MONTH:    M          5 = HAIL
                        GRTST 24HR    M  ON   M    6 = FREEZING RAIN OR DRIZZLE
                        GRTST DEPTH:  M  ON   M    7 = DUSTSTORM OR SANDSTORM:
                                                       VSBY 1/2 MILE OR LESS
                                                   8 = SMOKE OR HAZE
[NO. OF DAYS WITH]      [WEATHER - DAYS WITH]      9 = BLOWING SNOW
                                                   X = TORNADO
MAX 32 OR BELOW:   0    0.01 INCH OR MORE:   8
MAX 90 OR ABOVE:   2    0.10 INCH OR MORE:   6
MIN 32 OR BELOW:   0    0.50 INCH OR MORE:   3
MIN  0 OR BELOW:   0    1.00 INCH OR MORE:   0

[HDD (BASE 65) ]
TOTAL THIS MO.    14    CLEAR  (SCALE 0-3)  13
DPTR FM NORMAL    -4    PTCLDY (SCALE 4-7)   9
TOTAL FM JUL 1  3989    CLOUDY (SCALE 8-10)  0
DPTR FM NORMAL  -982

[CDD (BASE 65) ]
TOTAL THIS MO.   147
DPTR FM NORMAL    22    [PRESSURE DATA]
TOTAL FM JAN 1   267    HIGHEST SLP  0.00 ON 18
DPTR FM NORMAL    58    LOWEST  SLP 29.69 ON  5

[REMARKS]
