311
CXUS55 KPAH 250630
CF6POF
PRELIMINARY LOCAL CLIMATOLOGICAL DATA (WS FORM: F-6)

                                          STATION:   POPLAR BLUFF MO
                                          MONTH:     NOVEMBER
                                          YEAR:      2017
                                          LATITUDE:   36 46 N
                                          LONGITUDE:  90 19 W

  TEMPERATURE IN F:       :PCPN:    SNOW:  WIND      :SUNSHINE: SKY     :PK WND
================================================================================
1   2   3   4   5  6A  6B    7    8   9   10  11  12  13   14  15   16   17  18
                                     12Z  AVG MX 2MIN
DY MAX MIN AVG DEP HDD CDD  WTR  SNW DPTH SPD SPD DIR MIN PSBL S-S WX    SPD DR
================================================================================

 1  65  41  53   0  12   0 0.23    M    0  6.7 17 180   M    M  10        23 180
 2  81  64  73  20   0   8 0.00  0.0    0 10.1 24 200   M    M   7 3      31 200
 3  70  55  63  10   2   0 0.53  0.0    0  8.2 18 320   M    M   8 13     24 320
 4  71  57  64  12   1   0 0.00  0.0    0  5.5 15 200   M    M  10 12     20 190
 5  74  58  66  14   0   1 0.34  0.0    0 14.2 25 300   M    M   8 13     32 300
 6  58  49  54   3  11   0 0.57    M    0  8.7 17  10   M    M   9 13     22 360
 7  51  48  50  -1  15   0 0.00  0.0    0  9.9 18 360   M    M  10 1      25 360
 8  56  37  47  -4  18   0 0.00  0.0    0  8.0 16  20   M    M   3        20  30
 9  64  32  48  -2  17   0 0.00  0.0    0  4.7 12  30   M    M   0 8      18  20
10  48  32  40 -10  25   0 0.00  0.0    0  8.0 14  40   M    M   0        20  50
11  51  30  41  -8  24   0 0.00  0.0    0  2.9  8 120   M    M   2 18     10 130
12  64  46  55   6  10   0 0.00  0.0    0  4.4 13 310   M    M  10        17 310
13  52  36  44  -4  21   0 0.00  0.0    0  5.9 14  60   M    M   5 1      19  40
14  56  36  46  -2  19   0 0.00  0.0    0  2.8  9 110   M    M   8 18     13 110
15  57  43  50   2  15   0 0.39    M    0  4.7 12 220   M    M   9 123    17 190
16  54  33  44  -3  21   0 0.00  0.0    0  2.3 12  40   M    M   1 12     15  50
17  68  34  51   4  14   0 0.00  0.0    0  8.5 22 180   M    M   8 18     30 180
18  75  42  59  13   6   0 0.22    M    0 18.1 36 320   M    M   7 138    49 330
19  50  28  39  -7  26   0 0.00  0.0    0  6.1 18 350   M    M   0 18     25 350
20  55  24  40  -6  25   0 0.00  0.0    0  6.8 18 210   M    M   0 18     22 210
21  58  33  46   1  19   0 0.00  0.0    0  7.7 21  10   M    M   0        26  20
22  47  26  37  -8  28   0 0.00  0.0    0  6.6 22  10   M    M   0 8      26  20
23  52  24  38  -6  27   0 0.00  0.0    0  3.2 14 220   M    M   0 18     16 220
24  65  28  47   3  18   0 0.00  0.0    0  6.7 21 220   M    M   0 1      25 220
================================================================================
SM 1442  936       374   9  2.28     0.0 170.7          M      115
================================================================================
AV 60.1 39.0                               7.1 FASTST   M    M   5    MAX(MPH)
                                 MISC ---->  # 36 320               # 49  330
================================================================================
NOTES:
# LAST OF SEVERAL OCCURRENCES

COLUMN 17 PEAK WIND IN M.P.H.

PRELIMINARY LOCAL CLIMATOLOGICAL DATA (WS FORM: F-6) , PAGE 2

                                          STATION:  POPLAR BLUFF MO
                                          MONTH:    NOVEMBER
                                          YEAR:     2017
                                          LATITUDE:   36 46 N
                                          LONGITUDE:  90 19 W

[TEMPERATURE DATA]      [PRECIPITATION DATA]       SYMBOLS USED IN COLUMN 16

AVERAGE MONTHLY: 49.5   TOTAL FOR MONTH:   2.28    1 = FOG OR MIST
DPTR FM NORMAL:   0.9   DPTR FM NORMAL:   -1.82    2 = FOG REDUCING VISIBILITY
HIGHEST:    81 ON  2    GRTST 24HR  0.57 ON  6- 6      TO 1/4 MILE OR LESS
LOWEST:     24 ON 23,20                            3 = THUNDER
                        SNOW, ICE PELLETS, HAIL    4 = ICE PELLETS
                        TOTAL MONTH:   0.0 INCH    5 = HAIL
                        GRTST 24HR     0.0         6 = FREEZING RAIN OR DRIZZLE
                        GRTST DEPTH:   0           7 = DUSTSTORM OR SANDSTORM:
                                                       VSBY 1/2 MILE OR LESS
                                                   8 = SMOKE OR HAZE
[NO. OF DAYS WITH]      [WEATHER - DAYS WITH]      9 = BLOWING SNOW
                                                   X = TORNADO
MAX 32 OR BELOW:   0    0.01 INCH OR MORE:   6
MAX 90 OR ABOVE:   0    0.10 INCH OR MORE:   6
MIN 32 OR BELOW:   8    0.50 INCH OR MORE:   2
MIN  0 OR BELOW:   0    1.00 INCH OR MORE:   0

[HDD (BASE 65) ]
TOTAL THIS MO.   374    CLEAR  (SCALE 0-3)  10
DPTR FM NORMAL   -20    PTCLDY (SCALE 4-7)   7
TOTAL FM JUL 1   581    CLOUDY (SCALE 8-10)  7
DPTR FM NORMAL   -66

[CDD (BASE 65) ]
TOTAL THIS MO.     9
DPTR FM NORMAL     9    [PRESSURE DATA]
TOTAL FM JAN 1  1643    HIGHEST SLP M ON M
DPTR FM NORMAL    82    LOWEST  SLP 29.28 ON 18

[REMARKS]
