000
CXUS54 KFWD 010730
CF6PRX
PRELIMINARY LOCAL CLIMATOLOGICAL DATA (WS FORM: F-6)

                                          STATION:   PARIS
                                          MONTH:     JUNE
                                          YEAR:      2015
                                          LATITUDE:   33 37 N
                                          LONGITUDE:  95 27 W

  TEMPERATURE IN F:       :PCPN:    SNOW:  WIND      :SUNSHINE: SKY     :PK WND
================================================================================
1   2   3   4   5  6A  6B    7    8   9   10  11  12  13   14  15   16   17  18
                                     12Z  AVG MX 2MIN
DY MAX MIN AVG DEP HDD CDD  WTR  SNW DPTH SPD SPD DIR MIN PSBL S-S WX    SPD DR
================================================================================

 1  82  61  72  -5   0   7 0.00  0.0    0  5.1  7 140   M    M   3         M  M
 2  84  63  74  -3   0   9 0.00  0.0    0  7.0 13 160   M    M   1        16 180
 3  88  64  76  -1   0  11 0.00  0.0    0  7.7 12 120   M    M   1         M  M
 4  90  66  78   0   0  13 0.00  0.0    0  7.4 12 100   M    M   1         M  M
 5  90  70  80   2   0  15 0.00  0.0    0  6.1  9 100   M    M   2         M  M
 6  91  70  81   3   0  16 0.00  0.0    0  3.8  7 100   M    M   2         M  M
 7  93  70  82   4   0  17 0.00  0.0    0  6.1 14 190   M    M   1        17 180
 8  93  73  83   4   0  18 0.00  0.0    0  6.9 14 240   M    M   2        17 240
 9  95  72  84   5   0  19 0.00  0.0    0  3.9 12 360   M    M   0        16 360
10  97  70  84   5   0  19 0.00  0.0    0  5.5 10 100   M    M   0         M  M
11  93  72  83   3   0  18 0.00  0.0    0  9.4 16 190   M    M   1        22 180
12  91  73  82   2   0  17 0.00  0.0    0 10.6 17 140   M    M   2        21 160
13  91  73  82   2   0  17 0.09  0.0    0 12.5 18 150   M    M   3 3      30 160
14  90  72  81   1   0  16 0.19  0.0    0 12.4 18 170   M    M   4 3      27 170
15  90  73  82   2   0  17 0.00  0.0    0  9.1 16 150   M    M   5        21 170
16  84  73  79  -2   0  14 1.35  0.0    0  6.7 10 130   M    M   5 3       M  M
17  81  73  77  -4   0  12 1.61  0.0    0 18.2 25 180   M    M   8        32 180
18  84  73  79  -2   0  14 0.10  0.0    0 15.8 24 240   M    M   6        32 240
19  91  72  82   1   0  17 0.00  0.0    0  6.6 10 240   M    M   2        16 250
20  84  73  79  -2   0  14 0.00  0.0    0  9.1 14 200   M    M   0        18 210
21  81  72  77  -5   0  12 1.30  0.0    0  6.6 10 200   M    M   5 3       M  M
22  90  72  81  -1   0  16 0.00  0.0    0  9.2 16 210   M    M   3        22 210
23  91  72  82   0   0  17 0.00  0.0    0  6.2 10 250   M    M   0         M  M
24  93  73  83   1   0  18 0.00  0.0    0  6.3 12 170   M    M   0        16 170
25  93  73  83   1   0  18 0.00  0.0    0  7.5 12 210   M    M   1        16 190
26  93  73  83   1   0  18 0.00  0.0    0  9.3 15 220   M    M   2 3      21 240
27  88  72  80  -3   0  15 0.00  0.0    0  8.0 17 340   M    M   2        18  20
28  90  66  78  -5   0  13 0.00  0.0    0  4.0  7 230   M    M   2         M  M
29  93  70  82  -1   0  17 0.00  0.0    0  6.8 12 200   M    M   1 3      16 200
30  93  70  82  -1   0  17 0.00  0.0    0  7.4 15 250   M    M   1 3      18 250
================================================================================
SM 2687 2119         0 461  4.64     0.0 241.2          M       66
================================================================================
AV 89.6 70.6                               8.0 FASTST   M    M   2    MAX(MPH)
                                 MISC ---->    25   M                 32    M
================================================================================
NOTES:
# LAST OF SEVERAL OCCURRENCES

COLUMN 17 PEAK WIND IN M.P.H.

PRELIMINARY LOCAL CLIMATOLOGICAL DATA (WS FORM: F-6) , PAGE 2

                                          STATION:  PARIS
                                          MONTH:    JUNE
                                          YEAR:     2015
                                          LATITUDE:   33 37 N
                                          LONGITUDE:  95 27 W

[TEMPERATURE DATA]      [PRECIPITATION DATA]       SYMBOLS USED IN COLUMN 16

AVERAGE MONTHLY: 80.1   TOTAL FOR MONTH:   4.64    1 = FOG OR MIST
DPTR FM NORMAL:  -0.2   DPTR FM NORMAL:    0.47    2 = FOG REDUCING VISIBILITY
HIGHEST:    97 ON 10    GRTST 24HR  1.61 ON 17-17      TO 1/4 MILE OR LESS
LOWEST:     61 ON  1                               3 = THUNDER
                        SNOW, ICE PELLETS, HAIL    4 = ICE PELLETS
                        TOTAL MONTH:   0.0 INCH    5 = HAIL
                        GRTST 24HR     0.0         6 = FREEZING RAIN OR DRIZZLE
                        GRTST DEPTH:   0           7 = DUSTSTORM OR SANDSTORM:
                                                       VSBY 1/2 MILE OR LESS
                                                   8 = SMOKE OR HAZE
[NO. OF DAYS WITH]      [WEATHER - DAYS WITH]      9 = BLOWING SNOW
                                                   X = TORNADO
MAX 32 OR BELOW:   0    0.01 INCH OR MORE:   6
MAX 90 OR ABOVE:  21    0.10 INCH OR MORE:   5
MIN 32 OR BELOW:   0    0.50 INCH OR MORE:   3
MIN  0 OR BELOW:   0    1.00 INCH OR MORE:   3

[HDD (BASE 65) ]
TOTAL THIS MO.     0    CLEAR  (SCALE 0-3)  24
DPTR FM NORMAL    -1    PTCLDY (SCALE 4-7)   5
TOTAL FM JUL 1  2821    CLOUDY (SCALE 8-10)  1
DPTR FM NORMAL   130

[CDD (BASE 65) ]
TOTAL THIS MO.   461
DPTR FM NORMAL     1    [PRESSURE DATA]
TOTAL FM JAN 1   699    HIGHEST SLP M ON M
DPTR FM NORMAL  -118    LOWEST  SLP M ON M

[REMARKS]
#FINAL-06-15#
