000
CXUS54 KFWD 301858
CF6PRX
PRELIMINARY LOCAL CLIMATOLOGICAL DATA (WS FORM: F-6)

                                          STATION:   PARIS
                                          MONTH:     APRIL
                                          YEAR:      2017
                                          LATITUDE:   33 37 N
                                          LONGITUDE:  95 27 W

  TEMPERATURE IN F:       :PCPN:    SNOW:  WIND      :SUNSHINE: SKY     :PK WND
================================================================================
1   2   3   4   5  6A  6B    7    8   9   10  11  12  13   14  15   16   17  18
                                     12Z  AVG MX 2MIN
DY MAX MIN AVG DEP HDD CDD  WTR  SNW DPTH SPD SPD DIR MIN PSBL S-S WX    SPD DR
================================================================================

 1  81  54  68   8   0   3 0.00  0.0    0 11.2 18 130   M    M   2        28 140
 2  66  57  62   2   3   0 1.48  0.0    0  9.8 18  90   M    M   8 3      24  90
 3  73  55  64   3   1   0 0.00  0.0    0  9.6 16 250   M    M   3        23 280
 4  82  54  68   7   0   3 0.97  0.0    0 11.9 22 190   M    M   2 3      30 190
 5  68  45  57  -4   8   0 0.00  0.0    0 17.6 33 320   M    M   5        40 320
 6  72  45  59  -2   6   0 0.00  0.0    0  7.0 13 340   M    M   0        20 260
 7  73  45  59  -3   6   0 0.00  0.0    0  7.3 14 190   M    M   0         M  M
 8  79  52  66   4   0   1 0.00  0.0    0 14.0 23 180   M    M   1        30 190
 9  81  61  71   9   0   6 0.00  0.0    0 15.1 23 180   M    M   6        33 200
10  73  63  68   6   0   3 1.28  0.0    0  8.9 16 170   M    M   8 3       M  M
11  68  57  63   0   2   0 0.00  0.0    0  6.4 12  40   M    M   9 3       M  M
12  73  59  66   3   0   1 0.00  0.0    0  7.5 13 140   M    M   7         M  M
13  81  61  71   8   0   6 0.00  0.0    0  9.2 17 160   M    M   2        22 170
14  81  57  69   5   0   4 0.00  0.0    0 10.2 22 150   M    M   0        27 150
15  81  57  69   5   0   4 0.00  0.0    0   M   M   M   M    M   M         M  M
16  79  63  71   7   0   6 0.00  0.0    0  9.4 17 180   M    M   4         M  M
17  70  61  66   2   0   1 2.30  0.0    0  6.8 12 160   M    M   5 3      17 230
18  81  59  70   5   0   5 0.00  0.0    0  6.2 13 140   M    M   2         M  M
19  79  63  71   6   0   6 0.21  0.0    0 10.5 16 180   M    M   5        22 170
20  81  66  74   9   0   9 0.00  0.0    0  8.4 12 190   M    M   4        20 170
21  81  61  71   6   0   6 0.14  0.0    0 10.5 16 170   M    M   5 3      22 190
22  61  46  54 -12  11   0 0.00  0.0    0 16.7 22 330   M    M   9        35 340
23  72  45  59  -7   6   0 0.00  0.0    0  9.2 16 330   M    M   0        22 310
24  75  45  60  -6   5   0 0.00  0.0    0  7.2 16 160   M    M   0        21 170
25  82  57  70   4   0   5 0.00  0.0    0 15.6 23 170   M    M   3        31 240
26  73  46  60  -7   5   0 0.53  0.0    0 12.9 22 190   M    M   7 3      30 190
27  72  43  58  -9   7   0 0.00  0.0    0  8.5 17 140   M    M   0        22 140
28  84  57  71   4   0   6 0.00  0.0    0 11.1 16 160   M    M   5        24 160
29  84  55  70   2   0   5 0.09  0.0    0 18.9 27 170   M    M   6 3      36 150
================================================================================
SM 2206 1589        60  80  7.00     0.0 297.6          M      108
================================================================================
AV 76.1 54.8                              10.6 FASTST   M    M   4    MAX(MPH)
                                 MISC ---->  # 33 320               # 40  320
================================================================================
NOTES:
# LAST OF SEVERAL OCCURRENCES

COLUMN 17 PEAK WIND IN M.P.H.

PRELIMINARY LOCAL CLIMATOLOGICAL DATA (WS FORM: F-6) , PAGE 2

                                          STATION:  PARIS
                                          MONTH:    APRIL
                                          YEAR:     2017
                                          LATITUDE:   33 37 N
                                          LONGITUDE:  95 27 W

[TEMPERATURE DATA]      [PRECIPITATION DATA]       SYMBOLS USED IN COLUMN 16

AVERAGE MONTHLY: 65.4   TOTAL FOR MONTH:   7.00    1 = FOG OR MIST
DPTR FM NORMAL:   1.6   DPTR FM NORMAL:    3.73    2 = FOG REDUCING VISIBILITY
HIGHEST:    84 ON 29,28 GRTST 24HR  2.30 ON 17-17      TO 1/4 MILE OR LESS
LOWEST:     43 ON 27                               3 = THUNDER
                        SNOW, ICE PELLETS, HAIL    4 = ICE PELLETS
                        TOTAL MONTH:   0.0 INCH    5 = HAIL
                        GRTST 24HR     0.0         6 = FREEZING RAIN OR DRIZZLE
                        GRTST DEPTH:   0           7 = DUSTSTORM OR SANDSTORM:
                                                       VSBY 1/2 MILE OR LESS
                                                   8 = SMOKE OR HAZE
[NO. OF DAYS WITH]      [WEATHER - DAYS WITH]      9 = BLOWING SNOW
                                                   X = TORNADO
MAX 32 OR BELOW:   0    0.01 INCH OR MORE:   8
MAX 90 OR ABOVE:   0    0.10 INCH OR MORE:   7
MIN 32 OR BELOW:   0    0.50 INCH OR MORE:   5
MIN  0 OR BELOW:   0    1.00 INCH OR MORE:   3

[HDD (BASE 65) ]
TOTAL THIS MO.    60    CLEAR  (SCALE 0-3)  12
DPTR FM NORMAL   -56    PTCLDY (SCALE 4-7)  14
TOTAL FM JUL 1  1812    CLOUDY (SCALE 8-10)  2
DPTR FM NORMAL  -858

[CDD (BASE 65) ]
TOTAL THIS MO.    80
DPTR FM NORMAL    -1    [PRESSURE DATA]
TOTAL FM JAN 1   141    HIGHEST SLP M ON M
DPTR FM NORMAL    34    LOWEST  SLP M ON M

[REMARKS]
