000
CXUS55 KALY 280710
CF6PSF
PRELIMINARY LOCAL CLIMATOLOGICAL DATA (WS FORM: F-6)

                                          STATION:   PITTSFIELD MA
                                          MONTH:     FEBRUARY
                                          YEAR:      2015
                                          LATITUDE:   42 25 N
                                          LONGITUDE:  73 18 W

  TEMPERATURE IN F:       :PCPN:    SNOW:  WIND      :SUNSHINE: SKY     :PK WND
================================================================================
1   2   3   4   5  6A  6B    7    8   9   10  11  12  13   14  15   16   17  18
                                     12Z  AVG MX 2MIN
DY MAX MIN AVG DEP HDD CDD  WTR  SNW DPTH SPD SPD DIR MIN PSBL S-S WX    SPD DR
================================================================================

 1  24   4  14  -7  51   0    T    M    M  4.7 15 260   M    M   6 1      19 320
 2  18   0   9 -12  56   0 0.36    M    M 11.4 22 290   M    M  10 128    28 290
 3  18  -5   7 -14  58   0 0.00    M    M  4.6 17 290   M    M   2 8      23 300
 4  33  -3  15  -7  50   0    T    M    M  4.4 17 220   M    M   9 18     26 210
 5  31   0  16  -6  49   0 0.24    M    M 10.8 21 310   M    M   8 128    33 310
 6  16  -9   4 -18  61   0    T    M    M  7.5 17 270   M    M   4 8      22 280
 7  24  16  20  -2  45   0    T    M    M  5.4 15 250   M    M  10 18     18 250
 8  26  15  21  -1  44   0 0.23    M    M  6.4 15  60   M    M  10 1      21 100
 9  19  15  17  -5  48   0 0.09    M    M 12.1 20  50   M    M  10 1      27  50
10  34  11  23   0  42   0    T    M    M  5.8 16 290   M    M   4        20 330
11  28   0  14  -9  51   0 0.00    M    M  1.2  9  40   M    M   0 1      12  50
12  26   7  17  -6  48   0 0.03    M    M  8.7 26 300   M    M   9 18     39 320
13   7  -8   0 -23  65   0 0.01    M    M 12.9 31 300   M    M   3 8      46 300
14  19  -7   6 -18  59   0 0.12    M    M  3.3 15 180   M    M  10 18     21 200
15  16  -9   4 -20  61   0 0.01    M    M 16.1 30 290   M    M   7 128    41 310
16   7 -12  -2 -26  67   0    T    M    M 11.2 22 290   M    M   0 8      32 310
17  24   1  13 -11  52   0    T    M    M  1.8  8 240   M    M   8 8      10 270
18  29  -9  10 -14  55   0 0.01    M    M  2.3 14 130   M    M   2 1      19 110
19  18   0   9 -16  56   0    M    M    M 15.2 31 280   M    M   9 128    42 300
20  10  -7   2 -23  63   0    M    M    M 13.3 32 280   M    M   5 89     43 280
21  25 -14   6 -19  59   0 0.07    M    M  8.1 24 190   M    M   7 18     34 180
22  35  20  28   3  37   0 0.01    M    M  5.6 15 240   M    M   7 18     20 320
23  24  -3  11 -15  54   0 0.55    M    M 15.1 30 280   M    M   3 189    40 270
24  17 -10   4 -22  61   0    T    M    M  7.9 18 200   M    M   1 18     26 200
25  28   3  16 -10  49   0 0.00    M    M  8.3 24 260   M    M   3        31 260
26  19   9  14 -12  51   0    T    M    M  4.7 15 300   M    M   8 8      17 300
27  19   3  11 -16  54   0 0.00    M    M  7.9 16 300   M    M   3        23 300
================================================================================
SM  594    8      1446   0  1.73    M    216.7          M      158
================================================================================
AV 22.0  0.3                               8.0 FASTST   M    M   6    MAX(MPH)
                                 MISC ---->  # 32 280               # 46  300
================================================================================
NOTES:
# LAST OF SEVERAL OCCURRENCES

COLUMN 17 PEAK WIND IN M.P.H.

PRELIMINARY LOCAL CLIMATOLOGICAL DATA (WS FORM: F-6) , PAGE 2

                                          STATION:  PITTSFIELD MA
                                          MONTH:    FEBRUARY
                                          YEAR:     2015
                                          LATITUDE:   42 25 N
                                          LONGITUDE:  73 18 W

[TEMPERATURE DATA]      [PRECIPITATION DATA]       SYMBOLS USED IN COLUMN 16

AVERAGE MONTHLY: 11.1   TOTAL FOR MONTH:   1.73    1 = FOG OR MIST
DPTR FM NORMAL: -12.5   DPTR FM NORMAL:   -0.86    2 = FOG REDUCING VISIBILITY
HIGHEST:    35 ON 22    GRTST 24HR  0.80 ON 19-20      TO 1/4 MILE OR LESS
LOWEST:    -14 ON 21                               3 = THUNDER
                        SNOW, ICE PELLETS, HAIL    4 = ICE PELLETS
                        TOTAL MONTH:    M          5 = HAIL
                        GRTST 24HR    M  ON   M    6 = FREEZING RAIN OR DRIZZLE
                        GRTST DEPTH:  M  ON   M    7 = DUSTSTORM OR SANDSTORM:
                                                       VSBY 1/2 MILE OR LESS
                                                   8 = SMOKE OR HAZE
[NO. OF DAYS WITH]      [WEATHER - DAYS WITH]      9 = BLOWING SNOW
                                                   X = TORNADO
MAX 32 OR BELOW:  24    0.01 INCH OR MORE:  12
MAX 90 OR ABOVE:   0    0.10 INCH OR MORE:   5
MIN 32 OR BELOW:  27    0.50 INCH OR MORE:   1
MIN  0 OR BELOW:  16    1.00 INCH OR MORE:   0

[HDD (BASE 65) ]
TOTAL THIS MO.  1446    CLEAR  (SCALE 0-3)   7
DPTR FM NORMAL   328    PTCLDY (SCALE 4-7)  12
TOTAL FM JUL 1  5610    CLOUDY (SCALE 8-10)  8
DPTR FM NORMAL   267

[CDD (BASE 65) ]
TOTAL THIS MO.     0
DPTR FM NORMAL     0    [PRESSURE DATA]
TOTAL FM JAN 1     0    HIGHEST SLP M ON M
DPTR FM NORMAL     0    LOWEST  SLP 29.52 ON  2

[REMARKS]
