000
CXUS54 KHGX 211415
CF6PSX
PRELIMINARY LOCAL CLIMATOLOGICAL DATA (WS FORM: F-6)

                                          STATION:   PALACIOS
                                          MONTH:     OCTOBER
                                          YEAR:      2017
                                          LATITUDE:   28 43 N
                                          LONGITUDE:  96 15 W

  TEMPERATURE IN F:       :PCPN:    SNOW:  WIND      :SUNSHINE: SKY     :PK WND
================================================================================
1   2   3   4   5  6A  6B    7    8   9   10  11  12  13   14  15   16   17  18
                                     12Z  AVG MX 2MIN
DY MAX MIN AVG DEP HDD CDD  WTR  SNW DPTH SPD SPD DIR MIN PSBL S-S WX    SPD DR
================================================================================

 1  89  65  77   1   0  12 0.00  0.0    0  6.2 14 200   M    M   1 1      17 210
 2  89  68  79   3   0  14 0.00  0.0    0  7.7 16 170   M    M   0 1      20 130
 3  89  73  81   5   0  16 0.03  0.0    0 11.5 28 110   M    M   5 1      35 110
 4  90  76  83   7   0  18 0.01  0.0    0 11.4 16 100   M    M   8 8      23 110
 5  87  68  78   3   0  13 0.00  0.0    M  8.8 18 120   M    M   1        34 140
 6  87  64  76   1   0  11 0.00  0.0    0  6.6 17 150   M    M   1        22 150
 7  90  64  77   2   0  12 0.00  0.0    0  6.2 15 360   M    M   8        18 360
 8  90  69  80   6   0  15 0.00  0.0    0  7.3 14 190   M    M   1        18 170
 9  89  78  84  10   0  19 0.00  0.0    0  9.3 15 190   M    M   2 1      19 180
10  78  64  71  -3   0   6 0.01  0.0    0 12.5 25 360   M    M   7 1      34 360
11  82  63  73  -1   0   8 0.00  0.0    0 10.3 21  10   M    M   6        25  10
12  88  63  76   2   0  11 0.00  0.0    0  6.8 15 170   M    M   2 1      19 180
13  89  67  78   5   0  13 0.00  0.0    0  5.8 15 140   M    M   3 12     26 150
14  88  69  79   6   0  14 0.00  0.0    0  7.1 15 130   M    M   1 1      21 120
15  92  66  79   6   0  14 0.00  0.0    0 11.7 25 350   M    M   1        34 270
16  80  51  66  -7   0   1 0.00  0.0    0 14.6 25  10   M    M   2        32  10
17  81  46  64  -8   1   0 0.00  0.0    0  6.9 14 360   M    M   0 18     17 360
18  80  48  64  -8   1   0 0.00  0.0    0  7.0 15 130   M    M   0 1      19 140
19  83  58  71  -1   0   6 0.14  0.0    0  9.8 17  80   M    M   5 1      24  80
20  85  67  76   4   0  11 0.00  0.0    0  6.2 13 120   M    M   2 12     29  30
================================================================================
SM 1726 1287         2 214  0.19     0.0 173.7          M       56
================================================================================
AV 86.3 64.4                               8.7 FASTST   M    M   3    MAX(MPH)
                                 MISC ---->  # 28 110               # 35  110
================================================================================
NOTES:
# LAST OF SEVERAL OCCURRENCES

COLUMN 17 PEAK WIND IN M.P.H.

PRELIMINARY LOCAL CLIMATOLOGICAL DATA (WS FORM: F-6) , PAGE 2

                                          STATION:  PALACIOS
                                          MONTH:    OCTOBER
                                          YEAR:     2017
                                          LATITUDE:   28 43 N
                                          LONGITUDE:  96 15 W

[TEMPERATURE DATA]      [PRECIPITATION DATA]       SYMBOLS USED IN COLUMN 16

AVERAGE MONTHLY: 75.3   TOTAL FOR MONTH:   0.19    1 = FOG OR MIST
DPTR FM NORMAL:   1.4   DPTR FM NORMAL:   -3.08    2 = FOG REDUCING VISIBILITY
HIGHEST:    92 ON 15    GRTST 24HR  0.14 ON 19-19      TO 1/4 MILE OR LESS
LOWEST:     46 ON 17                               3 = THUNDER
                        SNOW, ICE PELLETS, HAIL    4 = ICE PELLETS
                        TOTAL MONTH:   0.0 INCH    5 = HAIL
                        GRTST 24HR     0.0         6 = FREEZING RAIN OR DRIZZLE
                        GRTST DEPTH:   0           7 = DUSTSTORM OR SANDSTORM:
                                                       VSBY 1/2 MILE OR LESS
                                                   8 = SMOKE OR HAZE
[NO. OF DAYS WITH]      [WEATHER - DAYS WITH]      9 = BLOWING SNOW
                                                   X = TORNADO
MAX 32 OR BELOW:   0    0.01 INCH OR MORE:   4
MAX 90 OR ABOVE:   4    0.10 INCH OR MORE:   1
MIN 32 OR BELOW:   0    0.50 INCH OR MORE:   0
MIN  0 OR BELOW:   0    1.00 INCH OR MORE:   0

[HDD (BASE 65) ]
TOTAL THIS MO.     2    CLEAR  (SCALE 0-3)  13
DPTR FM NORMAL    -3    PTCLDY (SCALE 4-7)   6
TOTAL FM JUL 1     2    CLOUDY (SCALE 8-10)  1
DPTR FM NORMAL    -3

[CDD (BASE 65) ]
TOTAL THIS MO.   214
DPTR FM NORMAL    28    [PRESSURE DATA]
TOTAL FM JAN 1  3111    HIGHEST SLP M ON M
DPTR FM NORMAL   130    LOWEST  SLP 29.64 ON  8

[REMARKS]
