000
CXUS55 KPUB 231159
CF6PUB
PRELIMINARY LOCAL CLIMATOLOGICAL DATA (WS FORM: F-6)

                                          STATION:   PUEBLO CO
                                          MONTH:     NOVEMBER
                                          YEAR:      2017
                                          LATITUDE:   38 16 N
                                          LONGITUDE: 104 31 W

  TEMPERATURE IN F:       :PCPN:    SNOW:  WIND      :SUNSHINE: SKY     :PK WND
================================================================================
1   2   3   4   5  6A  6B    7    8   9   10  11  12  13   14  15   16   17  18
                                     12Z  AVG MX 2MIN
DY MAX MIN AVG DEP HDD CDD  WTR  SNW DPTH SPD SPD DIR MIN PSBL S-S WX    SPD DR
================================================================================

 1  78  35  57  11   8   0 0.00  0.0    0 10.7 22 280   M    M   0        29 290
 2  60  34  47   2  18   0 0.00  0.0    0 10.2 21 140   M    M   1        24 110
 3  64  40  52   7  13   0 0.00  0.0    0  7.0 14 120   M    M   5        16 100
 4  76  36  56  11   9   0 0.00  0.0    0  8.1 36 280   M    M   0        47 280
 5  47  33  40  -4  25   0 0.00  0.0    0  8.6 16 110   M    M   3        21  90
 6  56  37  47   3  18   0 0.00  0.0    0  6.2 18  80   M    M   6 18     23  90
 7  41  32  37  -6  28   0 0.20  1.1    0  8.7 16 110   M    M  10 1      19 120
 8  43  29  36  -7  29   0 0.02  0.3    1  4.0 13 280   M    M   8 128    15 280
 9  41  27  34  -8  31   0 0.00  0.0    0  5.3 12 110   M    M   5 1      15 110
10  43  26  35  -7  30   0 0.00  0.0    0  4.3 12 350   M    M   6 18     12 120
11  72  23  48   7  17   0 0.00  0.0    0  5.5 24 280   M    M   0 128    30 280
12  57  25  41   0  24   0 0.00  0.0    0  4.9 16  80   M    M   0 1      18  90
13  75  31  53  13  12   0 0.00  0.0    0  7.1 17 260   M    M   0        21 270
14  77  30  54  14  11   0 0.00  0.0    0  7.1 23 280   M    M   0        28 290
15  56  24  40   0  25   0 0.00  0.0    0  5.3 17 120   M    M   0        21 130
16  76  23  50  11  15   0 0.00  0.0    0  6.6 15 280   M    M   0        23 210
17  73  38  56  17   9   0 0.09  0.0    0 12.5 39  10   M    M   1 1      47  10
18  49  26  38   0  27   0    T  0.0    0  6.3 20 360   M    M   2        24 360
19  64  17  41   3  24   0 0.00  0.0    0  5.1 21 260   M    M   0        25 290
20  71  26  49  12  16   0 0.00  0.0    0  8.4 26 260   M    M   0        33 270
21  55  29  42   5  23   0    T  0.0    0  7.4 26  40   M    M   4        32  50
22  68  27  48  12  17   0 0.00  0.0    0  3.2 10 320   M    M   0        13 320
================================================================================
SM 1342  648       429   0  0.31     1.4 152.5          M       51
================================================================================
AV 61.0 29.5                               6.9 FASTST   M    M   2    MAX(MPH)
                                 MISC ---->  # 39  10               # 47  280
================================================================================
NOTES:
# LAST OF SEVERAL OCCURRENCES

COLUMN 17 PEAK WIND IN M.P.H.

PRELIMINARY LOCAL CLIMATOLOGICAL DATA (WS FORM: F-6) , PAGE 2

                                          STATION:  PUEBLO CO
                                          MONTH:    NOVEMBER
                                          YEAR:     2017
                                          LATITUDE:   38 16 N
                                          LONGITUDE: 104 31 W

[TEMPERATURE DATA]      [PRECIPITATION DATA]       SYMBOLS USED IN COLUMN 16

AVERAGE MONTHLY: 45.2   TOTAL FOR MONTH:   0.31    1 = FOG OR MIST
DPTR FM NORMAL:   4.1   DPTR FM NORMAL:   -0.04    2 = FOG REDUCING VISIBILITY
HIGHEST:    78 ON  1    GRTST 24HR  0.20 ON  7- 7      TO 1/4 MILE OR LESS
LOWEST:     17 ON 19                               3 = THUNDER
                        SNOW, ICE PELLETS, HAIL    4 = ICE PELLETS
                        TOTAL MONTH:   1.4 INCHES  5 = HAIL
                        GRTST 24HR   1.1 ON  7- 7  6 = FREEZING RAIN OR DRIZZLE
                        GRTST DEPTH:   1 ON  8     7 = DUSTSTORM OR SANDSTORM:
                                                       VSBY 1/2 MILE OR LESS
                                                   8 = SMOKE OR HAZE
[NO. OF DAYS WITH]      [WEATHER - DAYS WITH]      9 = BLOWING SNOW
                                                   X = TORNADO
MAX 32 OR BELOW:   0    0.01 INCH OR MORE:   3
MAX 90 OR ABOVE:   0    0.10 INCH OR MORE:   1
MIN 32 OR BELOW:  15    0.50 INCH OR MORE:   0
MIN  0 OR BELOW:   0    1.00 INCH OR MORE:   0

[HDD (BASE 65) ]
TOTAL THIS MO.   429    CLEAR  (SCALE 0-3)  15
DPTR FM NORMAL   -96    PTCLDY (SCALE 4-7)   6
TOTAL FM JUL 1   886    CLOUDY (SCALE 8-10)  1
DPTR FM NORMAL  -149

[CDD (BASE 65) ]
TOTAL THIS MO.     0
DPTR FM NORMAL     0    [PRESSURE DATA]
TOTAL FM JAN 1  1027    HIGHEST SLP M ON M
DPTR FM NORMAL   130    LOWEST  SLP 29.62 ON 17

[REMARKS]
