000
CXUS55 KPUB 201203
CF6PUB
PRELIMINARY LOCAL CLIMATOLOGICAL DATA (WS FORM: F-6)

                                          STATION:   PUEBLO CO
                                          MONTH:     JANUARY
                                          YEAR:      2017
                                          LATITUDE:   38 16 N
                                          LONGITUDE: 104 31 W

  TEMPERATURE IN F:       :PCPN:    SNOW:  WIND      :SUNSHINE: SKY     :PK WND
================================================================================
1   2   3   4   5  6A  6B    7    8   9   10  11  12  13   14  15   16   17  18
                                     12Z  AVG MX 2MIN
DY MAX MIN AVG DEP HDD CDD  WTR  SNW DPTH SPD SPD DIR MIN PSBL S-S WX    SPD DR
================================================================================

 1  57  18  38   8  27   0 0.00  0.0    0  6.5 25 300   M    M   0        30 290
 2  58  20  39   9  26   0 0.00  0.0    0  9.5 29 290   M    M   0        36 290
 3  30  13  22  -8  43   0 0.00  0.0    0  5.6 13 120   M    M   4        14 130
 4  27   9  18 -12  47   0 0.00  0.0    0  7.2 17  50   M    M   2        20  60
 5  15   6  11 -19  54   0 0.37  6.0    T  6.5 14  70   M    M  10 128    16  80
 6  17 -13   2 -28  63   0 0.04  0.5    6  3.7 12 270   M    M   3 18     17 140
 7  25 -15   5 -25  60   0 0.00  0.0    4  4.0 12 270   M    M   0 18     12 270
 8  45  -2  22  -8  43   0 0.00  0.0    4  4.5 12 310   M    M   0        17 320
 9  64  22  43  13  22   0 0.00  0.0    2 19.0 40 260   M    M   0        50 270
10  59  34  47  17  18   0 0.00  0.0    0 13.2 41 280   M    M   0        51 280
11  62  35  49  19  16   0 0.00  0.0    0 18.5 37 280   M    M   0        47 290
12  51  20  36   6  29   0 0.00  0.0    0 10.3 24  80   M    M   0        27  80
13  29  18  24  -6  41   0 0.00  0.0    0  3.4  9  90   M    M   3 18     11 110
14  46  25  36   6  29   0 0.00  0.0    0  4.1 10 360   M    M   3        13 130
15  35  24  30   0  35   0 0.07  0.5    0  2.3  8 300   M    M   9 18     11 270
16  39  32  36   6  29   0 0.25  1.7    2  9.4 26  10   M    M  10 1      35  10
17  40  25  33   2  32   0 0.00  0.0    T  2.8  9 140   M    M   8 128    12 170
18  50  24  37   6  28   0 0.00  0.0    0  4.0 10 130   M    M   3 12     13 100
19  56  21  39   8  26   0 0.00  0.0    0  4.6 30 280   M    M   0        39 280
================================================================================
SM  805  316       668   0  0.73     8.7 139.1          M       55
================================================================================
AV 42.4 16.6                               7.3 FASTST   M    M   3    MAX(MPH)
                                 MISC ---->  # 41 280               # 51  280
================================================================================
NOTES:
# LAST OF SEVERAL OCCURRENCES

COLUMN 17 PEAK WIND IN M.P.H.

PRELIMINARY LOCAL CLIMATOLOGICAL DATA (WS FORM: F-6) , PAGE 2

                                          STATION:  PUEBLO CO
                                          MONTH:    JANUARY
                                          YEAR:     2017
                                          LATITUDE:   38 16 N
                                          LONGITUDE: 104 31 W

[TEMPERATURE DATA]      [PRECIPITATION DATA]       SYMBOLS USED IN COLUMN 16

AVERAGE MONTHLY: 29.5   TOTAL FOR MONTH:   0.73    1 = FOG OR MIST
DPTR FM NORMAL:  -0.7   DPTR FM NORMAL:    0.52    2 = FOG REDUCING VISIBILITY
HIGHEST:    64 ON  9    GRTST 24HR  0.41 ON  5- 6      TO 1/4 MILE OR LESS
LOWEST:    -15 ON  7                               3 = THUNDER
                        SNOW, ICE PELLETS, HAIL    4 = ICE PELLETS
                        TOTAL MONTH:   8.7 INCHES  5 = HAIL
                        GRTST 24HR   6.0 ON  5- 5  6 = FREEZING RAIN OR DRIZZLE
                        GRTST DEPTH:   6 ON  6     7 = DUSTSTORM OR SANDSTORM:
                                                       VSBY 1/2 MILE OR LESS
                                                   8 = SMOKE OR HAZE
[NO. OF DAYS WITH]      [WEATHER - DAYS WITH]      9 = BLOWING SNOW
                                                   X = TORNADO
MAX 32 OR BELOW:   6    0.01 INCH OR MORE:   4
MAX 90 OR ABOVE:   0    0.10 INCH OR MORE:   2
MIN 32 OR BELOW:  17    0.50 INCH OR MORE:   0
MIN  0 OR BELOW:   3    1.00 INCH OR MORE:   0

[HDD (BASE 65) ]
TOTAL THIS MO.   668    CLEAR  (SCALE 0-3)  14
DPTR FM NORMAL     8    PTCLDY (SCALE 4-7)   2
TOTAL FM JUL 1  2525    CLOUDY (SCALE 8-10)  3
DPTR FM NORMAL  -498

[CDD (BASE 65) ]
TOTAL THIS MO.     0
DPTR FM NORMAL     0    [PRESSURE DATA]
TOTAL FM JAN 1     0    HIGHEST SLP M ON M
DPTR FM NORMAL     0    LOWEST  SLP 29.45 ON  5

[REMARKS]
