000
CXUS51 KBOX 221200
CF6PVD
PRELIMINARY LOCAL CLIMATOLOGICAL DATA (WS FORM: F-6)

                                          STATION:   PROVIDENCE RI
                                          MONTH:     OCTOBER
                                          YEAR:      2014
                                          LATITUDE:   41 43 N
                                          LONGITUDE:  71 26 W

  TEMPERATURE IN F:       :PCPN:    SNOW:  WIND      :SUNSHINE: SKY     :PK WND
================================================================================
1   2   3   4   5  6A  6B    7    8   9   10  11  12  13   14  15   16   17  18
                                     12Z  AVG MX 2MIN
DY MAX MIN AVG DEP HDD CDD  WTR  SNW DPTH SPD SPD DIR MIN PSBL S-S WX    SPD DR
================================================================================

 1  60  57  59   0   6   0 0.30  0.0    0 12.8 20  20   M    M  10 1      23  20
 2  59  50  55  -3  10   0 0.31  0.0    0 12.7 22  40   M    M   8 1      28  50
 3  60  48  54  -4  11   0 0.01  0.0    0  8.3 15  60   M    M   7 1      19  20
 4  66  54  60   2   5   0 0.28  0.0    0  7.8 21 180   M    M   9 1      25 180
 5  63  44  54  -3  11   0 0.00  0.0    0  7.8 18 230   M    M   1        22 240
 6  67  42  55  -2  10   0 0.00  0.0    0  7.6 20 190   M    M   2        24 180
 7  75  51  63   6   2   0    T  0.0    0 10.1 25 200   M    M   7 1      36 200
 8  74  56  65   9   0   0 0.05  0.0    0 11.1 23 230   M    M   5 1      31 200
 9  67  44  56   0   9   0 0.00  0.0    0  9.0 24 250   M    M   2        28 230
10  63  44  54  -1  11   0 0.00  0.0    0  6.2 15 260   M    M   5        20 260
11  53  42  48  -7  17   0 0.35  0.0    0  4.5 13  10   M    M   7 1      15  20
12  63  39  51  -4  14   0 0.00  0.0    0  4.7 16  40   M    M   1        21 350
13  66  39  53  -1  12   0 0.00  0.0    0  5.3 16 190   M    M   7        20 190
14  76  61  69  15   0   4 0.00  0.0    0  9.6 21 210   M    M   7        25 200
15  79  63  71  17   0   6 0.00  0.0    0 10.3 22 200   M    M   6        30 190
16  72  61  67  14   0   2 0.71  0.0    0 10.3 24 160   M    M  10 1      35 160
17  72  56  64  11   1   0 0.00  0.0    0  9.0 22 200   M    M   2 1      27 200
18  71  52  62   9   3   0    T  0.0    0  8.3 25 290   M    M   6 1      35 290
19  57  40  49  -4  16   0    T  0.0    0 11.3 17 320   M    M   7        25 310
20  56  34  45  -7  20   0 0.00  0.0    0  6.2 16 220   M    M   4        23 270
21  65  45  55   3  10   0 0.11  0.0    0  5.9 15 150   M    M   7 1      19 150
================================================================================
SM 1384 1022       168  12  2.12     0.0 178.8          M      120
================================================================================
AV 65.9 48.7                               8.5 FASTST   M    M   6    MAX(MPH)
                                 MISC ---->  # 25 200               # 36  200
================================================================================
NOTES:
# LAST OF SEVERAL OCCURRENCES

COLUMN 17 PEAK WIND IN M.P.H.

PRELIMINARY LOCAL CLIMATOLOGICAL DATA (WS FORM: F-6) , PAGE 2

                                          STATION:  PROVIDENCE RI
                                          MONTH:    OCTOBER
                                          YEAR:     2014
                                          LATITUDE:   41 43 N
                                          LONGITUDE:  71 26 W

[TEMPERATURE DATA]      [PRECIPITATION DATA]       SYMBOLS USED IN COLUMN 16

AVERAGE MONTHLY: 57.3   TOTAL FOR MONTH:   2.12    1 = FOG OR MIST
DPTR FM NORMAL:   2.1   DPTR FM NORMAL:   -0.50    2 = FOG REDUCING VISIBILITY
HIGHEST:    79 ON 15    GRTST 24HR  0.71 ON 16-16      TO 1/4 MILE OR LESS
LOWEST:     34 ON 20                               3 = THUNDER
                        SNOW, ICE PELLETS, HAIL    4 = ICE PELLETS
                        TOTAL MONTH:   0.0 INCH    5 = HAIL
                        GRTST 24HR     0.0         6 = FREEZING RAIN OR DRIZZLE
                        GRTST DEPTH:   0           7 = DUSTSTORM OR SANDSTORM:
                                                       VSBY 1/2 MILE OR LESS
                                                   8 = SMOKE OR HAZE
[NO. OF DAYS WITH]      [WEATHER - DAYS WITH]      9 = BLOWING SNOW
                                                   X = TORNADO
MAX 32 OR BELOW:   0    0.01 INCH OR MORE:   8
MAX 90 OR ABOVE:   0    0.10 INCH OR MORE:   6
MIN 32 OR BELOW:   0    0.50 INCH OR MORE:   1
MIN  0 OR BELOW:   0    1.00 INCH OR MORE:   0

[HDD (BASE 65) ]
TOTAL THIS MO.   168    CLEAR  (SCALE 0-3)   5
DPTR FM NORMAL   -46    PTCLDY (SCALE 4-7)  13
TOTAL FM JUL 1   242    CLOUDY (SCALE 8-10)  3
DPTR FM NORMAL   -69

[CDD (BASE 65) ]
TOTAL THIS MO.    12
DPTR FM NORMAL     6    [PRESSURE DATA]
TOTAL FM JAN 1   709    HIGHEST SLP M ON M
DPTR FM NORMAL   -33    LOWEST  SLP 29.48 ON 18

[REMARKS]
