000
CXUS54 KOUN 010800
CF6PWA
PRELIMINARY LOCAL CLIMATOLOGICAL DATA (WS FORM: F-6)

                                          STATION:   BETHANY/WILEY POST
                                          MONTH:     FEBRUARY
                                          YEAR:      2015
                                          LATITUDE:   35 31 N
                                          LONGITUDE:  97 38 W

  TEMPERATURE IN F:       :PCPN:    SNOW:  WIND      :SUNSHINE: SKY     :PK WND
================================================================================
1   2   3   4   5  6A  6B    7    8   9   10  11  12  13   14  15   16   17  18
                                     12Z  AVG MX 2MIN
DY MAX MIN AVG DEP HDD CDD  WTR  SNW DPTH SPD SPD DIR MIN PSBL S-S WX    SPD DR
================================================================================

 1  46  21  34  -6  31   0 0.01    M    0 22.2 32 350   M    M   5 1      43 340
 2  39  14  27 -13  38   0 0.00  0.0    0  8.9 22 350   M    M   0        28 340
 3  58  30  44   4  21   0 0.00  0.0    0 15.3 23 180   M    M   0        30 180
 4  49  26  38  -2  27   0    T  0.0    0 17.3 31  10   M    M   5 168    38  20
 5  42  18  30 -10  35   0 0.00  0.0    0  9.5 23  10   M    M   2        28  10
 6  63  29  46   6  19   0 0.00  0.0    0 19.1 29 200   M    M   0        37 200
 7  72  42  57  16   8   0 0.00  0.0    0 17.9 29 190   M    M   0        36 190
 8  79  35  57  16   8   0 0.00  0.0    0  7.0 22  10   M    M   0 128    28  20
 9  69  39  54  13  11   0 0.00  0.0    0  6.8 16 120   M    M   0 8      18 130
10  71  42  57  16   8   0 0.00  0.0    0 10.0 26 170   M    M   0 8      36 150
11  50  36  43   2  22   0    T  0.0    0 15.0 26 360   M    M   4 18     35  10
12  48  23  36  -6  29   0 0.00  0.0    0  6.8 14  20   M    M   0        20  20
13  67  35  51   9  14   0 0.00  0.0    0 10.8 22 200   M    M   0        26 200
14  79  32  56  14   9   0 0.00  0.0    0 11.1 26  60   M    M   0        32  60
15  42  26  34  -8  31   0 0.27    M    0 13.5 23 350   M    M   5 1236   30 350
16  37  20  29 -13  36   0 0.01    M    0 12.6 23 360   M    M   6 16     30 360
17  51  23  37  -6  28   0    T  0.0    0  9.2 25 300   M    M   1        30 290
18  42  22  32 -11  33   0 0.00  0.0    0  8.2 17  30   M    M   4        25  40
19  53  24  39  -4  26   0 0.00  0.0    0 11.4 23 160   M    M   0        30 160
20  50  37  44   1  21   0    T  0.0    0 14.6 28 170   M    M   7 128    35 170
21  58  37  48   4  17   0    T  0.0    0 11.6 22 360   M    M   5 18     29 360
22  46  22  34 -10  31   0    T    T    0 19.6 30  20   M    M   9 18     38  20
23  24  18  21 -23  44   0 0.06    M    0 11.5 24  10   M    M  10 128    30  20
24  41  16  29 -15  36   0 0.00  0.0    0  5.6 13 230   M    M   3 18     15 230
25  57  26  42  -3  23   0 0.00  0.0    0  6.7 28 360   M    M   1 18     35 350
26  34  20  27 -18  38   0 0.00  0.0    0 19.2 33 360   M    M   4        41  10
27  22  17  20 -25  45   0    T    M    0 10.8 22  50   M    M  10 8      25  50
28  27  18  23 -23  42   0 0.07    M    0  3.9  9  70   M    M  10 1268   10 100
================================================================================
SM 1416  748       731   0  0.42    T    336.1          M       91
================================================================================
AV 50.6 26.7                              12.0 FASTST   M    M   3    MAX(MPH)
                                 MISC ---->  # 33 360               # 43  340
================================================================================
NOTES:
# LAST OF SEVERAL OCCURRENCES

COLUMN 17 PEAK WIND IN M.P.H.

PRELIMINARY LOCAL CLIMATOLOGICAL DATA (WS FORM: F-6) , PAGE 2

                                          STATION:  BETHANY/WILEY POST
                                          MONTH:    FEBRUARY
                                          YEAR:     2015
                                          LATITUDE:   35 31 N
                                          LONGITUDE:  97 38 W

[TEMPERATURE DATA]      [PRECIPITATION DATA]       SYMBOLS USED IN COLUMN 16

AVERAGE MONTHLY: 38.6   TOTAL FOR MONTH:   0.42    1 = FOG OR MIST
DPTR FM NORMAL:  -3.6   DPTR FM NORMAL:   -0.80    2 = FOG REDUCING VISIBILITY
HIGHEST:    79 ON 14, 8 GRTST 24HR  0.49 ON 31- 1      TO 1/4 MILE OR LESS
LOWEST:     14 ON  2                               3 = THUNDER
                        SNOW, ICE PELLETS, HAIL    4 = ICE PELLETS
                        TOTAL MONTH:    T          5 = HAIL
                        GRTST 24HR    T  ON 22-22  6 = FREEZING RAIN OR DRIZZLE
                        GRTST DEPTH:   0           7 = DUSTSTORM OR SANDSTORM:
                                                       VSBY 1/2 MILE OR LESS
                                                   8 = SMOKE OR HAZE
[NO. OF DAYS WITH]      [WEATHER - DAYS WITH]      9 = BLOWING SNOW
                                                   X = TORNADO
MAX 32 OR BELOW:   3    0.01 INCH OR MORE:   5
MAX 90 OR ABOVE:   0    0.10 INCH OR MORE:   1
MIN 32 OR BELOW:  20    0.50 INCH OR MORE:   0
MIN  0 OR BELOW:   0    1.00 INCH OR MORE:   0

[HDD (BASE 65) ]
TOTAL THIS MO.   731    CLEAR  (SCALE 0-3)  14
DPTR FM NORMAL    93    PTCLDY (SCALE 4-7)  10
TOTAL FM JUL 1  2879    CLOUDY (SCALE 8-10)  4
DPTR FM NORMAL   -53

[CDD (BASE 65) ]
TOTAL THIS MO.     0
DPTR FM NORMAL    -1    [PRESSURE DATA]
TOTAL FM JAN 1     0    HIGHEST SLP M ON M
DPTR FM NORMAL    -1    LOWEST  SLP 29.66 ON 20

[REMARKS]
#FINAL-02-15#
