000
CXUS54 KFWD 250730
CF6PWG
PRELIMINARY LOCAL CLIMATOLOGICAL DATA (WS FORM: F-6)

                                          STATION:   WACO MCGREGOR
                                          MONTH:     MAY
                                          YEAR:      2016
                                          LATITUDE:   31 28 N
                                          LONGITUDE:  97 19 W

  TEMPERATURE IN F:       :PCPN:    SNOW:  WIND      :SUNSHINE: SKY     :PK WND
================================================================================
1   2   3   4   5  6A  6B    7    8   9   10  11  12  13   14  15   16   17  18
                                     12Z  AVG MX 2MIN
DY MAX MIN AVG DEP HDD CDD  WTR  SNW DPTH SPD SPD DIR MIN PSBL S-S WX    SPD DR
================================================================================

 1  77  59  68   0   0   3 0.00  0.0    0 11.0 20 360   M    M   4 1      25  10
 2  66  53  60  -9   5   0 0.08  0.0    0 10.4 15 330   M    M   7        30 360
 3  73  47  60  -9   5   0 0.00  0.0    0  5.0 10 350   M    M   0        20  10
 4  83  50  67  -2   0   2 0.00  0.0    0  6.1 12 330   M    M   0        20 310
 5  84  54  69  -1   0   4 0.00  0.0    0  3.6 10  10   M    M   0         M  M
 6  85  52  69  -1   0   4 0.00  0.0    0  3.8  9 110   M    M   0         M  M
 7  84  56  70   0   0   5 0.00  0.0    0 10.7 18 160   M    M   0        23 150
 8  75  67  71   1   0   6 0.06  0.0    0 15.6 28 160   M    M   8        33 140
 9  89  66  78   7   0  13 0.00  0.0    0 12.6 18 190   M    M   4        30 170
10  93  64  79   8   0  14 1.59  0.0    0 13.6 20 160   M    M   5 1      38 320
11  87  65  76   5   0  11 0.15  0.0    0 10.2 16 160   M    M   3 3      20 160
12  83  67  75   3   0  10 0.02  0.0    0  6.8 13  10   M    M   2         M  M
13  87  64  76   4   0  11 0.00  0.0    0  4.7  7 130   M    M   2         M  M
14  79  63  71  -1   0   6 0.00  0.0    0  7.3 18  20   M    M   4 3      23  20
15  75  58  67  -5   0   2    T  0.0    0  7.1 12 110   M    M   4         M  M
16  80  66  73   0   0   8 0.04  0.0    0  9.8 15 120   M    M   7 1      22 140
17  84  65  75   2   0  10 0.04  0.0    0  7.5 16  10   M    M   6 13     31  10
18  70  61  66  -7   0   1    T  0.0    0  9.5 16  10   M    M   8 3      20 360
19  68  58  63 -11   2   0 0.98  0.0    0  7.8 14 120   M    M  10 138     M  M
20  81  56  69  -5   0   4 0.00  0.0    0  4.1  9 120   M    M   4 128     M  M
21  83  63  73  -1   0   8 0.00  0.0    0  5.4 13 110   M    M   4         M  M
22  87  69  78   4   0  13 0.00  0.0    0  7.5 16 130   M    M   5 1       M  M
23  83  72  78   4   0  13 0.00  0.0    0 11.3 17 140   M    M   8        23 160
24  88  73  81   6   0  16    T  0.0    0 12.4 17 160   M    M   6 1      21 160
================================================================================
SM 1944 1468        12 164  2.96     0.0 203.8          M      101
================================================================================
AV 81.0 61.2                               8.5 FASTST   M    M   4    MAX(MPH)
                                 MISC ---->    28   M               # 38  320
================================================================================
NOTES:
# LAST OF SEVERAL OCCURRENCES

COLUMN 17 PEAK WIND IN M.P.H.

PRELIMINARY LOCAL CLIMATOLOGICAL DATA (WS FORM: F-6) , PAGE 2

                                          STATION:  WACO MCGREGOR
                                          MONTH:    MAY
                                          YEAR:     2016
                                          LATITUDE:   31 28 N
                                          LONGITUDE:  97 19 W

[TEMPERATURE DATA]      [PRECIPITATION DATA]       SYMBOLS USED IN COLUMN 16

AVERAGE MONTHLY: 71.1   TOTAL FOR MONTH:   2.96    1 = FOG OR MIST
DPTR FM NORMAL:  -0.6   DPTR FM NORMAL:   -0.42    2 = FOG REDUCING VISIBILITY
HIGHEST:    93 ON 10    GRTST 24HR  1.59 ON 10-10      TO 1/4 MILE OR LESS
LOWEST:     47 ON  3                               3 = THUNDER
                        SNOW, ICE PELLETS, HAIL    4 = ICE PELLETS
                        TOTAL MONTH:   0.0 INCH    5 = HAIL
                        GRTST 24HR     0.0         6 = FREEZING RAIN OR DRIZZLE
                        GRTST DEPTH:   0           7 = DUSTSTORM OR SANDSTORM:
                                                       VSBY 1/2 MILE OR LESS
                                                   8 = SMOKE OR HAZE
[NO. OF DAYS WITH]      [WEATHER - DAYS WITH]      9 = BLOWING SNOW
                                                   X = TORNADO
MAX 32 OR BELOW:   0    0.01 INCH OR MORE:   8
MAX 90 OR ABOVE:   1    0.10 INCH OR MORE:   3
MIN 32 OR BELOW:   0    0.50 INCH OR MORE:   2
MIN  0 OR BELOW:   0    1.00 INCH OR MORE:   1

[HDD (BASE 65) ]
TOTAL THIS MO.    12    CLEAR  (SCALE 0-3)   8
DPTR FM NORMAL     4    PTCLDY (SCALE 4-7)  15
TOTAL FM JUL 1  1594    CLOUDY (SCALE 8-10)  1
DPTR FM NORMAL  -747

[CDD (BASE 65) ]
TOTAL THIS MO.   164
DPTR FM NORMAL    -7    [PRESSURE DATA]
TOTAL FM JAN 1   341    HIGHEST SLP M ON M
DPTR FM NORMAL    59    LOWEST  SLP M ON M

[REMARKS]
