000
CXUS53 KUNR 220945
CF6RAP
PRELIMINARY LOCAL CLIMATOLOGICAL DATA (WS FORM: F-6)

                                          STATION:   RAPID CITY AIRPORT SD
                                          MONTH:     JULY
                                          YEAR:      2017
                                          LATITUDE:   44  2 N
                                          LONGITUDE: 103  4 W

  TEMPERATURE IN F:       :PCPN:    SNOW:  WIND      :SUNSHINE: SKY     :PK WND
================================================================================
1   2   3   4   5  6A  6B    7    8   9   10  11  12  13   14  15   16   17  18
                                     12Z  AVG MX 2MIN
DY MAX MIN AVG DEP HDD CDD  WTR  SNW DPTH SPD SPD DIR MIN PSBL S-S WX    SPD DR
================================================================================

 1  89  46  68  -2   0   3 0.00  0.0    0  3.8 16  10   M    M   1        20 360
 2  93  53  73   3   0   8 0.02  0.0    0 11.5 31  80   M    M   1 3      38  80
 3  92  62  77   7   0  12    T  0.0    0  8.6 25 260   M    M   1 3      30 260
 4  97  54  76   6   0  11 0.00  0.0    0  5.5 21 220   M    M   0        27 210
 5 105  61  83  12   0  18 0.00  0.0    0  9.7 30  50   M    M   0        37  40
 6  97  64  81  10   0  16    T  0.0    0 11.2 23 210   M    M   0        29 240
 7  92  59  76   5   0  11    T  0.0    0  8.2 23  10   M    M   0 3      30 130
 8  94  55  75   3   0  10 0.00  0.0    0  9.5 21  10   M    M   0        26  10
 9 106  64  85  13   0  20 0.00  0.0    0 11.8 26 330   M    M   0 3      35 360
10  92  66  79   7   0  14 0.06  0.0    0  9.3 21 170   M    M   1 3      26 170
11  96  62  79   7   0  14 0.19  0.0    0  9.5 47 300   M    M   1 138    59 300
12  85  61  73   1   0   8 0.06  0.0    0  7.0 20 260   M    M   3 3      24 310
13  90  54  72  -1   0   7 0.00  0.0    0  6.9 15 140   M    M   0        21 150
14 100  58  79   6   0  14 0.00  0.0    0  8.7 24 200   M    M   0        30 200
15  97  64  81   8   0  16 0.00  0.0    0  7.5 17 120   M    M   0        22 130
16 100  61  81   8   0  16 0.00  0.0    0 11.7 26 180   M    M   0        37 180
17  99  62  81   8   0  16 0.05  0.0    0  8.1 40  70   M    M   0 3      51 320
18  89  60  75   2   0  10    T  0.0    0 10.1 28  50   M    M   3 3      37  50
19 100  64  82   9   0  17 0.00  0.0    0 14.9 36 340   M    M   0        44 330
20  98  65  82   8   0  17 0.28  0.0    0 11.7 39 320   M    M   0 13     46 310
21  96  63  80   6   0  15 0.00  0.0    0 12.2 32 330   M    M   0 8      39 330
================================================================================
SM 2007 1258         0 273  0.66     0.0 197.4          M       11
================================================================================
AV 95.6 59.9                               9.4 FASTST   M    M   1    MAX(MPH)
                                 MISC ---->  # 47 300               # 59  300
================================================================================
NOTES:
# LAST OF SEVERAL OCCURRENCES

COLUMN 17 PEAK WIND IN M.P.H.

PRELIMINARY LOCAL CLIMATOLOGICAL DATA (WS FORM: F-6) , PAGE 2

                                          STATION:  RAPID CITY AIRPORT SD
                                          MONTH:    JULY
                                          YEAR:     2017
                                          LATITUDE:   44  2 N
                                          LONGITUDE: 103  4 W

[TEMPERATURE DATA]      [PRECIPITATION DATA]       SYMBOLS USED IN COLUMN 16

AVERAGE MONTHLY: 77.7   TOTAL FOR MONTH:   0.66    1 = FOG OR MIST
DPTR FM NORMAL:   5.7   DPTR FM NORMAL:   -0.53    2 = FOG REDUCING VISIBILITY
HIGHEST:   106 ON  9    GRTST 24HR  0.28 ON 20-20      TO 1/4 MILE OR LESS
LOWEST:     46 ON  1                               3 = THUNDER
                        SNOW, ICE PELLETS, HAIL    4 = ICE PELLETS
                        TOTAL MONTH:   0.0 INCH    5 = HAIL
                        GRTST 24HR     0.0         6 = FREEZING RAIN OR DRIZZLE
                        GRTST DEPTH:   0           7 = DUSTSTORM OR SANDSTORM:
                                                       VSBY 1/2 MILE OR LESS
                                                   8 = SMOKE OR HAZE
[NO. OF DAYS WITH]      [WEATHER - DAYS WITH]      9 = BLOWING SNOW
                                                   X = TORNADO
MAX 32 OR BELOW:   0    0.01 INCH OR MORE:   6
MAX 90 OR ABOVE:  18    0.10 INCH OR MORE:   2
MIN 32 OR BELOW:   0    0.50 INCH OR MORE:   0
MIN  0 OR BELOW:   0    1.00 INCH OR MORE:   0

[HDD (BASE 65) ]
TOTAL THIS MO.     0    CLEAR  (SCALE 0-3)  20
DPTR FM NORMAL   -10    PTCLDY (SCALE 4-7)   1
TOTAL FM JUL 1     0    CLOUDY (SCALE 8-10)  0
DPTR FM NORMAL   -10

[CDD (BASE 65) ]
TOTAL THIS MO.   273
DPTR FM NORMAL   113    [PRESSURE DATA]
TOTAL FM JAN 1   387    HIGHEST SLP M ON M
DPTR FM NORMAL   128    LOWEST  SLP 29.70 ON 11

[REMARKS]
