000
CXUS53 KUNR 010048
CF6RAP
PRELIMINARY LOCAL CLIMATOLOGICAL DATA (WS FORM: F-6)

                                          STATION:   RAPID CITY AIRPORT SD
                                          MONTH:     AUGUST
                                          YEAR:      2016
                                          LATITUDE:   44  2 N
                                          LONGITUDE: 103  4 W

  TEMPERATURE IN F:       :PCPN:    SNOW:  WIND      :SUNSHINE: SKY     :PK WND
================================================================================
1   2   3   4   5  6A  6B    7    8   9   10  11  12  13   14  15   16   17  18
                                     12Z  AVG MX 2MIN
DY MAX MIN AVG DEP HDD CDD  WTR  SNW DPTH SPD SPD DIR MIN PSBL S-S WX    SPD DR
================================================================================

 1  87  64  76   2   0  11    T  0.0    0  6.7 16 360   M    M   4 1      20 360
 2  90  63  77   3   0  12 0.00  0.0    0 10.8 31 330   M    M   1        39 320
 3  96  63  80   6   0  15    T  0.0    0 12.4 29 350   M    M   0 3      34 350
 4  82  53  68  -6   0   3 0.00  0.0    0 15.5 31 330   M    M   0        39 330
 5  86  51  69  -5   0   4 0.00  0.0    0  9.4 20 180   M    M   0        27 170
 6  78  55  67  -7   0   2 0.00  0.0    0 11.2 24 170   M    M   5        32 180
 7  85  61  73   0   0   8 0.12  0.0    0 12.5 23 150   M    M   7 13     29 170
 8  91  61  76   3   0  11 0.61  0.0    0 10.6 51 260   M    M   1 3      83 260
 9  90  58  74   1   0   9 0.01  0.0    0 10.6 51 210   M    M   0 3      62 210
10  91  64  78   5   0  13    T  0.0    0  8.9 31 330   M    M   0        36 320
11  80  56  68  -5   0   3 0.08  0.0    0 11.0 25 350   M    M   2 13     30 340
12  83  56  70  -3   0   5 0.06  0.0    0  9.7 26 310   M    M   2 3      34 300
13  82  55  69  -3   0   4 0.00  0.0    0  6.2 17 360   M    M   2        20 360
14  92  52  72   0   0   7 0.20  0.0    0  9.7 38 320   M    M   1 13     48 320
15  85  54  70  -2   0   5    T  0.0    0  7.1 15  20   M    M   0 3      20  30
16  85  58  72   0   0   7 0.00  0.0    0  5.4 25 340   M    M   1        32 330
17  92  60  76   4   0  11 0.01  0.0    0  9.6 21  80   M    M   1 3      28 230
18  76  60  68  -4   0   3    T  0.0    0 16.6 40 340   M    M   3 3      49 320
19  63  44  54 -17  11   0 0.22  0.0    0 11.5 30 330   M    M   8 1      38 330
20  73  42  58 -13   7   0 0.00  0.0    0  8.8 22 350   M    M   0        29  30
21  87  44  66  -5   0   1 0.00  0.0    0  5.8 16 150   M    M   0        21 160
22 101  53  77   7   0  12 0.00  0.0    0  6.8 22 190   M    M   0        27 170
23  82  53  68  -2   0   3 0.00  0.0    0 17.0 39 320   M    M   0        50 320
24  77  52  65  -5   0   0 0.00  0.0    0 12.5 23 330   M    M   2 3      30 330
25  70  48  59 -11   6   0    T  0.0    0  6.9 18 340   M    M   6        25 340
26  69  51  60  -9   5   0 0.96  0.0    0  7.8 30 320   M    M   7 13     35 320
27  85  51  68  -1   0   3 0.01  0.0    0  7.8 21 210   M    M   0        26 210
28  91  49  70   1   0   5 0.00  0.0    0  5.9 15  60   M    M   0        17  60
29  84  60  72   4   0   7 0.00  0.0    0 11.5 23 340   M    M   0        30 340
30  85  59  72   4   0   7 0.00  0.0    0  6.7 16 130   M    M   3 12     21 140
================================================================================
SM 2518 1650        29 171  2.28     0.0 292.9          M       56
================================================================================
AV 83.9 55.0                               9.8 FASTST   M    M   2    MAX(MPH)
                                 MISC ---->  # 51 260               # 83  260
================================================================================
NOTES:
# LAST OF SEVERAL OCCURRENCES

COLUMN 17 PEAK WIND IN M.P.H.

PRELIMINARY LOCAL CLIMATOLOGICAL DATA (WS FORM: F-6) , PAGE 2

                                          STATION:  RAPID CITY AIRPORT SD
                                          MONTH:    AUGUST
                                          YEAR:     2016
                                          LATITUDE:   44  2 N
                                          LONGITUDE: 103  4 W

[TEMPERATURE DATA]      [PRECIPITATION DATA]       SYMBOLS USED IN COLUMN 16

AVERAGE MONTHLY: 69.5   TOTAL FOR MONTH:   2.28    1 = FOG OR MIST
DPTR FM NORMAL:  -2.2   DPTR FM NORMAL:    0.76    2 = FOG REDUCING VISIBILITY
HIGHEST:   101 ON 22    GRTST 24HR  0.96 ON 26-26      TO 1/4 MILE OR LESS
LOWEST:     42 ON 20                               3 = THUNDER
                        SNOW, ICE PELLETS, HAIL    4 = ICE PELLETS
                        TOTAL MONTH:   0.0 INCH    5 = HAIL
                        GRTST 24HR     0.0         6 = FREEZING RAIN OR DRIZZLE
                        GRTST DEPTH:   0           7 = DUSTSTORM OR SANDSTORM:
                                                       VSBY 1/2 MILE OR LESS
                                                   8 = SMOKE OR HAZE
[NO. OF DAYS WITH]      [WEATHER - DAYS WITH]      9 = BLOWING SNOW
                                                   X = TORNADO
MAX 32 OR BELOW:   0    0.01 INCH OR MORE:  10
MAX 90 OR ABOVE:   9    0.10 INCH OR MORE:   5
MIN 32 OR BELOW:   0    0.50 INCH OR MORE:   2
MIN  0 OR BELOW:   0    1.00 INCH OR MORE:   0

[HDD (BASE 65) ]
TOTAL THIS MO.    29    CLEAR  (SCALE 0-3)  24
DPTR FM NORMAL    13    PTCLDY (SCALE 4-7)   6
TOTAL FM JUL 1    32    CLOUDY (SCALE 8-10)  0
DPTR FM NORMAL     1

[CDD (BASE 65) ]
TOTAL THIS MO.   171
DPTR FM NORMAL   -49    [PRESSURE DATA]
TOTAL FM JAN 1   612    HIGHEST SLP M ON M
DPTR FM NORMAL    43    LOWEST  SLP 29.55 ON 22

[REMARKS]
#FINAL-08-16#
