000
CXUS56 KSTO 211455
CF6RBL
PRELIMINARY LOCAL CLIMATOLOGICAL DATA (WS FORM: F-6)

                                          STATION:   RED BLUFF AIRPORT CA
                                          MONTH:     DECEMBER
                                          YEAR:      2014
                                          LATITUDE:   40  9 N
                                          LONGITUDE: 122 15 W

  TEMPERATURE IN F:       :PCPN:    SNOW:  WIND      :SUNSHINE: SKY     :PK WND
================================================================================
1   2   3   4   5  6A  6B    7    8   9   10  11  12  13   14  15   16   17  18
                                     12Z  AVG MX 2MIN
DY MAX MIN AVG DEP HDD CDD  WTR  SNW DPTH SPD SPD DIR MIN PSBL S-S WX    SPD DR
================================================================================

 1  56  51  54   6  11   0 0.10  0.0    0  5.7  9 330   M    M   9 1      12 330
 2  55  51  53   5  12   0 0.26  0.0    0  5.4 18  20   M    M   8 1      23  20
 3  58  53  56   9   9   0 1.95  0.0    0  5.1 15 170   M    M   9 13     19 150
 4  62  55  59  12   6   0 0.11  0.0    0  5.3 15 180   M    M   9 1      19 170
 5  62  55  59  12   6   0 0.48  0.0    0 10.7 29 150   M    M  10 12     37 140
 6  63  50  57  10   8   0 0.20  0.0    0  8.9 23 160   M    M   7 1      29 160
 7  60  48  54   7  11   0 0.00  0.0    0  4.2  9 200   M    M   6        11 260
 8  58  53  56  10   9   0 0.13  0.0    0  4.2 12 210   M    M  10 1      14 210
 9  60  55  58  12   7   0    T  0.0    0  3.6  8 320   M    M  10 1      10 290
10  57  53  55   9  10   0 0.87  0.0    0 13.3 28 140   M    M  10 18     33 140
11  57  49  53   7  12   0 2.88    M    0 20.0 41 150   M    M  10 1      55 150
12  49  48  49   3  16   0 0.02    M    0  6.9 15 150   M    M  10         M  M
13  56  42  49   3  16   0 0.00  0.0    M  2.1  5 170   M    M   0         M  M
14   M   M   M   M   M   M    M    M    M   M   M   M   M    M   M         M  M
15  49  46  48   2  17   0 0.94    M    M  6.4 18 130   M    M  10 1      23 140
16  54  45  50   4  15   0 0.71    M    0  6.7 21 190   M    M  10 1      26 200
17  54  49  52   6  13   0 0.18    M    0 12.7 21 150   M    M  10 1      25 130
18  54  49  52   7  13   0 0.12    M    0  6.4 14 150   M    M  10 1      19 160
19  53  51  52   7  13   0 0.55  0.0    0 15.9 30 150   M    M  10 1      38 150
20  54  51  53   8  12   0 0.14  0.0    0 15.8 25 150   M    M  10 1      33 150
================================================================================
SM 1071  954       216   0  9.64     0.0 159.3          M      168
================================================================================
AV 56.4 50.2                               8.4 FASTST   M    M   9    MAX(MPH)
                                 MISC ---->  # 41 150               # 55  150
================================================================================
NOTES:
# LAST OF SEVERAL OCCURRENCES

COLUMN 17 PEAK WIND IN M.P.H.

PRELIMINARY LOCAL CLIMATOLOGICAL DATA (WS FORM: F-6) , PAGE 2

                                          STATION:  RED BLUFF AIRPORT CA
                                          MONTH:    DECEMBER
                                          YEAR:     2014
                                          LATITUDE:   40  9 N
                                          LONGITUDE: 122 15 W

[TEMPERATURE DATA]      [PRECIPITATION DATA]       SYMBOLS USED IN COLUMN 16

AVERAGE MONTHLY: 53.3   TOTAL FOR MONTH:   9.64    1 = FOG OR MIST
DPTR FM NORMAL:   7.0   DPTR FM NORMAL:    7.10    2 = FOG REDUCING VISIBILITY
HIGHEST:    63 ON  6    GRTST 24HR  3.57 ON 10-11      TO 1/4 MILE OR LESS
LOWEST:     42 ON 13                               3 = THUNDER
                        SNOW, ICE PELLETS, HAIL    4 = ICE PELLETS
                        TOTAL MONTH:   0.0 INCH    5 = HAIL
                        GRTST 24HR     0.0         6 = FREEZING RAIN OR DRIZZLE
                        GRTST DEPTH:   0           7 = DUSTSTORM OR SANDSTORM:
                                                       VSBY 1/2 MILE OR LESS
                                                   8 = SMOKE OR HAZE
[NO. OF DAYS WITH]      [WEATHER - DAYS WITH]      9 = BLOWING SNOW
                                                   X = TORNADO
MAX 32 OR BELOW:   0    0.01 INCH OR MORE:  16
MAX 90 OR ABOVE:   0    0.10 INCH OR MORE:  15
MIN 32 OR BELOW:   0    0.50 INCH OR MORE:   6
MIN  0 OR BELOW:   0    1.00 INCH OR MORE:   2

[HDD (BASE 65) ]
TOTAL THIS MO.   216    CLEAR  (SCALE 0-3)   1
DPTR FM NORMAL  -159    PTCLDY (SCALE 4-7)   3
TOTAL FM JUL 1   582    CLOUDY (SCALE 8-10) 15
DPTR FM NORMAL  -268

[CDD (BASE 65) ]
TOTAL THIS MO.     0
DPTR FM NORMAL     0    [PRESSURE DATA]
TOTAL FM JAN 1  2273    HIGHEST SLP M ON M
DPTR FM NORMAL   444    LOWEST  SLP 29.39 ON 11

[REMARKS]
