000
CXUS56 KSTO 211355
CF6RBL
PRELIMINARY LOCAL CLIMATOLOGICAL DATA (WS FORM: F-6)

                                          STATION:   RED BLUFF AIRPORT CA
                                          MONTH:     JANUARY
                                          YEAR:      2017
                                          LATITUDE:   40  9 N
                                          LONGITUDE: 122 15 W

  TEMPERATURE IN F:       :PCPN:    SNOW:  WIND      :SUNSHINE: SKY     :PK WND
================================================================================
1   2   3   4   5  6A  6B    7    8   9   10  11  12  13   14  15   16   17  18
                                     12Z  AVG MX 2MIN
DY MAX MIN AVG DEP HDD CDD  WTR  SNW DPTH SPD SPD DIR MIN PSBL S-S WX    SPD DR
================================================================================

 1  53  33  43  -2  22   0 0.01    M    0  5.3 18 160   M    M   7 12     21 170
 2  47  35  41  -4  24   0 0.06  0.0    0 12.7 25 180   M    M   7 12     31 170
 3  50  43  47   2  18   0 1.13  0.0    0 13.4 33 170   M    M  10 1      42 180
 4  52  37  45   0  20   0 0.02  0.0    0  7.4 32 170   M    M   6        41 170
 5  47  33  40  -5  25   0 0.00  0.0    0 12.0 25 350   M    M   0        33 340
 6  47  26  37  -9  28   0 0.00  0.0    0  5.5 14 350   M    M   3        17 360
 7  42  33  38  -8  27   0 0.91    T    0  6.6 12 320   M    M  10 1      14 320
 8  60  40  50   4  15   0 1.22  0.0    0 18.2 41 160   M    M  10 1      52 160
 9  57  46  52   6  13   0    T  0.0    0 16.8 26 170   M    M   5        34 180
10  53  50  52   6  13   0 0.35  0.0    0 24.0 38 150   M    M   9 1      50 140
11  56  41  49   3  16   0    T    M    0  6.7 17 160   M    M   6        20 170
12  52  40  46   0  19   0 0.16    M    0  7.3 14  10   M    M   9 1      16 360
13  58  39  49   3  16   0 0.00  0.0    0 10.5 24 350   M    M   0        29 350
14  60  33  47   1  18   0 0.00  0.0    0  4.9 13 360   M    M   0        16  20
15  58  31  45  -1  20   0 0.00  0.0    0  2.4  9 140   M    M   4 12     11 140
16  63  31  47   1  18   0    T    M    0  5.7 13 160   M    M   2 12     15  10
17  47  33  40  -6  25   0 0.01  0.0    0  4.0 10 350   M    M   7 128    12 350
18  48  44  46   0  19   0 1.06  0.0    0 19.4 41 160   M    M  10 1      56 150
19  54  44  49   2  16   0 0.08  0.0    0 11.0 26 150   M    M   9 13     32 150
20  50  45  48   1  17   0 0.64    M    0 21.0 45 160   M    M   8 1      54 160
================================================================================
SM 1054  757       389   0  5.65    T    214.8          M      122
================================================================================
AV 52.7 37.9                              10.7 FASTST   M    M   6    MAX(MPH)
                                 MISC ---->  # 45 160               # 56  150
================================================================================
NOTES:
# LAST OF SEVERAL OCCURRENCES

COLUMN 17 PEAK WIND IN M.P.H.

PRELIMINARY LOCAL CLIMATOLOGICAL DATA (WS FORM: F-6) , PAGE 2

                                          STATION:  RED BLUFF AIRPORT CA
                                          MONTH:    JANUARY
                                          YEAR:     2017
                                          LATITUDE:   40  9 N
                                          LONGITUDE: 122 15 W

[TEMPERATURE DATA]      [PRECIPITATION DATA]       SYMBOLS USED IN COLUMN 16

AVERAGE MONTHLY: 45.3   TOTAL FOR MONTH:   5.65    1 = FOG OR MIST
DPTR FM NORMAL:  -0.6   DPTR FM NORMAL:    2.33    2 = FOG REDUCING VISIBILITY
HIGHEST:    63 ON 16    GRTST 24HR  1.36 ON  7- 8      TO 1/4 MILE OR LESS
LOWEST:     26 ON  6                               3 = THUNDER
                        SNOW, ICE PELLETS, HAIL    4 = ICE PELLETS
                        TOTAL MONTH:    T          5 = HAIL
                        GRTST 24HR    T  ON  7- 7  6 = FREEZING RAIN OR DRIZZLE
                        GRTST DEPTH:   0           7 = DUSTSTORM OR SANDSTORM:
                                                       VSBY 1/2 MILE OR LESS
                                                   8 = SMOKE OR HAZE
[NO. OF DAYS WITH]      [WEATHER - DAYS WITH]      9 = BLOWING SNOW
                                                   X = TORNADO
MAX 32 OR BELOW:   0    0.01 INCH OR MORE:  12
MAX 90 OR ABOVE:   0    0.10 INCH OR MORE:   7
MIN 32 OR BELOW:   3    0.50 INCH OR MORE:   5
MIN  0 OR BELOW:   0    1.00 INCH OR MORE:   3

[HDD (BASE 65) ]
TOTAL THIS MO.   389    CLEAR  (SCALE 0-3)   5
DPTR FM NORMAL     5    PTCLDY (SCALE 4-7)   7
TOTAL FM JUL 1  1354    CLOUDY (SCALE 8-10)  8
DPTR FM NORMAL   -97

[CDD (BASE 65) ]
TOTAL THIS MO.     0
DPTR FM NORMAL     0    [PRESSURE DATA]
TOTAL FM JAN 1     0    HIGHEST SLP M ON M
DPTR FM NORMAL     0    LOWEST  SLP 29.18 ON 20

[REMARKS]
