000
CXUS56 KBOI 181002
CF6REO
PRELIMINARY LOCAL CLIMATOLOGICAL DATA (WS FORM: F-6)

                                          STATION:   ROME OR
                                          MONTH:     DECEMBER
                                          YEAR:      2014
                                          LATITUDE:   42 35 N
                                          LONGITUDE: 117 52 W

  TEMPERATURE IN F:       :PCPN:    SNOW:  WIND      :SUNSHINE: SKY     :PK WND
================================================================================
1   2   3   4   5  6A  6B    7    8   9   10  11  12  13   14  15   16   17  18
                                     12Z  AVG MX 2MIN
DY MAX MIN AVG DEP HDD CDD  WTR  SNW DPTH SPD SPD DIR MIN PSBL S-S WX    SPD DR
================================================================================

 1  52  26  39   8  26   0 0.00    M    M  7.2 28 210   M    M   0        35 210
 2  42  26  34   4  31   0 0.07    M    M  6.4 13  30   M    M   0        16  10
 3  41  31  36   6  29   0 0.05    M    M  3.4  9 300   M    M   0        12 300
 4  57  33  45  15  20   0 0.00    M    M  8.7 18 210   M    M   0        24 220
 5  48  30  39   9  26   0 0.00    M    M  4.8 10 130   M    M   0        14 180
 6  56  33  45  16  20   0 0.06    M    M  5.1 17 240   M    M   0        22 240
 7  51  29  40  11  25   0 0.00    M    M  3.8  9  60   M    M   0        11  30
 8  51  31  41  12  24   0 0.03    M    M  4.1 10  10   M    M   0        12  10
 9  55  31  43  14  22   0 0.00    M    M  6.6 17 150   M    M   0        24 150
10  52  34  43  15  22   0 0.00    M    M 10.7 26 160   M    M   0        33 150
11  62  43  53  25  12   0 0.00    M    M 13.5 32 170   M    M   0        41 170
12  50  33  42  14  23   0 0.00    M    M  8.6 24 200   M    M   0        30 200
13  44  21  33   5  32   0 0.00    M    M  5.9 14  30   M    M   0        17  30
14  40  19  30   2  35   0 0.00    M    M  4.6 12 140   M    M   0        13 140
15  36  18  27  -1  38   0 0.00    M    M  3.2  9  10   M    M   0        10  10
16  41  25  33   5  32   0 0.02    M    M  2.6  9 290   M    M   0        11 300
17  37  23  30   2  35   0 0.00    M    M  2.4  8 150   M    M   0         9 160
================================================================================
SM  815  486       452   0  0.23    M    101.6          M        0
================================================================================
AV 47.9 28.6                               6.0 FASTST   M    M   0    MAX(MPH)
                                 MISC ---->  # 32 170               # 41  170
================================================================================
NOTES:
# LAST OF SEVERAL OCCURRENCES

COLUMN 17 PEAK WIND IN M.P.H.

PRELIMINARY LOCAL CLIMATOLOGICAL DATA (WS FORM: F-6) , PAGE 2

                                          STATION:  ROME OR
                                          MONTH:    DECEMBER
                                          YEAR:     2014
                                          LATITUDE:   42 35 N
                                          LONGITUDE: 117 52 W

[TEMPERATURE DATA]      [PRECIPITATION DATA]       SYMBOLS USED IN COLUMN 16

AVERAGE MONTHLY: 38.3   TOTAL FOR MONTH:   0.23    1 = FOG OR MIST
DPTR FM NORMAL:   9.4   DPTR FM NORMAL:   -0.23    2 = FOG REDUCING VISIBILITY
HIGHEST:    62 ON 11    GRTST 24HR  0.12 ON  2- 3      TO 1/4 MILE OR LESS
LOWEST:     18 ON 15                               3 = THUNDER
                        SNOW, ICE PELLETS, HAIL    4 = ICE PELLETS
                        TOTAL MONTH:    M          5 = HAIL
                        GRTST 24HR    M  ON   M    6 = FREEZING RAIN OR DRIZZLE
                        GRTST DEPTH:  M  ON   M    7 = DUSTSTORM OR SANDSTORM:
                                                       VSBY 1/2 MILE OR LESS
                                                   8 = SMOKE OR HAZE
[NO. OF DAYS WITH]      [WEATHER - DAYS WITH]      9 = BLOWING SNOW
                                                   X = TORNADO
MAX 32 OR BELOW:   0    0.01 INCH OR MORE:   5
MAX 90 OR ABOVE:   0    0.10 INCH OR MORE:   0
MIN 32 OR BELOW:  12    0.50 INCH OR MORE:   0
MIN  0 OR BELOW:   0    1.00 INCH OR MORE:   0

[HDD (BASE 65) ]
TOTAL THIS MO.   452    CLEAR  (SCALE 0-3)  17
DPTR FM NORMAL  -161    PTCLDY (SCALE 4-7)   0
TOTAL FM JUL 1  1690    CLOUDY (SCALE 8-10)  0
DPTR FM NORMAL  -536

[CDD (BASE 65) ]
TOTAL THIS MO.     0
DPTR FM NORMAL     0    [PRESSURE DATA]
TOTAL FM JAN 1   690    HIGHEST SLP M ON M
DPTR FM NORMAL   183    LOWEST  SLP 29.52 ON 11

[REMARKS]
