000
CXUS53 KGRB 290730
CF6RHI
PRELIMINARY LOCAL CLIMATOLOGICAL DATA (WS FORM: F-6)

                                          STATION:   RHINELANDER WI
                                          MONTH:     MAY
                                          YEAR:      2017
                                          LATITUDE:   45 37 N
                                          LONGITUDE:  89 27 W

  TEMPERATURE IN F:       :PCPN:    SNOW:  WIND      :SUNSHINE: SKY     :PK WND
================================================================================
1   2   3   4   5  6A  6B    7    8   9   10  11  12  13   14  15   16   17  18
                                     12Z  AVG MX 2MIN
DY MAX MIN AVG DEP HDD CDD  WTR  SNW DPTH SPD SPD DIR MIN PSBL S-S WX    SPD DR
================================================================================

 1  47  37  42  -6  23   0 0.60  0.0    0  8.7 22  90   M    M  10 1      31 100
 2  52  32  42  -7  23   0    T  0.0    0  8.1 18 310   M    M   5        32 320
 3  66  26  46  -3  19   0 0.00  0.0    0  7.2 15 200   M    M   3        24 230
 4  63  38  51   2  14   0 0.00  0.0    0  5.8 15  20   M    M   4        21  30
 5  63  35  49  -1  16   0    T  0.0    0  5.1 14 330   M    M   4 1      26 320
 6  57  35  46  -4  19   0 0.00  0.0    0  7.4 17 320   M    M   1        27 320
 7  54  27  41  -9  24   0 0.00  0.0    0  6.2 16  40   M    M   0        24  20
 8  62  22  42  -8  23   0 0.00  0.0    0  3.1  9 100   M    M   0        12 110
 9  61  36  49  -2  16   0    T  0.0    0  6.7 14 220   M    M   5        17 220
10  72  43  58   7   7   0    T  0.0    0  3.7 16 260   M    M   7 12     20 260
11  68  40  54   3  11   0 0.00  0.0    0  3.9 12  40   M    M   7 12     17  10
12  70  40  55   3  10   0 0.00  0.0    0  3.4 14 330   M    M   2        21  40
13  66  43  55   3  10   0 0.00  0.0    0  5.1 14 290   M    M   4        20 290
14  72  42  57   5   8   0 0.10  0.0    0  7.2 14 140   M    M   1        24 110
15  67  47  57   4   8   0 0.42  0.0    0  6.5 13 120   M    M   9 13     15 140
16  75  53  64  11   1   0 1.54  0.0    0  7.1 20 260   M    M   8 13     26 260
17  75  57  66  13   0   1 2.18  0.0    0  6.4 36 250   M    M   9 1      59 260
18  58  32  45  -9  20   0 0.13  0.0    0  8.4 18  10   M    M   8 1      29  10
19  56  33  45  -9  20   0 0.00  0.0    0  9.2 15  80   M    M   0        22  80
20  57  33  45  -9  20   0 0.18  0.0    0 15.0 26 100   M    M   5        36  80
21  56  44  50  -4  15   0 0.06  0.0    0 10.0 18 230   M    M   6        26 230
22  60  40  50  -5  15   0 0.01  0.0    0  8.6 21 250   M    M   9 1      31 240
23  60  40  50  -5  15   0 0.16  0.0    0  4.6 13  70   M    M   9 1      19  70
24  57  47  52  -3  13   0 0.06  0.0    0  5.8 12  40   M    M  10 1      17  80
25  74  47  61   5   4   0 0.00  0.0    0  4.4 14  90   M    M   4        16 150
26  70  54  62   6   3   0 0.04  0.0    0  4.7 13 190   M    M   7 1      17 160
27  77  54  66  10   0   1    T  0.0    0  7.2 18 270   M    M   5 1      25 280
28  71  47  59   3   6   0 0.18  0.0    0  8.2 28 260   M    M   6 13     35 290
================================================================================
SM 1786 1124       363   2  5.66     0.0 187.7          M      148
================================================================================
AV 63.8 40.1                               6.7 FASTST   M    M   5    MAX(MPH)
                                 MISC ---->  # 36 250               # 59  260
================================================================================
NOTES:
# LAST OF SEVERAL OCCURRENCES

COLUMN 17 PEAK WIND IN M.P.H.

PRELIMINARY LOCAL CLIMATOLOGICAL DATA (WS FORM: F-6) , PAGE 2

                                          STATION:  RHINELANDER WI
                                          MONTH:    MAY
                                          YEAR:     2017
                                          LATITUDE:   45 37 N
                                          LONGITUDE:  89 27 W

[TEMPERATURE DATA]      [PRECIPITATION DATA]       SYMBOLS USED IN COLUMN 16

AVERAGE MONTHLY: 52.0   TOTAL FOR MONTH:   5.66    1 = FOG OR MIST
DPTR FM NORMAL:  -0.5   DPTR FM NORMAL:    2.55    2 = FOG REDUCING VISIBILITY
HIGHEST:    77 ON 27    GRTST 24HR  2.18 ON 17-17      TO 1/4 MILE OR LESS
LOWEST:     22 ON  8                               3 = THUNDER
                        SNOW, ICE PELLETS, HAIL    4 = ICE PELLETS
                        TOTAL MONTH:   0.0 INCH    5 = HAIL
                        GRTST 24HR     0.0         6 = FREEZING RAIN OR DRIZZLE
                        GRTST DEPTH:   0           7 = DUSTSTORM OR SANDSTORM:
                                                       VSBY 1/2 MILE OR LESS
                                                   8 = SMOKE OR HAZE
[NO. OF DAYS WITH]      [WEATHER - DAYS WITH]      9 = BLOWING SNOW
                                                   X = TORNADO
MAX 32 OR BELOW:   0    0.01 INCH OR MORE:  13
MAX 90 OR ABOVE:   0    0.10 INCH OR MORE:   9
MIN 32 OR BELOW:   5    0.50 INCH OR MORE:   3
MIN  0 OR BELOW:   0    1.00 INCH OR MORE:   2

[HDD (BASE 65) ]
TOTAL THIS MO.   363    CLEAR  (SCALE 0-3)   7
DPTR FM NORMAL     2    PTCLDY (SCALE 4-7)  14
TOTAL FM JUL 1  7642    CLOUDY (SCALE 8-10)  7
DPTR FM NORMAL -1219

[CDD (BASE 65) ]
TOTAL THIS MO.     2
DPTR FM NORMAL    -4    [PRESSURE DATA]
TOTAL FM JAN 1     2    HIGHEST SLP M ON M
DPTR FM NORMAL    -5    LOWEST  SLP 29.30 ON  1

[REMARKS]
