000
CXUS53 KGRB 270901
CF6RHI
PRELIMINARY LOCAL CLIMATOLOGICAL DATA (WS FORM: F-6)

                                          STATION:   RHINELANDER WI
                                          MONTH:     AUGUST
                                          YEAR:      2015
                                          LATITUDE:   45 37 N
                                          LONGITUDE:  89 27 W

  TEMPERATURE IN F:       :PCPN:    SNOW:  WIND      :SUNSHINE: SKY     :PK WND
================================================================================
1   2   3   4   5  6A  6B    7    8   9   10  11  12  13   14  15   16   17  18
                                     12Z  AVG MX 2MIN
DY MAX MIN AVG DEP HDD CDD  WTR  SNW DPTH SPD SPD DIR MIN PSBL S-S WX    SPD DR
================================================================================

 1  80  50  65  -2   0   0 0.00  0.0    0  8.5 20 260   M    M   1 1      24 250
 2  76  54  65  -1   0   0 0.53  0.0    0  7.2 24 250   M    M   5 138    37 230
 3  71  50  61  -5   4   0 0.00  0.0    0  8.1 20 280   M    M   7        26 270
 4  72  53  63  -3   2   0 0.00  0.0    0  5.7 15 280   M    M   5        21 280
 5  75  44  60  -6   5   0 0.00  0.0    0  2.3 10 260   M    M   2 12     15 260
 6  76  54  65  -1   0   0 0.01  0.0    0  5.9 14 200   M    M   5        20 130
 7  66  58  62  -4   3   0 0.63  0.0    0 10.4 20 110   M    M  10 1      27 110
 8  71  60  66   0   0   1 0.00  0.0    0  5.9 13 170   M    M   8 1      17 160
 9  74  62  68   2   0   3 0.30  0.0    0  4.1 12 280   M    M   9 138    14 280
10  78  57  68   2   0   3 0.00  0.0    0  4.7 15 300   M    M   4 12     22 290
11  75  48  62  -4   3   0 0.00  0.0    0  4.8 14 320   M    M   2 1      19 340
12  83  47  65  -1   0   0 0.00  0.0    0  7.1 18 270   M    M   1 1      24 270
13  83  62  73   7   0   8 0.00  0.0    0  8.1 16 280   M    M   2 1      21 230
14  89  60  75   9   0  10 0.01  0.0    0  5.5 30 260   M    M   1 13     41 260
15  89  55  72   7   0   7 0.00  0.0    0  3.0  9 200   M    M   2 12     13 190
16  86  68  77  12   0  12 0.05  0.0    0  9.8 21 220   M    M   3 13     29 220
17  70  60  65   0   0   0 0.97  0.0    0  2.3  9 110   M    M   8 13     17 360
18  65  59  62  -3   3   0 0.27  0.0    0  9.2 17 110   M    M  10 18     22 100
19  69  57  63  -2   2   0 0.23  0.0    0  8.3 23 210   M    M   9 1      32 220
20  60  45  53 -12  12   0 0.06  0.0    0 10.4 24 260   M    M   9 18     31 260
21  75  44  60  -4   5   0    T  0.0    0  7.0 16 200   M    M   3 1      22 190
22  79  62  71   7   0   6 0.00  0.0    0 12.6 24 190   M    M   1        33 160
23  67  54  61  -3   4   0 0.36  0.0    0 13.1 28 280   M    M   9 138    36 260
24  54  48  51 -13  14   0 0.04    M    0 12.8 23 290   M    M   9 1      33 270
25  57  50  54 -10  11   0 0.00  0.0    0  7.3 14 300   M    M  10        21 310
26  71  43  57  -6   8   0 0.00  0.0    0  4.4 13 300   M    M   3 1      17 310
================================================================================
SM 1911 1404        76  50  3.46     0.0 188.5          M      138
================================================================================
AV 73.5 54.0                               7.3 FASTST   M    M   5    MAX(MPH)
                                 MISC ---->  # 30 260               # 41  260
================================================================================
NOTES:
# LAST OF SEVERAL OCCURRENCES

COLUMN 17 PEAK WIND IN M.P.H.

PRELIMINARY LOCAL CLIMATOLOGICAL DATA (WS FORM: F-6) , PAGE 2

                                          STATION:  RHINELANDER WI
                                          MONTH:    AUGUST
                                          YEAR:     2015
                                          LATITUDE:   45 37 N
                                          LONGITUDE:  89 27 W

[TEMPERATURE DATA]      [PRECIPITATION DATA]       SYMBOLS USED IN COLUMN 16

AVERAGE MONTHLY: 63.8   TOTAL FOR MONTH:   3.46    1 = FOG OR MIST
DPTR FM NORMAL:  -1.6   DPTR FM NORMAL:    0.72    2 = FOG REDUCING VISIBILITY
HIGHEST:    89 ON 15,14 GRTST 24HR  1.02 ON 16-17      TO 1/4 MILE OR LESS
LOWEST:     43 ON 26                               3 = THUNDER
                        SNOW, ICE PELLETS, HAIL    4 = ICE PELLETS
                        TOTAL MONTH:   0.0 INCH    5 = HAIL
                        GRTST 24HR     0.0         6 = FREEZING RAIN OR DRIZZLE
                        GRTST DEPTH:   0           7 = DUSTSTORM OR SANDSTORM:
                                                       VSBY 1/2 MILE OR LESS
                                                   8 = SMOKE OR HAZE
[NO. OF DAYS WITH]      [WEATHER - DAYS WITH]      9 = BLOWING SNOW
                                                   X = TORNADO
MAX 32 OR BELOW:   0    0.01 INCH OR MORE:  12
MAX 90 OR ABOVE:   0    0.10 INCH OR MORE:   7
MIN 32 OR BELOW:   0    0.50 INCH OR MORE:   3
MIN  0 OR BELOW:   0    1.00 INCH OR MORE:   0

[HDD (BASE 65) ]
TOTAL THIS MO.    76    CLEAR  (SCALE 0-3)  10
DPTR FM NORMAL    20    PTCLDY (SCALE 4-7)   8
TOTAL FM JUL 1   125    CLOUDY (SCALE 8-10)  8
DPTR FM NORMAL    18

[CDD (BASE 65) ]
TOTAL THIS MO.    50
DPTR FM NORMAL   -18    [PRESSURE DATA]
TOTAL FM JAN 1   153    HIGHEST SLP M ON M
DPTR FM NORMAL   -85    LOWEST  SLP 29.47 ON  2

[REMARKS]
