000
CXUS53 KGRB 300640
CF6RHI
PRELIMINARY LOCAL CLIMATOLOGICAL DATA (WS FORM: F-6)

                                          STATION:   RHINELANDER WI
                                          MONTH:     SEPTEMBER
                                          YEAR:      2016
                                          LATITUDE:   45 37 N
                                          LONGITUDE:  89 27 W

  TEMPERATURE IN F:       :PCPN:    SNOW:  WIND      :SUNSHINE: SKY     :PK WND
================================================================================
1   2   3   4   5  6A  6B    7    8   9   10  11  12  13   14  15   16   17  18
                                     12Z  AVG MX 2MIN
DY MAX MIN AVG DEP HDD CDD  WTR  SNW DPTH SPD SPD DIR MIN PSBL S-S WX    SPD DR
================================================================================

 1  68  49  59  -2   6   0 0.01  0.0    0  3.7 12  70   M    M   4 1      17  70
 2  74  38  56  -5   9   0 0.00  0.0    0  3.2 12 200   M    M   1 12     16 230
 3  74  41  58  -3   7   0 0.00  0.0    0  4.5 15 210   M    M   2 12     22 150
 4  77  49  63   3   2   0 0.00  0.0    0  6.9 17 200   M    M   3 12     23 190
 5  79  61  70  10   0   5 0.00  0.0    0  8.8 20 220   M    M   5        28 220
 6  75  62  69   9   0   4 2.46  0.0    0  5.8 15 270   M    M   6 12     22 230
 7  72  61  67   8   0   2 0.04  0.0    0  2.5  9 170   M    M   9 12     12 120
 8  75  50  63   4   2   0    T  0.0    0  7.2 20 270   M    M   5 1      24 280
 9  66  48  57  -1   8   0 0.05  0.0    0  3.1 13 260   M    M   4 12     18 160
10  64  45  55  -3  10   0 0.98  0.0    0  6.0 16 310   M    M   6 1      24 320
11  72  43  58   1   7   0 0.00  0.0    0  8.6 18 230   M    M   1 1      28 220
12  76  55  66   9   0   1 0.00  0.0    0 10.4 20 200   M    M   2 8      27 210
13  69  43  56  -1   9   0    T  0.0    0  4.6 14 320   M    M   6 1      25 320
14  68  40  54  -2  11   0 0.00  0.0    0  1.7 10 230   M    M   2 12     14 260
15  73  41  57   1   8   0 0.00  0.0    0  5.4 16 200   M    M   5 12     20 160
16  71  60  66  11   0   1 0.30  0.0    0  6.0 12 160   M    M   7 1      19 160
17  70  56  63   8   2   0    T  0.0    0  9.0 22 260   M    M   8 1      26 260
18  75  52  64  10   1   0 0.00  0.0    0  7.0 17 220   M    M   3 1      24 220
19  74  48  61   7   4   0 0.03  0.0    0  8.6 18 270   M    M   1 1      29 300
20  76  43  60   6   5   0 0.01  0.0    0  3.1 14 260   M    M   3 123    19 260
21  73  53  63  10   2   0 1.41  0.0    0  6.2 20 140   M    M   7 13     26 140
22  73  56  65  12   0   0 0.01  0.0    0  5.2 12  50   M    M   8 1      18  30
23  69  53  61   9   4   0 0.00  0.0    0  7.8 15 100   M    M   4        20 100
24  69  51  60   8   5   0    T  0.0    0  8.0 15 130   M    M   6        19 150
25  68  52  60   9   5   0 0.13  0.0    0  8.7 18 280   M    M   9 1      26 270
26  57  48  53   2  12   0 0.06  0.0    0 16.2 30 280   M    M   9 1      42 270
27  51  48  50  -1  15   0 0.10  0.0    0 10.7 20 280   M    M  10 1      28 280
28  61  47  54   4  11   0 0.03    M    0  6.2 15  60   M    M   7 1      21  20
29  69  45  57   7   8   0 0.00  0.0    0  5.5 10  50   M    M   3 1      16 360
================================================================================
SM 2038 1438       153  13  5.62     0.0 190.6          M      146
================================================================================
AV 70.3 49.6                               6.6 FASTST   M    M   5    MAX(MPH)
                                 MISC ---->  # 30 280               # 42  270
================================================================================
NOTES:
# LAST OF SEVERAL OCCURRENCES

COLUMN 17 PEAK WIND IN M.P.H.

PRELIMINARY LOCAL CLIMATOLOGICAL DATA (WS FORM: F-6) , PAGE 2

                                          STATION:  RHINELANDER WI
                                          MONTH:    SEPTEMBER
                                          YEAR:     2016
                                          LATITUDE:   45 37 N
                                          LONGITUDE:  89 27 W

[TEMPERATURE DATA]      [PRECIPITATION DATA]       SYMBOLS USED IN COLUMN 16

AVERAGE MONTHLY: 59.9   TOTAL FOR MONTH:   5.62    1 = FOG OR MIST
DPTR FM NORMAL:   4.2   DPTR FM NORMAL:    1.55    2 = FOG REDUCING VISIBILITY
HIGHEST:    79 ON  5    GRTST 24HR  2.47 ON  6- 7      TO 1/4 MILE OR LESS
LOWEST:     38 ON  2                               3 = THUNDER
                        SNOW, ICE PELLETS, HAIL    4 = ICE PELLETS
                        TOTAL MONTH:   0.0 INCH    5 = HAIL
                        GRTST 24HR     0.0         6 = FREEZING RAIN OR DRIZZLE
                        GRTST DEPTH:   0           7 = DUSTSTORM OR SANDSTORM:
                                                       VSBY 1/2 MILE OR LESS
                                                   8 = SMOKE OR HAZE
[NO. OF DAYS WITH]      [WEATHER - DAYS WITH]      9 = BLOWING SNOW
                                                   X = TORNADO
MAX 32 OR BELOW:   0    0.01 INCH OR MORE:  14
MAX 90 OR ABOVE:   0    0.10 INCH OR MORE:   6
MIN 32 OR BELOW:   0    0.50 INCH OR MORE:   3
MIN  0 OR BELOW:   0    1.00 INCH OR MORE:   2

[HDD (BASE 65) ]
TOTAL THIS MO.   153    CLEAR  (SCALE 0-3)   9
DPTR FM NORMAL  -135    PTCLDY (SCALE 4-7)  16
TOTAL FM JUL 1   214    CLOUDY (SCALE 8-10)  4
DPTR FM NORMAL  -201

[CDD (BASE 65) ]
TOTAL THIS MO.    13
DPTR FM NORMAL    -3    [PRESSURE DATA]
TOTAL FM JAN 1   321    HIGHEST SLP M ON M
DPTR FM NORMAL    64    LOWEST  SLP 29.65 ON 27

[REMARKS]
