000
CXUS53 KGRB 210655
CF6RHI
PRELIMINARY LOCAL CLIMATOLOGICAL DATA (WS FORM: F-6)

                                          STATION:   RHINELANDER WI
                                          MONTH:     OCTOBER
                                          YEAR:      2014
                                          LATITUDE:   45 37 N
                                          LONGITUDE:  89 27 W

  TEMPERATURE IN F:       :PCPN:    SNOW:  WIND      :SUNSHINE: SKY     :PK WND
================================================================================
1   2   3   4   5  6A  6B    7    8   9   10  11  12  13   14  15   16   17  18
                                     12Z  AVG MX 2MIN
DY MAX MIN AVG DEP HDD CDD  WTR  SNW DPTH SPD SPD DIR MIN PSBL S-S WX    SPD DR
================================================================================

 1  57  43  50   1  15   0 0.03  0.0    0  8.5 17 130   M    M   9 1      25 130
 2  63  47  55   6  10   0 0.97  0.0    0  3.5 17 320   M    M  10 12     27 300
 3  52  34  43  -5  22   0 0.22    T    0 13.4 26 270   M    M  10 1      33 280
 4  41  32  37 -11  28   0 0.19    T    0  9.8 24 280   M    M  10 1      31 290
 5  46  33  40  -8  25   0 0.00  0.0    0 10.1 18 260   M    M   9        27 260
 6  52  33  43  -4  22   0 0.01  0.0    0  9.0 20 210   M    M   3        27 230
 7  57  38  48   1  17   0    T  0.0    0 10.9 22 270   M    M   8        30 280
 8  49  31  40  -6  25   0 0.00  0.0    0 11.0 22 270   M    M   5        31 270
 9  51  25  38  -8  27   0 0.00  0.0    0  5.4 15 270   M    M   3        19 270
10  52  25  39  -7  26   0 0.00  0.0    0  3.7 13 270   M    M   4 1      18 290
11  53  23  38  -8  27   0 0.00  0.0    0  3.4 12 230   M    M   1 1      14 220
12  59  29  44  -1  21   0 0.02  0.0    0  7.8 20 190   M    M   3 1      23 200
13  51  46  49   4  16   0 0.71  0.0    0  4.2 10  30   M    M   9 1      17  40
14  50  46  48   4  17   0 0.43  0.0    0 10.7 24  20   M    M   9 1      41  20
15  58  41  50   6  15   0 0.01  0.0    0  8.4 17  30   M    M   6 1      26  40
16  59  35  47   3  18   0 0.00  0.0    0  2.6  9  90   M    M   5 12     11  90
17  47  40  44   0  21   0 0.13  0.0    0  8.9 18 360   M    M  10 12     31  10
18  46  27  37  -6  28   0 0.11    T    0  4.9 14 360   M    M   5 1      20 350
19  52  25  39  -4  26   0 0.01  0.0    0  6.7 20 230   M    M   4        26 240
20  49  39  44   2  21   0 0.05  0.0    0  5.3 13  40   M    M   9 1      19 340
================================================================================
SM 1044  692       427   0  2.89    T    148.2          M      132
================================================================================
AV 52.2 34.6                               7.4 FASTST   M    M   7    MAX(MPH)
                                 MISC ---->  # 26 270               # 41   20
================================================================================
NOTES:
# LAST OF SEVERAL OCCURRENCES

COLUMN 17 PEAK WIND IN M.P.H.

PRELIMINARY LOCAL CLIMATOLOGICAL DATA (WS FORM: F-6) , PAGE 2

                                          STATION:  RHINELANDER WI
                                          MONTH:    OCTOBER
                                          YEAR:     2014
                                          LATITUDE:   45 37 N
                                          LONGITUDE:  89 27 W

[TEMPERATURE DATA]      [PRECIPITATION DATA]       SYMBOLS USED IN COLUMN 16

AVERAGE MONTHLY: 43.4   TOTAL FOR MONTH:   2.89    1 = FOG OR MIST
DPTR FM NORMAL:  -2.3   DPTR FM NORMAL:    0.70    2 = FOG REDUCING VISIBILITY
HIGHEST:    63 ON  2    GRTST 24HR  1.19 ON  2- 3      TO 1/4 MILE OR LESS
LOWEST:     23 ON 11                               3 = THUNDER
                        SNOW, ICE PELLETS, HAIL    4 = ICE PELLETS
                        TOTAL MONTH:    T          5 = HAIL
                        GRTST 24HR    T  ON 18-18  6 = FREEZING RAIN OR DRIZZLE
                        GRTST DEPTH:   0           7 = DUSTSTORM OR SANDSTORM:
                                                       VSBY 1/2 MILE OR LESS
                                                   8 = SMOKE OR HAZE
[NO. OF DAYS WITH]      [WEATHER - DAYS WITH]      9 = BLOWING SNOW
                                                   X = TORNADO
MAX 32 OR BELOW:   0    0.01 INCH OR MORE:  13
MAX 90 OR ABOVE:   0    0.10 INCH OR MORE:   7
MIN 32 OR BELOW:   8    0.50 INCH OR MORE:   2
MIN  0 OR BELOW:   0    1.00 INCH OR MORE:   0

[HDD (BASE 65) ]
TOTAL THIS MO.   427    CLEAR  (SCALE 0-3)   3
DPTR FM NORMAL    38    PTCLDY (SCALE 4-7)   8
TOTAL FM JUL 1   941    CLOUDY (SCALE 8-10)  9
DPTR FM NORMAL   120

[CDD (BASE 65) ]
TOTAL THIS MO.     0
DPTR FM NORMAL     0    [PRESSURE DATA]
TOTAL FM JAN 1   148    HIGHEST SLP M ON M
DPTR FM NORMAL  -111    LOWEST  SLP 29.46 ON M

[REMARKS]
SNOWFALL AND PRECIPITATION AMOUNTS, AND SNOWDEPTH DURING
MIXED OR ALL SNOW EVENTS PROVIDED BY WJFW-TV.
