000
CXUS51 KAKQ 241010
CF6RIC
PRELIMINARY LOCAL CLIMATOLOGICAL DATA (WS FORM: F-6)

                                          STATION:   RICHMOND VA
                                          MONTH:     OCTOBER
                                          YEAR:      2014
                                          LATITUDE:   37 30 N
                                          LONGITUDE:  77 20 W

  TEMPERATURE IN F:       :PCPN:    SNOW:  WIND      :SUNSHINE: SKY     :PK WND
================================================================================
1   2   3   4   5  6A  6B    7    8   9   10  11  12  13   14  15   16   17  18
                                     12Z  AVG MX 2MIN
DY MAX MIN AVG DEP HDD CDD  WTR  SNW DPTH SPD SPD DIR MIN PSBL S-S WX    SPD DR
================================================================================

 1  81  60  71   6   0   6 0.03  0.0    0  3.0 10  40   M    M   7 18     13  40
 2  81  62  72   8   0   7 0.14  0.0    0  4.0 13  90   M    M   7 1      17 100
 3  79  63  71   7   0   6    T  0.0    0  9.8 16 180   M    M   9        22 180
 4  76  49  63  -1   2   0 0.01    M    0 11.0 21 310   M    M   6 1      26 290
 5  67  40  54  -9  11   0 0.00  0.0    0  6.4 18 230   M    M   0        24 230
 6  76  46  61  -2   4   0 0.00  0.0    0 10.9 24 190   M    M   2        30 200
 7  79  55  67   5   0   2 0.15  0.0    0 10.8 21 180   M    M   9 1      29 180
 8  82  61  72  10   0   7 0.08  0.0    0  9.2 21 280   M    M   4 1      28 280
 9  79  47  63   1   2   0 0.00  0.0    0  3.3 13 250   M    M   5        17 230
10  78  56  67   6   0   2 0.79  0.0    0  3.5 12 270   M    M   8 18     15 260
11  60  54  57  -4   8   0 0.05  0.0    0  7.2 41 130   M    M  10 1      98 150
12  64  55  60  -1   5   0    T  0.0    0  5.4 16  40   M    M   9 1      22  60
13  81  61  71  11   0   6 0.00  0.0    0  5.4 14 150   M    M   9        18 150
14  84  67  76  16   0  11    T  0.0    0 13.5 23 150   M    M   7        30 150
15  77  55  66   6   0   1 1.12  0.0    0  9.4 22 150   M    M   8 1      28 140
16  72  52  62   2   3   0 0.00  0.0    0  6.6 14 230   M    M   5 1      17 260
17  75  50  63   4   2   0 0.00  0.0    0  7.1 18 220   M    M   2        29 230
18  76  54  65   6   0   0 0.00  0.0    0 11.6 20 280   M    M   4 8      24 290
19  65  42  54  -4  11   0 0.00  0.0    0  7.7 21 330   M    M   4        29 300
20  68  39  54  -4  11   0    T  0.0    0  6.2 20 190   M    M   5        30 180
21  75  52  64   6   1   0 0.04  0.0    0  5.5 22 330   M    M   6        43 320
22  58  52  55  -3  10   0 0.21  0.0    0 14.8 25 340   M    M  10 1      33 330
23  70  49  60   3   5   0 0.00  0.0    0 11.7 23 320   M    M   4        30 340
================================================================================
SM 1703 1221        75  48  2.62     0.0 184.0          M      140
================================================================================
AV 74.0 53.1                               8.0 FASTST   M    M   6    MAX(MPH)
                                 MISC ---->  # 41 130               # 98  150
================================================================================
NOTES:
# LAST OF SEVERAL OCCURRENCES

COLUMN 17 PEAK WIND IN M.P.H.

PRELIMINARY LOCAL CLIMATOLOGICAL DATA (WS FORM: F-6) , PAGE 2

                                          STATION:  RICHMOND VA
                                          MONTH:    OCTOBER
                                          YEAR:     2014
                                          LATITUDE:   37 30 N
                                          LONGITUDE:  77 20 W

[TEMPERATURE DATA]      [PRECIPITATION DATA]       SYMBOLS USED IN COLUMN 16

AVERAGE MONTHLY: 63.6   TOTAL FOR MONTH:   2.62    1 = FOG OR MIST
DPTR FM NORMAL:   2.7   DPTR FM NORMAL:    0.44    2 = FOG REDUCING VISIBILITY
HIGHEST:    84 ON 14    GRTST 24HR  1.12 ON 15-15      TO 1/4 MILE OR LESS
LOWEST:     39 ON 20                               3 = THUNDER
                        SNOW, ICE PELLETS, HAIL    4 = ICE PELLETS
                        TOTAL MONTH:   0.0 INCH    5 = HAIL
                        GRTST 24HR     0.0         6 = FREEZING RAIN OR DRIZZLE
                        GRTST DEPTH:   0           7 = DUSTSTORM OR SANDSTORM:
                                                       VSBY 1/2 MILE OR LESS
                                                   8 = SMOKE OR HAZE
[NO. OF DAYS WITH]      [WEATHER - DAYS WITH]      9 = BLOWING SNOW
                                                   X = TORNADO
MAX 32 OR BELOW:   0    0.01 INCH OR MORE:  10
MAX 90 OR ABOVE:   0    0.10 INCH OR MORE:   5
MIN 32 OR BELOW:   0    0.50 INCH OR MORE:   2
MIN  0 OR BELOW:   0    1.00 INCH OR MORE:   1

[HDD (BASE 65) ]
TOTAL THIS MO.    75    CLEAR  (SCALE 0-3)   3
DPTR FM NORMAL   -54    PTCLDY (SCALE 4-7)  13
TOTAL FM JUL 1    82    CLOUDY (SCALE 8-10)  7
DPTR FM NORMAL   -76

[CDD (BASE 65) ]
TOTAL THIS MO.    48
DPTR FM NORMAL    12    [PRESSURE DATA]
TOTAL FM JAN 1  1672    HIGHEST SLP M ON M
DPTR FM NORMAL   132    LOWEST  SLP 29.60 ON  4

[REMARKS]
