000
CXUS51 KAKQ 301010
CF6RIC
PRELIMINARY LOCAL CLIMATOLOGICAL DATA (WS FORM: F-6)

                                          STATION:   RICHMOND VA
                                          MONTH:     SEPTEMBER
                                          YEAR:      2014
                                          LATITUDE:   37 30 N
                                          LONGITUDE:  77 20 W

  TEMPERATURE IN F:       :PCPN:    SNOW:  WIND      :SUNSHINE: SKY     :PK WND
================================================================================
1   2   3   4   5  6A  6B    7    8   9   10  11  12  13   14  15   16   17  18
                                     12Z  AVG MX 2MIN
DY MAX MIN AVG DEP HDD CDD  WTR  SNW DPTH SPD SPD DIR MIN PSBL S-S WX    SPD DR
================================================================================

 1  96  75  86  11   0  21 0.00  0.0    0  8.2 17 250   M    M   7        23 260
 2 101  73  87  12   0  22 0.00  0.0    0  8.3 18 230   M    M   5 3      24 210
 3  91  74  83   8   0  18 0.06  0.0    0  5.7 15  20   M    M   7 3      18  20
 4  92  72  82   8   0  17    T  0.0    0  4.6 20 340   M    M   7 13     25 340
 5  90  71  81   7   0  16 0.03  0.0    0  6.3 17 220   M    M   6        21 210
 6  96  74  85  11   0  20 0.00  0.0    0  9.4 20 210   M    M   7        25 220
 7  81  67  74   0   0   9    T  0.0    0  8.5 17 360   M    M   8        23 350
 8  74  66  70  -3   0   5 0.32  0.0    0  9.5 17  50   M    M  10 1      23  50
 9  79  66  73   0   0   8 0.04  0.0    0  9.2 20  30   M    M   8 1      25  30
10  83  66  75   2   0  10 0.00  0.0    0  4.1 10 150   M    M   7        13 150
11  90  67  79   7   0  14    T  0.0    0  8.9 20 220   M    M   7        25 230
12  79  68  74   2   0   9 0.04  0.0    0  7.2 18  20   M    M   9 1      24  20
13  76  62  69  -3   0   4 0.06  0.0    0  4.9 17 350   M    M   9 1      22  10
14  74  56  65  -6   0   0 0.00  0.0    0  5.4 14  30   M    M   6        16  30
15  79  63  71   0   0   6 0.00  0.0    0  3.7 13 190   M    M   8        16 200
16  83  65  74   3   0   9 0.00  0.0    0  4.6 15  30   M    M   7 1      17  40
17  81  59  70   0   0   5 0.00  0.0    0  5.3 10  90   M    M   6        14 100
18  78  56  67  -3   0   2    T  0.0    0  2.0  9 360   M    M   6 18     12 170
19  80  61  71   1   0   6    T  0.0    0  4.1 13  80   M    M   8        18  60
20  85  58  72   3   0   7 0.00  0.0    0  5.0 14 100   M    M   5 18     18 140
21  90  63  77   8   0  12 0.00  0.0    0  7.6 17 220   M    M   6        22 210
22  80  61  71   3   0   6 0.00  0.0    0  9.7 18 340   M    M   6        30 330
23  70  52  61  -7   4   0 0.00  0.0    0  6.5 13  10   M    M   8        16  30
24  67  56  62  -6   3   0 0.66  0.0    0 11.0 22  40   M    M  10 1      28  40
25  69  62  66  -1   0   1 0.06  0.0    0 10.6 17 350   M    M  10 18     23 350
26  80  59  70   3   0   5    T  0.0    0  6.5 15  10   M    M   5 1      22 360
27  83  55  69   3   0   4 0.00  0.0    0  3.6 10  10   M    M   2        15  10
28  82  56  69   3   0   4 0.00  0.0    0  1.2  7 200   M    M   6 1       9 200
29  71  61  66   0   0   1 0.08  0.0    0  3.5 10 270   M    M  10 1      14 270
================================================================================
SM 2380 1844         7 241  1.35     0.0 185.1          M      206
================================================================================
AV 82.1 63.6                               6.4 FASTST   M    M   7    MAX(MPH)
                                 MISC ---->  # 22  40               # 30  330
================================================================================
NOTES:
# LAST OF SEVERAL OCCURRENCES

COLUMN 17 PEAK WIND IN M.P.H.

PRELIMINARY LOCAL CLIMATOLOGICAL DATA (WS FORM: F-6) , PAGE 2

                                          STATION:  RICHMOND VA
                                          MONTH:    SEPTEMBER
                                          YEAR:     2014
                                          LATITUDE:   37 30 N
                                          LONGITUDE:  77 20 W

[TEMPERATURE DATA]      [PRECIPITATION DATA]       SYMBOLS USED IN COLUMN 16

AVERAGE MONTHLY: 72.8   TOTAL FOR MONTH:   1.35    1 = FOG OR MIST
DPTR FM NORMAL:   2.0   DPTR FM NORMAL:   -2.66    2 = FOG REDUCING VISIBILITY
HIGHEST:   101 ON  2    GRTST 24HR  0.67 ON 24-25      TO 1/4 MILE OR LESS
LOWEST:     52 ON 23                               3 = THUNDER
                        SNOW, ICE PELLETS, HAIL    4 = ICE PELLETS
                        TOTAL MONTH:   0.0 INCH    5 = HAIL
                        GRTST 24HR     0.0         6 = FREEZING RAIN OR DRIZZLE
                        GRTST DEPTH:   0           7 = DUSTSTORM OR SANDSTORM:
                                                       VSBY 1/2 MILE OR LESS
                                                   8 = SMOKE OR HAZE
[NO. OF DAYS WITH]      [WEATHER - DAYS WITH]      9 = BLOWING SNOW
                                                   X = TORNADO
MAX 32 OR BELOW:   0    0.01 INCH OR MORE:   9
MAX 90 OR ABOVE:   8    0.10 INCH OR MORE:   2
MIN 32 OR BELOW:   0    0.50 INCH OR MORE:   1
MIN  0 OR BELOW:   0    1.00 INCH OR MORE:   0

[HDD (BASE 65) ]
TOTAL THIS MO.     7    CLEAR  (SCALE 0-3)   1
DPTR FM NORMAL   -16    PTCLDY (SCALE 4-7)  19
TOTAL FM JUL 1     7    CLOUDY (SCALE 8-10)  9
DPTR FM NORMAL   -17

[CDD (BASE 65) ]
TOTAL THIS MO.   241
DPTR FM NORMAL    47    [PRESSURE DATA]
TOTAL FM JAN 1  1621    HIGHEST SLP M ON M
DPTR FM NORMAL   120    LOWEST  SLP 29.71 ON 21

[REMARKS]
