000
CXUS51 KAKQ 271010
CF6RIC
PRELIMINARY LOCAL CLIMATOLOGICAL DATA (WS FORM: F-6)

                                          STATION:   RICHMOND VA
                                          MONTH:     MAY
                                          YEAR:      2017
                                          LATITUDE:   37 30 N
                                          LONGITUDE:  77 20 W

  TEMPERATURE IN F:       :PCPN:    SNOW:  WIND      :SUNSHINE: SKY     :PK WND
================================================================================
1   2   3   4   5  6A  6B    7    8   9   10  11  12  13   14  15   16   17  18
                                     12Z  AVG MX 2MIN
DY MAX MIN AVG DEP HDD CDD  WTR  SNW DPTH SPD SPD DIR MIN PSBL S-S WX    SPD DR
================================================================================

 1  85  69  77  15   0  12 0.34  0.0    0 17.2 31 200   M    M   7 13     38 180
 2  77  59  68   5   0   3 0.01  0.0    0 15.0 26 230   M    M   2 1      37 270
 3  74  51  63   0   2   0 0.00  0.0    0  9.3 21 310   M    M   1        27 310
 4  70  48  59  -4   6   0 0.08  0.0    0 10.9 21  90   M    M   6 1      27 100
 5  74  57  66   2   0   1 1.66  0.0    0 13.2 29 270   M    M   9 138    48 240
 6  64  48  56  -8   9   0    T  0.0    0 12.1 22 260   M    M   7        27 260
 7  66  47  57  -7   8   0 0.01  0.0    0  8.9 22 250   M    M   7        30 250
 8  67  43  55  -9  10   0    T  0.0    0  5.5 16 310   M    M   4        23 320
 9  71  42  57  -7   8   0 0.00  0.0    0  6.2 15 220   M    M   4        21 260
10  78  47  63  -2   2   0 0.05  0.0    0  2.8 14 110   M    M   7 38     17  90
11  61  52  57  -8   8   0 0.25  0.0    0  8.1 20 200   M    M   9 13     27 250
12  54  50  52 -13  13   0 1.41  0.0    0  7.5 13  70   M    M   9 1      24 120
13  65  47  56 -10   9   0 0.24  0.0    0  9.1 18 360   M    M   8 1      23 350
14  83  46  65  -1   0   0 0.00  0.0    0  9.0 25 270   M    M   2        34 350
15  80  52  66   0   0   1 0.00  0.0    0  9.2 20 330   M    M   3        27 340
16  82  47  65  -1   0   0 0.00  0.0    0  3.1 12 230   M    M   3        15 230
17  93  61  77  10   0  12 0.00  0.0    0  8.7 20 230   M    M   2        23 210
18  88  67  78  11   0  13 0.00  0.0    0 11.7 20 210   M    M   6        25 200
19  91  68  80  13   0  15    T  0.0    0  9.2 22 240   M    M   5        27 240
20  79  58  69   2   0   4 0.00  0.0    0  8.7 17  40   M    M   6        21  50
21  71  55  63  -5   2   0 0.00  0.0    0  6.7 14 120   M    M   9        18  80
22  72  60  66  -2   0   1 0.16  0.0    0  2.8  8  30   M    M   9 1      10 360
23  66  59  63  -5   2   0 0.47  0.0    0  7.9 15  70   M    M  10 1      19  70
24  65  57  61  -8   4   0 0.45  0.0    0  9.1 17  90   M    M  10 1      25 100
25  77  58  68  -1   0   3 0.22  0.0    0 12.1 32 260   M    M   7 13     42 250
26  81  59  70   1   0   5 0.00  0.0    0 11.2 22 270   M    M   4        27 280
================================================================================
SM 1934 1407        83  70  5.35     0.0 235.2          M      156
================================================================================
AV 74.4 54.1                               9.0 FASTST   M    M   6    MAX(MPH)
                                 MISC ---->  # 32 260               # 48  240
================================================================================
NOTES:
# LAST OF SEVERAL OCCURRENCES

COLUMN 17 PEAK WIND IN M.P.H.

PRELIMINARY LOCAL CLIMATOLOGICAL DATA (WS FORM: F-6) , PAGE 2

                                          STATION:  RICHMOND VA
                                          MONTH:    MAY
                                          YEAR:     2017
                                          LATITUDE:   37 30 N
                                          LONGITUDE:  77 20 W

[TEMPERATURE DATA]      [PRECIPITATION DATA]       SYMBOLS USED IN COLUMN 16

AVERAGE MONTHLY: 64.3   TOTAL FOR MONTH:   5.35    1 = FOG OR MIST
DPTR FM NORMAL:  -1.5   DPTR FM NORMAL:    2.22    2 = FOG REDUCING VISIBILITY
HIGHEST:    93 ON 17    GRTST 24HR  1.66 ON  5- 5      TO 1/4 MILE OR LESS
LOWEST:     42 ON  9                               3 = THUNDER
                        SNOW, ICE PELLETS, HAIL    4 = ICE PELLETS
                        TOTAL MONTH:   0.0 INCH    5 = HAIL
                        GRTST 24HR     0.0         6 = FREEZING RAIN OR DRIZZLE
                        GRTST DEPTH:   0           7 = DUSTSTORM OR SANDSTORM:
                                                       VSBY 1/2 MILE OR LESS
                                                   8 = SMOKE OR HAZE
[NO. OF DAYS WITH]      [WEATHER - DAYS WITH]      9 = BLOWING SNOW
                                                   X = TORNADO
MAX 32 OR BELOW:   0    0.01 INCH OR MORE:  13
MAX 90 OR ABOVE:   2    0.10 INCH OR MORE:   9
MIN 32 OR BELOW:   0    0.50 INCH OR MORE:   2
MIN  0 OR BELOW:   0    1.00 INCH OR MORE:   2

[HDD (BASE 65) ]
TOTAL THIS MO.    83    CLEAR  (SCALE 0-3)   6
DPTR FM NORMAL    14    PTCLDY (SCALE 4-7)  13
TOTAL FM JUL 1  3169    CLOUDY (SCALE 8-10)  7
DPTR FM NORMAL  -592

[CDD (BASE 65) ]
TOTAL THIS MO.    70
DPTR FM NORMAL   -16    [PRESSURE DATA]
TOTAL FM JAN 1   175    HIGHEST SLP M ON M
DPTR FM NORMAL    47    LOWEST  SLP 29.43 ON  5

[REMARKS]
