000
CXUS55 KGJT 281000
CF6RIL
PRELIMINARY LOCAL CLIMATOLOGICAL DATA (WS FORM: F-6)

                                          STATION:   RIFLE CO
                                          MONTH:     AUGUST
                                          YEAR:      2015
                                          LATITUDE:   39 31 N
                                          LONGITUDE: 107 43 W

  TEMPERATURE IN F:       :PCPN:    SNOW:  WIND      :SUNSHINE: SKY     :PK WND
================================================================================
1   2   3   4   5  6A  6B    7    8   9   10  11  12  13   14  15   16   17  18
                                     12Z  AVG MX 2MIN
DY MAX MIN AVG DEP HDD CDD  WTR  SNW DPTH SPD SPD DIR MIN PSBL S-S WX    SPD DR
================================================================================

 1  94  56  75   2   0  10 0.00    M    M  5.7 22 320   M    M   1 3      29 310
 2  83  61  72  -1   0   7 0.68    M    M  4.9 29 120   M    M   3 13     35 120
 3  79  60  70  -3   0   5 0.11    M    M  4.4 23 130   M    M   6 13     27 130
 4  88  54  71  -2   0   6 0.00    M    M  4.3 17 150   M    M   1        20 280
 5  94  54  74   1   0   9 0.00    M    M  6.0 22 230   M    M   0        28 200
 6  90  53  72   0   0   7 0.00    M    M  3.8 14 260   M    M   0        19 250
 7  75  57  66  -6   0   1 0.01    M    M  6.1 15 130   M    M   4        17 130
 8  85  54  70  -2   0   5 0.00    M    M  7.6 22 160   M    M   2        27 150
 9  88  51  70  -2   0   5 0.00    M    M  5.6 20 270   M    M   1        24 280
10  92  52  72   0   0   7 0.00    M    M  3.2 14 160   M    M   1        21 180
11  85  66  76   4   0  11 0.09    M    M  5.5 17 160   M    M   6 3      21 150
12  88  63  76   4   0  11    T    M    M  9.7 24 270   M    M   5 3      30 280
13  92  58  75   4   0  10 0.00    M    M  4.4 17 140   M    M   1        22 140
14  95  59  77   6   0  12    T    M    M  5.9 25 130   M    M   0        31 120
15  98  59  79   8   0  14 0.00    M    M  6.1 21 320   M    M   0        29 320
16  91  63  77   6   0  12 0.02    M    M  6.2 28 320   M    M   2 3      37 320
17  93  56  75   5   0  10 0.00    M    M  6.1 43 230   M    M   0 38     56 230
18  88  49  69  -1   0   4 0.00    M    M  5.9 23 310   M    M   0        31 320
19  83  48  66  -4   0   1 0.00    M    M  5.7 16 230   M    M   0        23 300
20  89  47  68  -2   0   3 0.00    M    M  6.1 35  40   M    M   0        48  30
21  94  46  70   0   0   5 0.00    M    M  7.8 29 250   M    M   0        38 290
22  93  58  76   7   0  11 0.00    M    M  5.9 21 260   M    M   0        26 270
23  91  50  71   2   0   6 0.00    M    M  2.9 12 100   M    M   0        19 260
24  94  51  73   4   0   8 0.00    M    M  4.1 13  20   M    M   0        16  30
25  97  53  75   7   0  10 0.00    M    M  5.8 22 190   M    M   0        29 200
26  86  61  74   6   0   9 0.11    M    M  6.0 30 260   M    M   4        36 260
27  74  57  66  -2   0   1 0.30    M    M  2.2 25 340   M    M   5 13     36 340
================================================================================
SM 2399 1496         0 200  1.32    M    147.9          M       42
================================================================================
AV 88.9 55.4                               5.5 FASTST   M    M   2    MAX(MPH)
                                 MISC ---->  # 43 230               # 56  230
================================================================================
NOTES:
# LAST OF SEVERAL OCCURRENCES

COLUMN 17 PEAK WIND IN M.P.H.

PRELIMINARY LOCAL CLIMATOLOGICAL DATA (WS FORM: F-6) , PAGE 2

                                          STATION:  RIFLE CO
                                          MONTH:    AUGUST
                                          YEAR:     2015
                                          LATITUDE:   39 31 N
                                          LONGITUDE: 107 43 W

[TEMPERATURE DATA]      [PRECIPITATION DATA]       SYMBOLS USED IN COLUMN 16

AVERAGE MONTHLY: 72.1   TOTAL FOR MONTH:   1.32    1 = FOG OR MIST
DPTR FM NORMAL:   1.2   DPTR FM NORMAL:    0.13    2 = FOG REDUCING VISIBILITY
HIGHEST:    98 ON 15    GRTST 24HR  0.79 ON  2- 3      TO 1/4 MILE OR LESS
LOWEST:     46 ON 21                               3 = THUNDER
                        SNOW, ICE PELLETS, HAIL    4 = ICE PELLETS
                        TOTAL MONTH:    M          5 = HAIL
                        GRTST 24HR    M  ON   M    6 = FREEZING RAIN OR DRIZZLE
                        GRTST DEPTH:  M  ON   M    7 = DUSTSTORM OR SANDSTORM:
                                                       VSBY 1/2 MILE OR LESS
                                                   8 = SMOKE OR HAZE
[NO. OF DAYS WITH]      [WEATHER - DAYS WITH]      9 = BLOWING SNOW
                                                   X = TORNADO
MAX 32 OR BELOW:   0    0.01 INCH OR MORE:   7
MAX 90 OR ABOVE:  14    0.10 INCH OR MORE:   4
MIN 32 OR BELOW:   0    0.50 INCH OR MORE:   1
MIN  0 OR BELOW:   0    1.00 INCH OR MORE:   0

[HDD (BASE 65) ]
TOTAL THIS MO.     0    CLEAR  (SCALE 0-3)  21
DPTR FM NORMAL     0    PTCLDY (SCALE 4-7)   6
TOTAL FM JUL 1     0    CLOUDY (SCALE 8-10)  0
DPTR FM NORMAL    -1

[CDD (BASE 65) ]
TOTAL THIS MO.   200
DPTR FM NORMAL    38    [PRESSURE DATA]
TOTAL FM JAN 1   573    HIGHEST SLP M ON M
DPTR FM NORMAL    68    LOWEST  SLP 29.71 ON 18

[REMARKS]
