000
CXUS56 KSGX 301445
CF6RIV
PRELIMINARY LOCAL CLIMATOLOGICAL DATA (WS FORM: F-6)

                                          STATION:   RIVERSIDE/MARCH FIELD CA
                                          MONTH:     MARCH
                                          YEAR:      2015
                                          LATITUDE:   33 54 N
                                          LONGITUDE: 117 15 W

  TEMPERATURE IN F:       :PCPN:    SNOW:  WIND      :SUNSHINE: SKY     :PK WND
================================================================================
1   2   3   4   5  6A  6B    7    8   9   10  11  12  13   14  15   16   17  18
                                     12Z  AVG MX 2MIN
DY MAX MIN AVG DEP HDD CDD  WTR  SNW DPTH SPD SPD DIR MIN PSBL S-S WX    SPD DR
================================================================================

 1  54  41  48   M  17   0 0.03    M    0  4.4 13  90   M    M   8 1       M  M
 2  55  39  47   M  18   0 0.08    M    0  5.6 10 100   M    M   7 4       M  M
 3  62  32  47   M  18   0 0.00  0.0    0  3.2 10 300   M    M   1         M  M
 4  67  33  50   M  15   0 0.00  0.0    0  2.6  9 330   M    M   0         M  M
 5  72  33  53   M  12   0 0.00  0.0    0  6.9 14  70   M    M   0        18 100
 6  79  35  57   M   8   0 0.00  0.0    0  5.1 12  80   M    M   0         M  M
 7  82  40  61   M   4   0 0.00  0.0    0  5.6 15 320   M    M   0         M  M
 8  80  33  57   M   8   0 0.00  0.0    0  3.6 14 310   M    M   0        17 300
 9  80  35  58   M   7   0 0.00  0.0    0  3.8 14 310   M    M   0        20 310
10  84  36  60   M   5   0 0.00    M    0  3.6 15 310   M    M   3        24 310
11  77  49  63   M   2   0 0.00  0.0    0  3.8 14 290   M    M   4         M  M
12  83  43  63   M   2   0 0.00  0.0    0  5.0 22 310   M    M   0        33 300
13  85  47  66   M   0   1 0.00  0.0    0  4.5 13 100   M    M   0         M  M
14  88  44  66   M   0   1 0.00    M    0  3.1 12 100   M    M   2         M  M
15  88  47  68   M   0   3 0.00  0.0    0  2.4  9 290   M    M   2         M  M
16  87  50  69   M   0   4 0.00  0.0    0  4.1 12 250   M    M   2        17 160
17  82  46  64   M   1   0 0.00  0.0    0  4.7 15 310   M    M   2         M  M
18  75  52  64   M   1   0 0.02  0.0    0  4.8  9 130   M    M   4 3       M  M
19  78  50  64   M   1   0 0.00  0.0    0  4.4 14 310   M    M   5         M  M
20  84  40  62   M   3   0 0.00  0.0    0  4.7 15 310   M    M   0         M  M
21  80  42  61   M   4   0 0.00  0.0    0  4.5 12 300   M    M   0 1       M  M
22  74  47  61   M   4   0 0.00  0.0    0  5.2 14 290   M    M   5 18      M  M
23  71  44  58   M   7   0 0.00  0.0    0  5.4 14 300   M    M   2 1      18 300
24  76  42  59   M   6   0 0.00  0.0    0  4.1 13 310   M    M   0         M  M
25  86  44  65   M   0   0 0.00  0.0    0  7.0 18 320   M    M   0        24 320
26  89  44  67   M   0   2 0.00  0.0    0  3.6 12  40   M    M   0         M  M
27  91  46  69   M   0   4 0.00  0.0    0  4.7 15 280   M    M   0        18 280
28  88  44  66   M   0   1 0.00  0.0    0  3.5 14 310   M    M   0         M  M
29  87  44  66   M   0   1 0.00  0.0    0  4.6 12 300   M    M   1         M  M
================================================================================
SM 2284 1222       143  17  0.13     0.0 128.5          M       48
================================================================================
AV 78.8 42.1                               4.4 FASTST   M    M   2    MAX(MPH)
                                 MISC ---->    22   M                 33    M
================================================================================
NOTES:
# LAST OF SEVERAL OCCURRENCES

COLUMN 17 PEAK WIND IN M.P.H.

PRELIMINARY LOCAL CLIMATOLOGICAL DATA (WS FORM: F-6) , PAGE 2

                                          STATION:  RIVERSIDE/MARCH FIELD CA
                                          MONTH:    MARCH
                                          YEAR:     2015
                                          LATITUDE:   33 54 N
                                          LONGITUDE: 117 15 W

[TEMPERATURE DATA]      [PRECIPITATION DATA]       SYMBOLS USED IN COLUMN 16

AVERAGE MONTHLY: 60.4   TOTAL FOR MONTH:   0.13    1 = FOG OR MIST
DPTR FM NORMAL:     M   DPTR FM NORMAL:       M    2 = FOG REDUCING VISIBILITY
HIGHEST:    91 ON 27    GRTST 24HR  0.08 ON  2- 2      TO 1/4 MILE OR LESS
LOWEST:     32 ON  3                               3 = THUNDER
                        SNOW, ICE PELLETS, HAIL    4 = ICE PELLETS
                        TOTAL MONTH:   0.0 INCH    5 = HAIL
                        GRTST 24HR     0.0         6 = FREEZING RAIN OR DRIZZLE
                        GRTST DEPTH:   0           7 = DUSTSTORM OR SANDSTORM:
                                                       VSBY 1/2 MILE OR LESS
                                                   8 = SMOKE OR HAZE
[NO. OF DAYS WITH]      [WEATHER - DAYS WITH]      9 = BLOWING SNOW
                                                   X = TORNADO
MAX 32 OR BELOW:   0    0.01 INCH OR MORE:   3
MAX 90 OR ABOVE:   1    0.10 INCH OR MORE:   0
MIN 32 OR BELOW:   1    0.50 INCH OR MORE:   0
MIN  0 OR BELOW:   0    1.00 INCH OR MORE:   0

[HDD (BASE 65) ]
TOTAL THIS MO.   143    CLEAR  (SCALE 0-3)  23
DPTR FM NORMAL     M    PTCLDY (SCALE 4-7)   6
TOTAL FM JUL 1  1316    CLOUDY (SCALE 8-10)  0
DPTR FM NORMAL     M

[CDD (BASE 65) ]
TOTAL THIS MO.    17
DPTR FM NORMAL     M    [PRESSURE DATA]
TOTAL FM JAN 1    17    HIGHEST SLP M ON M
DPTR FM NORMAL     M    LOWEST  SLP M ON M

[REMARKS]
