000
CXUS54 KCRP 221300
CF6RKP
PRELIMINARY LOCAL CLIMATOLOGICAL DATA (WS FORM: F-6)

                                          STATION:   ROCKPORT
                                          MONTH:     DECEMBER
                                          YEAR:      2014
                                          LATITUDE:   28  4 N
                                          LONGITUDE:  97  3 W

  TEMPERATURE IN F:       :PCPN:    SNOW:  WIND      :SUNSHINE: SKY     :PK WND
================================================================================
1   2   3   4   5  6A  6B    7    8   9   10  11  12  13   14  15   16   17  18
                                     12Z  AVG MX 2MIN
DY MAX MIN AVG DEP HDD CDD  WTR  SNW DPTH SPD SPD DIR MIN PSBL S-S WX    SPD DR
================================================================================

 1  74  47  61  -1   4   0    T    M    0  9.4 24  10   M    M   9 12     30  10
 2  56  47  52 -10  13   0 0.00  0.0    0  9.8 18 360   M    M  10 1      25  10
 3  68  53  61   0   4   0 0.00  0.0    0 10.1 16  70   M    M  10 128    19  60
 4  73  63  68   7   0   3 0.05  0.0    0  8.8 14 100   M    M   9 128    25  10
 5  78  66  72  11   0   7 0.00  0.0    0  5.8 14 170   M    M   6 12     29 140
 6  79  61  70  10   0   5    T  0.0    0  8.5 17  30   M    M   9 12     23 150
 7  62  60  61   1   4   0    T  0.0    0  9.5 15  30   M    M  10 18     18  20
 8  68  50  59  -1   6   0    T  0.0    0  8.2 16 250   M    M   7 18      M  M
 9  68  48  58  -2   7   0 0.00  0.0    0  5.3 12 110   M    M   0 18     15 110
10  70  54  62   2   3   0 0.00  0.0    0  7.0 13 100   M    M   4 1      16  80
11  73  61  67   8   0   2 0.00  0.0    0  7.3 14 150   M    M   8        19 140
12  76  59  68   9   0   3 0.00  0.0    0  7.3 14 140   M    M   2 1      20 140
13  76  56  66   7   0   1 0.00  0.0    0  5.9 12 110   M    M   1 12     17  90
14  78  64  71  12   0   6 0.00  0.0    0  9.7 20 140   M    M   2 1      26 140
15  78  62  70  12   0   5 0.00  0.0    0  4.7 13 220   M    M   4 128    17 190
16  69  56  63   5   2   0    T  0.0    0 11.5 22  40   M    M   8 1      27  40
17  73  57  65   7   0   0    T  0.0    0  9.7 17 120   M    M   7 1      22  80
18  79  67  73  15   0   8 0.02  0.0    0  5.8 14 140   M    M   9 1      18 140
19  70  55  63   5   2   0 0.15  0.0    0 11.6 24 350   M    M  10 13     30 350
20  56  51  54  -4  11   0 0.00  0.0    0 10.5 20 350   M    M  10 1      25  20
21  61  53  57   0   8   0 0.00  0.0    0  6.9 13  10   M    M  10 1      15  30
================================================================================
SM 1485 1190        64  40  0.22     0.0 173.3          M      145
================================================================================
AV 70.7 56.7                               8.3 FASTST   M    M   7    MAX(MPH)
                                 MISC ---->  # 24  10               # 30   10
================================================================================
NOTES:
# LAST OF SEVERAL OCCURRENCES

COLUMN 17 PEAK WIND IN M.P.H.

PRELIMINARY LOCAL CLIMATOLOGICAL DATA (WS FORM: F-6) , PAGE 2

                                          STATION:  ROCKPORT
                                          MONTH:    DECEMBER
                                          YEAR:     2014
                                          LATITUDE:   28  4 N
                                          LONGITUDE:  97  3 W

[TEMPERATURE DATA]      [PRECIPITATION DATA]       SYMBOLS USED IN COLUMN 16

AVERAGE MONTHLY: 63.7   TOTAL FOR MONTH:   0.22    1 = FOG OR MIST
DPTR FM NORMAL:   4.3   DPTR FM NORMAL:   -1.12    2 = FOG REDUCING VISIBILITY
HIGHEST:    79 ON 18, 6 GRTST 24HR  0.17 ON 18-19      TO 1/4 MILE OR LESS
LOWEST:     47 ON  2, 1                            3 = THUNDER
                        SNOW, ICE PELLETS, HAIL    4 = ICE PELLETS
                        TOTAL MONTH:   0.0 INCH    5 = HAIL
                        GRTST 24HR     0.0         6 = FREEZING RAIN OR DRIZZLE
                        GRTST DEPTH:   0           7 = DUSTSTORM OR SANDSTORM:
                                                       VSBY 1/2 MILE OR LESS
                                                   8 = SMOKE OR HAZE
[NO. OF DAYS WITH]      [WEATHER - DAYS WITH]      9 = BLOWING SNOW
                                                   X = TORNADO
MAX 32 OR BELOW:   0    0.01 INCH OR MORE:   3
MAX 90 OR ABOVE:   0    0.10 INCH OR MORE:   1
MIN 32 OR BELOW:   0    0.50 INCH OR MORE:   0
MIN  0 OR BELOW:   0    1.00 INCH OR MORE:   0

[HDD (BASE 65) ]
TOTAL THIS MO.    64    CLEAR  (SCALE 0-3)   4
DPTR FM NORMAL   -85    PTCLDY (SCALE 4-7)   7
TOTAL FM JUL 1   229    CLOUDY (SCALE 8-10) 10
DPTR FM NORMAL    -6

[CDD (BASE 65) ]
TOTAL THIS MO.    40
DPTR FM NORMAL     8    [PRESSURE DATA]
TOTAL FM JAN 1  3616    HIGHEST SLP M ON M
DPTR FM NORMAL   -39    LOWEST  SLP 29.81 ON 14

[REMARKS]
