000
CXUS55 KRIW 160800
CF6RKS
PRELIMINARY LOCAL CLIMATOLOGICAL DATA (WS FORM: F-6)

                                          STATION:   ROCK SPRINGS WY
                                          MONTH:     SEPTEMBER
                                          YEAR:      2014
                                          LATITUDE:   41 35 N
                                          LONGITUDE: 109  4 W

  TEMPERATURE IN F:       :PCPN:    SNOW:  WIND      :SUNSHINE: SKY     :PK WND
================================================================================
1   2   3   4   5  6A  6B    7    8   9   10  11  12  13   14  15   16   17  18
                                     12Z  AVG MX 2MIN
DY MAX MIN AVG DEP HDD CDD  WTR  SNW DPTH SPD SPD DIR MIN PSBL S-S WX    SPD DR
================================================================================

 1  72  41  57  -5   8   0 0.00  0.0    0 13.1 32 290   M    M   0        41 280
 2  80  45  63   1   2   0 0.00  0.0    0 10.7 32 260   M    M   0        39 270
 3  84  51  68   6   0   3 0.00  0.0    0 13.6 35 270   M    M   1        43 260
 4  72  47  60  -1   5   0 0.00  0.0    0  9.2 25  60   M    M   2        30  60
 5  73  43  58  -3   7   0    T  0.0    0  8.9 36 230   M    M   2 3      45 240
 6  76  44  60   0   5   0    T  0.0    0  7.9 22 330   M    M   1        28 320
 7  79  50  65   5   0   0 0.00  0.0    0  8.3 25  30   M    M   2        31 360
 8  78  48  63   3   2   0    T  0.0    0  9.0 33 350   M    M   3        41 340
 9  63  47  55  -4  10   0 0.02  0.0    0  9.2 25 320   M    M   8 1      33 300
10  69  44  57  -2   8   0 0.00  0.0    0 15.0 35 250   M    M   1        43 250
11  67  27  47 -11  18   0 0.00  0.0    0 16.0 37  60   M    M   1        46  60
12  59  21  40 -18  25   0 0.00  0.0    0  5.7 15 250   M    M   0        20  60
13  76  37  57  -1   8   0 0.00  0.0    M  8.9 30 250   M    M   0        35 290
14  81  50  66   9   0   1 0.00  0.0    0 10.6 30 270   M    M   1        39 280
15  80  42  61   4   4   0 0.00  0.0    0  8.6 23 230   M    M   1        29 230
================================================================================
SM 1109  637       102   4  0.02     0.0 154.7          M       23
================================================================================
AV 73.9 42.5                              10.3 FASTST   M    M   2    MAX(MPH)
                                 MISC ---->  # 37  60               # 46   60
================================================================================
NOTES:
# LAST OF SEVERAL OCCURRENCES

COLUMN 17 PEAK WIND IN M.P.H.

PRELIMINARY LOCAL CLIMATOLOGICAL DATA (WS FORM: F-6) , PAGE 2

                                          STATION:  ROCK SPRINGS WY
                                          MONTH:    SEPTEMBER
                                          YEAR:     2014
                                          LATITUDE:   41 35 N
                                          LONGITUDE: 109  4 W

[TEMPERATURE DATA]      [PRECIPITATION DATA]       SYMBOLS USED IN COLUMN 16

AVERAGE MONTHLY: 58.2   TOTAL FOR MONTH:   0.02    1 = FOG OR MIST
DPTR FM NORMAL:  -1.4   DPTR FM NORMAL:   -0.42    2 = FOG REDUCING VISIBILITY
HIGHEST:    84 ON  3    GRTST 24HR  0.04 ON 31- 1      TO 1/4 MILE OR LESS
LOWEST:     21 ON 12                               3 = THUNDER
                        SNOW, ICE PELLETS, HAIL    4 = ICE PELLETS
                        TOTAL MONTH:   0.0 INCH    5 = HAIL
                        GRTST 24HR     0.0         6 = FREEZING RAIN OR DRIZZLE
                        GRTST DEPTH:   0           7 = DUSTSTORM OR SANDSTORM:
                                                       VSBY 1/2 MILE OR LESS
                                                   8 = SMOKE OR HAZE
[NO. OF DAYS WITH]      [WEATHER - DAYS WITH]      9 = BLOWING SNOW
                                                   X = TORNADO
MAX 32 OR BELOW:   0    0.01 INCH OR MORE:   1
MAX 90 OR ABOVE:   0    0.10 INCH OR MORE:   0
MIN 32 OR BELOW:   2    0.50 INCH OR MORE:   0
MIN  0 OR BELOW:   0    1.00 INCH OR MORE:   0

[HDD (BASE 65) ]
TOTAL THIS MO.   102    CLEAR  (SCALE 0-3)  14
DPTR FM NORMAL    14    PTCLDY (SCALE 4-7)   1
TOTAL FM JUL 1   193    CLOUDY (SCALE 8-10)  0
DPTR FM NORMAL    41

[CDD (BASE 65) ]
TOTAL THIS MO.     4
DPTR FM NORMAL    -3    [PRESSURE DATA]
TOTAL FM JAN 1   303    HIGHEST SLP M ON M
DPTR FM NORMAL    19    LOWEST  SLP 29.76 ON  3

[REMARKS]
