456
CXUS56 KSGX 291445
CF6RNM
PRELIMINARY LOCAL CLIMATOLOGICAL DATA (WS FORM: F-6)

                                          STATION:   RAMONA AIRPORT CA
                                          MONTH:     APRIL
                                          YEAR:      2017
                                          LATITUDE:   33  2 N
                                          LONGITUDE: 116 55 W

  TEMPERATURE IN F:       :PCPN:    SNOW:  WIND      :SUNSHINE: SKY     :PK WND
================================================================================
1   2   3   4   5  6A  6B    7    8   9   10  11  12  13   14  15   16   17  18
                                     12Z  AVG MX 2MIN
DY MAX MIN AVG DEP HDD CDD  WTR  SNW DPTH SPD SPD DIR MIN PSBL S-S WX    SPD DR
================================================================================

 1  72  37  55   1  10   0 0.00  0.0    0  3.6 12 260   M    M   0        24 300
 2  77  40  59   5   6   0 0.00  0.0    0  4.4 15 280   M    M   0 12     18 270
 3  69  43  56   2   9   0 0.00  0.0    0  4.1 15 240   M    M   4 12     27 280
 4  76  45  61   7   4   0 0.00  0.0    0  4.2 14 270   M    M   3        16 280
 5  83  45  64  10   1   0 0.00  0.0    0  4.8 17 280   M    M   0 1      21 280
 6  80  42  61   7   4   0 0.00  0.0    0  3.8 14 240   M    M   0 12     17 240
 7  78  40  59   5   6   0 0.00  0.0    0  4.0 14 300   M    M   2 12     18 300
 8  69  40  55   0  10   0 0.00  0.0    0  5.8 17 270   M    M   6        22 270
 9  69  36  53  -2  12   0 0.00    M    0  4.7 14 300   M    M   1        21 280
10  77  37  57   2   8   0 0.00  0.0    0  4.4 14 270   M    M   0 1      19 270
11  77  39  58   3   7   0 0.00  0.0    0  3.8 17 290   M    M   0        22 280
12  76  40  58   3   7   0 0.00  0.0    0  4.4 16 270   M    M   1 1      21 270
13  72  48  60   5   5   0 0.00    M    0  6.9 21 280   M    M   8        33 330
14  69  39  54  -2  11   0 0.00  0.0    0  3.8 16 280   M    M   1 1      27 270
15  75  39  57   1   8   0 0.00  0.0    0  4.1 14 270   M    M   0        24  30
16  79  42  61   5   4   0 0.00  0.0    0  4.0 15 290   M    M   0        20 270
17  77  42  60   4   5   0 0.00  0.0    0  4.7 16 290   M    M   2 1      20 290
18  76  51  64   8   1   0 0.00  0.0    0  5.3 16 260   M    M   5 12     20 280
19  76  49  63   7   2   0    T    M    0  5.8 18 270   M    M   4        26  90
20  79  42  61   4   4   0 0.00  0.0    0  4.5 16 260   M    M   1        32 320
21  93  44  69  12   0   4 0.00  0.0    0  4.0 15 270   M    M   0        31 330
22  91  48  70  13   0   5 0.00  0.0    0  3.6 16 270   M    M   0        18 280
23  80  46  63   6   2   0 0.00  0.0    0  5.9 18 280   M    M   1 1      23 250
24  72  54  63   6   2   0 0.00  0.0    0  7.0 20 130   M    M   8 1      31 260
25  70  48  59   1   6   0 0.00  0.0    0  6.2 14 280   M    M   5        29 320
26  77  44  61   3   4   0 0.00  0.0    0  4.5 16 280   M    M   0        20 290
27  75  47  61   3   4   0 0.00  0.0    0  3.7 16 270   M    M   2 12     19 280
28  78  44  61   3   4   0 0.00  0.0    0  5.3 18 260   M    M   1 1      30 320
================================================================================
SM 2142 1211       146   9    T      0.0 131.3          M       55
================================================================================
AV 76.5 43.3                               4.7 FASTST   M    M   2    MAX(MPH)
                                 MISC ---->  # 21 280               # 33  330
================================================================================
NOTES:
# LAST OF SEVERAL OCCURRENCES

COLUMN 17 PEAK WIND IN M.P.H.

PRELIMINARY LOCAL CLIMATOLOGICAL DATA (WS FORM: F-6) , PAGE 2

                                          STATION:  RAMONA AIRPORT CA
                                          MONTH:    APRIL
                                          YEAR:     2017
                                          LATITUDE:   33  2 N
                                          LONGITUDE: 116 55 W

[TEMPERATURE DATA]      [PRECIPITATION DATA]       SYMBOLS USED IN COLUMN 16

AVERAGE MONTHLY: 59.9   TOTAL FOR MONTH:      T    1 = FOG OR MIST
DPTR FM NORMAL:   4.1   DPTR FM NORMAL:   -1.33    2 = FOG REDUCING VISIBILITY
HIGHEST:    93 ON 21    GRTST 24HR    T  ON 19-19      TO 1/4 MILE OR LESS
LOWEST:     36 ON  9                               3 = THUNDER
                        SNOW, ICE PELLETS, HAIL    4 = ICE PELLETS
                        TOTAL MONTH:   0.0 INCH    5 = HAIL
                        GRTST 24HR     0.0         6 = FREEZING RAIN OR DRIZZLE
                        GRTST DEPTH:   0           7 = DUSTSTORM OR SANDSTORM:
                                                       VSBY 1/2 MILE OR LESS
                                                   8 = SMOKE OR HAZE
[NO. OF DAYS WITH]      [WEATHER - DAYS WITH]      9 = BLOWING SNOW
                                                   X = TORNADO
MAX 32 OR BELOW:   0    0.01 INCH OR MORE:   0
MAX 90 OR ABOVE:   2    0.10 INCH OR MORE:   0
MIN 32 OR BELOW:   0    0.50 INCH OR MORE:   0
MIN  0 OR BELOW:   0    1.00 INCH OR MORE:   0

[HDD (BASE 65) ]
TOTAL THIS MO.   146    CLEAR  (SCALE 0-3)  21
DPTR FM NORMAL  -117    PTCLDY (SCALE 4-7)   7
TOTAL FM JUL 1  1808    CLOUDY (SCALE 8-10)  0
DPTR FM NORMAL  -571

[CDD (BASE 65) ]
TOTAL THIS MO.     9
DPTR FM NORMAL     9    [PRESSURE DATA]
TOTAL FM JAN 1    12    HIGHEST SLP M ON M
DPTR FM NORMAL    11    LOWEST  SLP 29.72 ON 28

[REMARKS]
