000
CXUS54 KFWD 220730
CF6RPH
PRELIMINARY LOCAL CLIMATOLOGICAL DATA (WS FORM: F-6)

                                          STATION:   GRAHAM
                                          MONTH:     APRIL
                                          YEAR:      2014
                                          LATITUDE:   33  6 N
                                          LONGITUDE:  98 30 W

  TEMPERATURE IN F:       :PCPN:    SNOW:  WIND      :SUNSHINE: SKY     :PK WND
================================================================================
1   2   3   4   5  6A  6B    7    8   9   10  11  12  13   14  15   16   17  18
                                     12Z  AVG MX 2MIN
DY MAX MIN AVG DEP HDD CDD  WTR  SNW DPTH SPD SPD DIR MIN PSBL S-S WX    SPD DR
================================================================================

 1  88  60  74  15   0   9 0.44  0.0    0  8.9 16 130   M    M   1        23 170
 2  82  67  75  16   0  10 0.00  0.0    0 11.9 16 140   M    M   2        24 150
 3  90  54  72  12   0   7 0.00  0.0    0 10.7 20 330   M    M   0 8      32 340
 4  68  39  54  -6  11   0 0.00  0.0    0  7.8 18 330   M    M   0        27 330
 5  64  46  55  -5  10   0 0.00  0.0    0  6.6 13 120   M    M   5        21 100
 6  54  45  50 -10  15   0 0.20  0.0    0  6.4 14  80   M    M  10        21  80
 7  68  49  59  -1   6   0 0.04  0.0    0  4.4 15 310   M    M   7         M  M
 8  74  47  61   0   4   0 0.00  0.0    0  9.9 21 320   M    M   0        30 310
 9  88  45  67   6   0   2 0.00  0.0    0  7.6 15 140   M    M   0        27 140
10  96  66  81  20   0  16 0.00  0.0    0 11.7 20 210   M    M   0        25 190
11  90  62  76  15   0  11 0.00  0.0    0  7.7 12 140   M    M   0        20 140
12  90  64  77  15   0  12 0.00  0.0    0 11.9 20 150   M    M   0        28 150
13  86  52  69   7   0   4 0.00  0.0    0 14.0 20 360   M    M   2        29 150
14  56  39  48 -14  17   0 0.00  0.0    0 19.2 27 330   M    M   6        37 330
15  67  25  46 -16  19   0 0.00  0.0    0  3.3  9 150   M    M   0         M  M
16  73  43  58  -4   7   0 0.00  0.0    0 11.8 18 130   M    M   0        29 170
17  67  51  59  -4   6   0 0.00  0.0    0  8.5 14 110   M    M   6 18     20 100
18  75  55  65   2   0   0 0.00  0.0    0  2.6  6 110   M    M   7 1       M  M
19  80  53  67   4   0   2 0.00  0.0    0  7.7 14 160   M    M   1        21 150
20  77  63  70   6   0   5 0.19  0.0    0  6.4 13 190   M    M   7 1      20 190
21  84  62  73   9   0   8 0.00  0.0    0  7.1 13 360   M    M   5 1      18 130
================================================================================
SM 1617 1087        95  86  0.87     0.0 186.1          M       59
================================================================================
AV 77.0 51.8                               8.9 FASTST   M    M   3    MAX(MPH)
                                 MISC ---->  # 27 330                 37    M
================================================================================
NOTES:
# LAST OF SEVERAL OCCURRENCES

COLUMN 17 PEAK WIND IN M.P.H.

PRELIMINARY LOCAL CLIMATOLOGICAL DATA (WS FORM: F-6) , PAGE 2

                                          STATION:  GRAHAM
                                          MONTH:    APRIL
                                          YEAR:     2014
                                          LATITUDE:   33  6 N
                                          LONGITUDE:  98 30 W

[TEMPERATURE DATA]      [PRECIPITATION DATA]       SYMBOLS USED IN COLUMN 16

AVERAGE MONTHLY: 64.4   TOTAL FOR MONTH:   0.87    1 = FOG OR MIST
DPTR FM NORMAL:   3.0   DPTR FM NORMAL:   -0.66    2 = FOG REDUCING VISIBILITY
HIGHEST:    96 ON 10    GRTST 24HR  0.44 ON  1- 1      TO 1/4 MILE OR LESS
LOWEST:     25 ON 15                               3 = THUNDER
                        SNOW, ICE PELLETS, HAIL    4 = ICE PELLETS
                        TOTAL MONTH:   0.0 INCH    5 = HAIL
                        GRTST 24HR     0.0         6 = FREEZING RAIN OR DRIZZLE
                        GRTST DEPTH:   0           7 = DUSTSTORM OR SANDSTORM:
                                                       VSBY 1/2 MILE OR LESS
                                                   8 = SMOKE OR HAZE
[NO. OF DAYS WITH]      [WEATHER - DAYS WITH]      9 = BLOWING SNOW
                                                   X = TORNADO
MAX 32 OR BELOW:   0    0.01 INCH OR MORE:   4
MAX 90 OR ABOVE:   4    0.10 INCH OR MORE:   3
MIN 32 OR BELOW:   1    0.50 INCH OR MORE:   0
MIN  0 OR BELOW:   0    1.00 INCH OR MORE:   0

[HDD (BASE 65) ]
TOTAL THIS MO.    95    CLEAR  (SCALE 0-3)  13
DPTR FM NORMAL   -21    PTCLDY (SCALE 4-7)   7
TOTAL FM JUL 1  3013    CLOUDY (SCALE 8-10)  1
DPTR FM NORMAL   159

[CDD (BASE 65) ]
TOTAL THIS MO.    86
DPTR FM NORMAL    45    [PRESSURE DATA]
TOTAL FM JAN 1   115    HIGHEST SLP M ON M
DPTR FM NORMAL    54    LOWEST  SLP M ON M

[REMARKS]
