000
CXUS53 KARX 230930
CF6RST
PRELIMINARY LOCAL CLIMATOLOGICAL DATA (WS FORM: F-6)

                                          STATION:   ROCHESTER MN
                                          MONTH:     MARCH
                                          YEAR:      2017
                                          LATITUDE:   43 55 N
                                          LONGITUDE:  92 30 W

  TEMPERATURE IN F:       :PCPN:    SNOW:  WIND      :SUNSHINE: SKY     :PK WND
================================================================================
1   2   3   4   5  6A  6B    7    8   9   10  11  12  13   14  15   16   17  18
                                     12Z  AVG MX 2MIN
DY MAX MIN AVG DEP HDD CDD  WTR  SNW DPTH SPD SPD DIR MIN PSBL S-S WX    SPD DR
================================================================================

 1  33  21  27   1  38   0 0.12  1.2    7 19.4 30 290   M    M   9 16     35 290
 2  25  13  19  -7  46   0    T    T    7 11.6 22 300   M    M   2        25 300
 3  27   6  17  -9  48   0 0.03  0.2    6 10.3 20 130   M    M   4 18     23 130
 4  37  23  30   3  35   0 0.00  0.0    6 20.9 30 140   M    M   1        35 130
 5  47  33  40  13  25   0 0.00  0.0    4 14.9 29 150   M    M   7        38 140
 6  63  42  53  25  12   0 0.92  0.0    1 19.1 30 170   M    M   7 13     38 180
 7  46  31  39  11  26   0    T    T    0 27.1 38 260   M    M   4        49 240
 8  36  28  32   3  33   0 0.00  0.0    0 25.3 45 290   M    M   2        55 290
 9  34  19  27  -2  38   0 0.00  0.0    0 11.8 22 340   M    M   7        28 330
10  20   8  14 -16  51   0 0.00  0.0    0 13.7 24 330   M    M   1        28 320
11  22  10  16 -14  49   0 0.00  0.0    0  9.3 16 350   M    M   8        21 340
12  24  11  18 -12  47   0 0.34  6.4    0  9.3 18 140   M    M   5 128    23 150
13  24  13  19 -12  46   0 0.03  0.6    6 13.7 21  30   M    M   8 1      26  30
14  24   1  13 -18  52   0 0.00  0.0    5  9.0 15  20   M    M   0        17  20
15  26   3  15 -17  50   0 0.00  0.0    3  7.9 14 240   M    M   0        16 240
16  35  14  25  -7  40   0    T  0.0    3 15.8 24 150   M    M   6        31 150
17  43  28  36   3  29   0    T  0.0    T 16.9 35 290   M    M   6 1      43 310
18  40  27  34   1  31   0 0.00  0.0    0 12.6 30 310   M    M   7        35 300
19  52  26  39   5  26   0 0.00  0.0    0 15.2 32 150   M    M   1        41 150
20  56  33  45  11  20   0 0.00  0.0    0 10.4 22  20   M    M   1        25  30
21  39  23  31  -4  34   0 0.00  0.0    0 13.6 23 360   M    M   0        29 340
22  37  18  28  -7  37   0 0.00  0.0    0 12.1 21 160   M    M   3        26 150
================================================================================
SM  790  431       813   0  1.44     8.4 319.9          M       89
================================================================================
AV 35.9 19.6                              14.5 FASTST   M    M   4    MAX(MPH)
                                 MISC ---->  # 45 290               # 55  290
================================================================================
NOTES:
# LAST OF SEVERAL OCCURRENCES

COLUMN 17 PEAK WIND IN M.P.H.

PRELIMINARY LOCAL CLIMATOLOGICAL DATA (WS FORM: F-6) , PAGE 2

                                          STATION:  ROCHESTER MN
                                          MONTH:    MARCH
                                          YEAR:     2017
                                          LATITUDE:   43 55 N
                                          LONGITUDE:  92 30 W

[TEMPERATURE DATA]      [PRECIPITATION DATA]       SYMBOLS USED IN COLUMN 16

AVERAGE MONTHLY: 27.8   TOTAL FOR MONTH:   1.44    1 = FOG OR MIST
DPTR FM NORMAL:  -2.5   DPTR FM NORMAL:    0.23    2 = FOG REDUCING VISIBILITY
HIGHEST:    63 ON  6    GRTST 24HR  0.92 ON  6- 6      TO 1/4 MILE OR LESS
LOWEST:      1 ON 14                               3 = THUNDER
                        SNOW, ICE PELLETS, HAIL    4 = ICE PELLETS
                        TOTAL MONTH:   8.4 INCHES  5 = HAIL
                        GRTST 24HR   6.4 ON 12-12  6 = FREEZING RAIN OR DRIZZLE
                        GRTST DEPTH:   7 ON  2, 1  7 = DUSTSTORM OR SANDSTORM:
                                                       VSBY 1/2 MILE OR LESS
                                                   8 = SMOKE OR HAZE
[NO. OF DAYS WITH]      [WEATHER - DAYS WITH]      9 = BLOWING SNOW
                                                   X = TORNADO
MAX 32 OR BELOW:   8    0.01 INCH OR MORE:   5
MAX 90 OR ABOVE:   0    0.10 INCH OR MORE:   3
MIN 32 OR BELOW:  19    0.50 INCH OR MORE:   1
MIN  0 OR BELOW:   0    1.00 INCH OR MORE:   0

[HDD (BASE 65) ]
TOTAL THIS MO.   813    CLEAR  (SCALE 0-3)  10
DPTR FM NORMAL    49    PTCLDY (SCALE 4-7)  10
TOTAL FM JUL 1  5857    CLOUDY (SCALE 8-10)  2
DPTR FM NORMAL  -768

[CDD (BASE 65) ]
TOTAL THIS MO.     0
DPTR FM NORMAL     0    [PRESSURE DATA]
TOTAL FM JAN 1     0    HIGHEST SLP M ON M
DPTR FM NORMAL     0    LOWEST  SLP 29.22 ON  6

[REMARKS]
